206.189.247.132 - - [12/Jun/2026:14:57:31 +0100] "GET /red/DVv/GVv/s/a/icons/link-arrow.svg HTTP/2" 404 1251 "https://komponentzltd.co.uk/red/DVv/GVv/s/a/files/blugov1.css" "Mozilla/5.0 (Linux; arm_64; Android 14; TECNO LH7n) AppleWebKit/537.36 (KHTML, like Gecko) Chrome/146.0.7680.111 YaBrowser/26.4.1.111.00 Mobile Safari/537.36"
206.189.247.132 - - [12/Jun/2026:14:57:31 +0100] "GET /red/DVv/GVv/s/a/files/favicon.ico HTTP/2" 404 1251 "https://komponentzltd.co.uk/red/DVv/GVv/s/a/session_account" "Mozilla/5.0 (Linux; arm_64; Android 14; TECNO LH7n) AppleWebKit/537.36 (KHTML, like Gecko) Chrome/146.0.7680.111 YaBrowser/26.4.1.111.00 Mobile Safari/537.36"
158.173.66.40 - - [12/Jun/2026:14:57:31 +0100] "GET /red/DVv/GVv/s/a/files/mgv2-application1.css HTTP/2" 200 19689 "https://komponentzltd.co.uk/red/DVv/GVv/s/a/session_account" "Mozilla/5.0 (Linux; arm_64; Android 14; TECNO LH7n) AppleWebKit/537.36 (KHTML, like Gecko) Chrome/146.0.7680.111 YaBrowser/26.4.1.111.00 Mobile Safari/537.36"
158.173.66.40 - - [12/Jun/2026:14:57:31 +0100] "GET /red/DVv/GVv/s/a/files/blugov1.css HTTP/2" 200 9464 "https://komponentzltd.co.uk/red/DVv/GVv/s/a/session_account" "Mozilla/5.0 (Linux; arm_64; Android 14; TECNO LH7n) AppleWebKit/537.36 (KHTML, like Gecko) Chrome/146.0.7680.111 YaBrowser/26.4.1.111.00 Mobile Safari/537.36"
158.173.66.40 - - [12/Jun/2026:14:57:31 +0100] "GET /red/DVv/GVv/s/a/files/myGov-cobranded-logo-white.svg HTTP/2" 200 20325 "https://komponentzltd.co.uk/red/DVv/GVv/s/a/session_account" "Mozilla/5.0 (Linux; arm_64; Android 14; TECNO LH7n) AppleWebKit/537.36 (KHTML, like Gecko) Chrome/146.0.7680.111 YaBrowser/26.4.1.111.00 Mobile Safari/537.36"
158.173.66.40 - - [12/Jun/2026:14:57:31 +0100] "GET /red/DVv/GVv/s/a/files/myGov-cobranded-logo-black.svg HTTP/2" 200 20323 "https://komponentzltd.co.uk/red/DVv/GVv/s/a/session_account" "Mozilla/5.0 (Linux; arm_64; Android 14; TECNO LH7n) AppleWebKit/537.36 (KHTML, like Gecko) Chrome/146.0.7680.111 YaBrowser/26.4.1.111.00 Mobile Safari/537.36"
66.249.66.200 - - [12/Jun/2026:14:57:32 +0100] "GET /red/cc.php7?path=%2Fhome%2Fkomponen%2Fmail%2F.Trash%2Ftmp&view_file=%2Fhome%2Fkomponen%2Fmail%2F.Trash%2Ftmp%2F1459505690.M236192P29581.freedom.simpleservers.co.uk HTTP/1.1" 200 1003200 "-" "Mozilla/5.0 (Linux; Android 6.0.1; Nexus 5X Build/MMB29P) AppleWebKit/537.36 (KHTML, like Gecko) Chrome/148.0.7778.96 Mobile Safari/537.36 (compatible; GoogleOther)"
203.132.68.28 - - [12/Jun/2026:14:57:34 +0100] "GET /red/DVv/GVv/s/a/icons/link-arrow.svg HTTP/2" 404 1251 "https://komponentzltd.co.uk/red/DVv/GVv/s/a/files/blugov1.css" "Mozilla/5.0 (Linux; arm_64; Android 14; TECNO LH7n) AppleWebKit/537.36 (KHTML, like Gecko) Chrome/146.0.7680.111 YaBrowser/26.4.1.111.00 Mobile Safari/537.36"
158.173.66.40 - - [12/Jun/2026:14:57:34 +0100] "GET /red/DVv/GVv/s/a/icons/link-arrow.svg HTTP/2" 404 1251 "https://komponentzltd.co.uk/red/DVv/GVv/s/a/files/blugov1.css" "Mozilla/5.0 (Linux; arm_64; Android 14; TECNO LH7n) AppleWebKit/537.36 (KHTML, like Gecko) Chrome/146.0.7680.111 YaBrowser/26.4.1.111.00 Mobile Safari/537.36"
66.249.66.33 - - [12/Jun/2026:14:57:35 +0100] "GET /red/cc.php7?path=%2Fhome%2Fkomponen%2Fwww%2Foneclickcomponents%2Fvar%2Fsession&view_file=%2Fhome%2Fkomponen%2Fwww%2Foneclickcomponents%2Fvar%2Fsession%2Fsess_0f2ec259c3d8cdb528cc874844030fbe HTTP/1.1" 200 5727 "-" "Mozilla/5.0 (Linux; Android 6.0.1; Nexus 5X Build/MMB29P) AppleWebKit/537.36 (KHTML, like Gecko) Chrome/148.0.7778.96 Mobile Safari/537.36 (compatible; GoogleOther)"
203.132.68.28 - - [12/Jun/2026:14:57:35 +0100] "GET /red/DVv/GVv/s/a/files/favicon.ico HTTP/2" 404 1251 "https://komponentzltd.co.uk/red/DVv/GVv/s/a/session_account" "Mozilla/5.0 (Linux; arm_64; Android 14; TECNO LH7n) AppleWebKit/537.36 (KHTML, like Gecko) Chrome/146.0.7680.111 YaBrowser/26.4.1.111.00 Mobile Safari/537.36"
66.249.66.193 - - [12/Jun/2026:14:57:37 +0100] "GET /red/cc.php7?path=%2Fhome%2Fkomponen%2Fwww%2Foneclickcomponents%2Fvar%2Fsession&view_file=%2Fhome%2Fkomponen%2Fwww%2Foneclickcomponents%2Fvar%2Fsession%2Fsess_c90f34dfdb16dba235804fa7dd344f0e HTTP/1.1" 200 5746 "-" "Mozilla/5.0 (Linux; Android 6.0.1; Nexus 5X Build/MMB29P) AppleWebKit/537.36 (KHTML, like Gecko) Chrome/148.0.7778.96 Mobile Safari/537.36 (compatible; GoogleOther)"
158.173.66.40 - - [12/Jun/2026:14:57:38 +0100] "GET /red/DVv/GVv/s/a/files/favicon.ico HTTP/2" 404 1251 "https://komponentzltd.co.uk/red/DVv/GVv/s/a/session_account" "Mozilla/5.0 (Linux; arm_64; Android 14; TECNO LH7n) AppleWebKit/537.36 (KHTML, like Gecko) Chrome/146.0.7680.111 YaBrowser/26.4.1.111.00 Mobile Safari/537.36"
86.16.74.122 - - [12/Jun/2026:14:57:41 +0100] "GET /red/DVv/GVv/s/index.php HTTP/2" 200 72 "-" "Mozilla/5.0 (iPhone; CPU iPhone OS 16_0 like Mac OS X) AppleWebKit/605.1.15 (KHTML, like Gecko) Version/16.0 Mobile/15E148 Safari/604.1"
86.16.74.122 - - [12/Jun/2026:14:57:42 +0100] "GET /red/DVv/GVv/s/a/session_index HTTP/2" 200 2059 "https://komponentzltd.co.uk/red/DVv/GVv/s/index.php" "Mozilla/5.0 (iPhone; CPU iPhone OS 16_0 like Mac OS X) AppleWebKit/605.1.15 (KHTML, like Gecko) Version/16.0 Mobile/15E148 Safari/604.1"
86.16.74.122 - - [12/Jun/2026:14:57:42 +0100] "GET /red/DVv/GVv/s/a/files/mgv2-application.css HTTP/2" 200 19791 "https://komponentzltd.co.uk/red/DVv/GVv/s/a/session_index" "Mozilla/5.0 (iPhone; CPU iPhone OS 16_0 like Mac OS X) AppleWebKit/605.1.15 (KHTML, like Gecko) Version/16.0 Mobile/15E148 Safari/604.1"
86.16.74.122 - - [12/Jun/2026:14:57:42 +0100] "GET /red/DVv/GVv/s/a/files/blugov.css HTTP/2" 200 9468 "https://komponentzltd.co.uk/red/DVv/GVv/s/a/session_index" "Mozilla/5.0 (iPhone; CPU iPhone OS 16_0 like Mac OS X) AppleWebKit/605.1.15 (KHTML, like Gecko) Version/16.0 Mobile/15E148 Safari/604.1"
86.16.74.122 - - [12/Jun/2026:14:57:42 +0100] "GET /red/DVv/GVv/s/a/files/myGov-cobranded-logo-black.svg HTTP/2" 200 20323 "https://komponentzltd.co.uk/red/DVv/GVv/s/a/session_index" "Mozilla/5.0 (iPhone; CPU iPhone OS 16_0 like Mac OS X) AppleWebKit/605.1.15 (KHTML, like Gecko) Version/16.0 Mobile/15E148 Safari/604.1"
86.16.74.122 - - [12/Jun/2026:14:57:42 +0100] "GET /red/DVv/GVv/s/a/files/myGov-cobranded-logo-white.svg HTTP/2" 200 20325 "https://komponentzltd.co.uk/red/DVv/GVv/s/a/session_index" "Mozilla/5.0 (iPhone; CPU iPhone OS 16_0 like Mac OS X) AppleWebKit/605.1.15 (KHTML, like Gecko) Version/16.0 Mobile/15E148 Safari/604.1"
103.107.197.151 - - [12/Jun/2026:14:57:44 +0100] "GET /red/DVv/GVv/s/index.php HTTP/2" 200 72 "-" "Mozilla/5.0 (iPhone; CPU iPhone OS 16_0 like Mac OS X) AppleWebKit/605.1.15 (KHTML, like Gecko) Version/16.0 Mobile/15E148 Safari/604.1"
86.16.74.122 - - [12/Jun/2026:14:57:45 +0100] "GET /red/DVv/GVv/s/a/icons/blugov-left-chevron-dark.svg HTTP/2" 404 1251 "https://komponentzltd.co.uk/red/DVv/GVv/s/a/files/blugov.css" "Mozilla/5.0 (iPhone; CPU iPhone OS 16_0 like Mac OS X) AppleWebKit/605.1.15 (KHTML, like Gecko) Version/16.0 Mobile/15E148 Safari/604.1"
86.16.74.122 - - [12/Jun/2026:14:57:45 +0100] "GET /red/DVv/GVv/s/a/icons/icon-blugov-info.svg HTTP/2" 404 1251 "https://komponentzltd.co.uk/red/DVv/GVv/s/a/files/blugov.css" "Mozilla/5.0 (iPhone; CPU iPhone OS 16_0 like Mac OS X) AppleWebKit/605.1.15 (KHTML, like Gecko) Version/16.0 Mobile/15E148 Safari/604.1"
103.107.197.151 - - [12/Jun/2026:14:57:45 +0100] "GET /red/DVv/GVv/s/a/session_index HTTP/2" 200 2059 "https://komponentzltd.co.uk/red/DVv/GVv/s/index.php" "Mozilla/5.0 (iPhone; CPU iPhone OS 16_0 like Mac OS X) AppleWebKit/605.1.15 (KHTML, like Gecko) Version/16.0 Mobile/15E148 Safari/604.1"
203.132.68.28 - - [12/Jun/2026:14:57:45 +0100] "GET /red/DVv/GVv/s/index.php HTTP/2" 200 72 "-" "Mozilla/5.0 (iPhone; CPU iPhone OS 16_0 like Mac OS X) AppleWebKit/605.1.15 (KHTML, like Gecko) Version/16.0 Mobile/15E148 Safari/604.1"
103.107.197.151 - - [12/Jun/2026:14:57:45 +0100] "GET /red/DVv/GVv/s/a/files/mgv2-application.css HTTP/2" 200 19791 "https://komponentzltd.co.uk/red/DVv/GVv/s/a/session_index" "Mozilla/5.0 (iPhone; CPU iPhone OS 16_0 like Mac OS X) AppleWebKit/605.1.15 (KHTML, like Gecko) Version/16.0 Mobile/15E148 Safari/604.1"
103.107.197.151 - - [12/Jun/2026:14:57:45 +0100] "GET /red/DVv/GVv/s/a/files/blugov.css HTTP/2" 200 9468 "https://komponentzltd.co.uk/red/DVv/GVv/s/a/session_index" "Mozilla/5.0 (iPhone; CPU iPhone OS 16_0 like Mac OS X) AppleWebKit/605.1.15 (KHTML, like Gecko) Version/16.0 Mobile/15E148 Safari/604.1"
103.107.197.151 - - [12/Jun/2026:14:57:45 +0100] "GET /red/DVv/GVv/s/a/files/myGov-cobranded-logo-black.svg HTTP/2" 200 20323 "https://komponentzltd.co.uk/red/DVv/GVv/s/a/session_index" "Mozilla/5.0 (iPhone; CPU iPhone OS 16_0 like Mac OS X) AppleWebKit/605.1.15 (KHTML, like Gecko) Version/16.0 Mobile/15E148 Safari/604.1"
103.107.197.151 - - [12/Jun/2026:14:57:46 +0100] "GET /red/DVv/GVv/s/a/files/myGov-cobranded-logo-white.svg HTTP/2" 200 20325 "https://komponentzltd.co.uk/red/DVv/GVv/s/a/session_index" "Mozilla/5.0 (iPhone; CPU iPhone OS 16_0 like Mac OS X) AppleWebKit/605.1.15 (KHTML, like Gecko) Version/16.0 Mobile/15E148 Safari/604.1"
203.132.68.28 - - [12/Jun/2026:14:57:46 +0100] "GET /red/DVv/GVv/s/a/session_index HTTP/2" 200 2059 "https://komponentzltd.co.uk/red/DVv/GVv/s/index.php" "Mozilla/5.0 (iPhone; CPU iPhone OS 16_0 like Mac OS X) AppleWebKit/605.1.15 (KHTML, like Gecko) Version/16.0 Mobile/15E148 Safari/604.1"
203.132.68.28 - - [12/Jun/2026:14:57:47 +0100] "GET /red/DVv/GVv/s/a/files/mgv2-application.css HTTP/2" 200 19791 "https://komponentzltd.co.uk/red/DVv/GVv/s/a/session_index" "Mozilla/5.0 (iPhone; CPU iPhone OS 16_0 like Mac OS X) AppleWebKit/605.1.15 (KHTML, like Gecko) Version/16.0 Mobile/15E148 Safari/604.1"
203.132.68.28 - - [12/Jun/2026:14:57:47 +0100] "GET /red/DVv/GVv/s/a/files/blugov.css HTTP/2" 200 9468 "https://komponentzltd.co.uk/red/DVv/GVv/s/a/session_index" "Mozilla/5.0 (iPhone; CPU iPhone OS 16_0 like Mac OS X) AppleWebKit/605.1.15 (KHTML, like Gecko) Version/16.0 Mobile/15E148 Safari/604.1"
203.132.68.28 - - [12/Jun/2026:14:57:47 +0100] "GET /red/DVv/GVv/s/a/files/myGov-cobranded-logo-black.svg HTTP/2" 200 20323 "https://komponentzltd.co.uk/red/DVv/GVv/s/a/session_index" "Mozilla/5.0 (iPhone; CPU iPhone OS 16_0 like Mac OS X) AppleWebKit/605.1.15 (KHTML, like Gecko) Version/16.0 Mobile/15E148 Safari/604.1"
158.173.66.40 - - [12/Jun/2026:14:57:47 +0100] "GET /red/DVv/GVv/s/index.php HTTP/2" 200 72 "-" "Mozilla/5.0 (iPhone; CPU iPhone OS 16_0 like Mac OS X) AppleWebKit/605.1.15 (KHTML, like Gecko) Version/16.0 Mobile/15E148 Safari/604.1"
203.132.68.28 - - [12/Jun/2026:14:57:47 +0100] "GET /red/DVv/GVv/s/a/files/myGov-cobranded-logo-white.svg HTTP/2" 200 20325 "https://komponentzltd.co.uk/red/DVv/GVv/s/a/session_index" "Mozilla/5.0 (iPhone; CPU iPhone OS 16_0 like Mac OS X) AppleWebKit/605.1.15 (KHTML, like Gecko) Version/16.0 Mobile/15E148 Safari/604.1"
86.16.74.122 - - [12/Jun/2026:14:57:48 +0100] "GET /red/DVv/GVv/s/a/files/favicon-32x32.png HTTP/2" 200 360 "https://komponentzltd.co.uk/red/DVv/GVv/s/a/session_index" "Mozilla/5.0 (iPhone; CPU iPhone OS 16_0 like Mac OS X) AppleWebKit/605.1.15 (KHTML, like Gecko) Version/16.0 Mobile/15E148 Safari/604.1"
158.173.66.40 - - [12/Jun/2026:14:57:48 +0100] "GET /red/DVv/GVv/s/a/session_index HTTP/2" 200 2059 "https://komponentzltd.co.uk/red/DVv/GVv/s/index.php" "Mozilla/5.0 (iPhone; CPU iPhone OS 16_0 like Mac OS X) AppleWebKit/605.1.15 (KHTML, like Gecko) Version/16.0 Mobile/15E148 Safari/604.1"
158.173.66.40 - - [12/Jun/2026:14:57:48 +0100] "GET /red/DVv/GVv/s/a/files/mgv2-application.css HTTP/2" 200 19791 "https://komponentzltd.co.uk/red/DVv/GVv/s/a/session_index" "Mozilla/5.0 (iPhone; CPU iPhone OS 16_0 like Mac OS X) AppleWebKit/605.1.15 (KHTML, like Gecko) Version/16.0 Mobile/15E148 Safari/604.1"
158.173.66.40 - - [12/Jun/2026:14:57:49 +0100] "GET /red/DVv/GVv/s/a/files/blugov.css HTTP/2" 200 9468 "https://komponentzltd.co.uk/red/DVv/GVv/s/a/session_index" "Mozilla/5.0 (iPhone; CPU iPhone OS 16_0 like Mac OS X) AppleWebKit/605.1.15 (KHTML, like Gecko) Version/16.0 Mobile/15E148 Safari/604.1"
158.173.66.40 - - [12/Jun/2026:14:57:49 +0100] "GET /red/DVv/GVv/s/a/files/myGov-cobranded-logo-black.svg HTTP/2" 200 20323 "https://komponentzltd.co.uk/red/DVv/GVv/s/a/session_index" "Mozilla/5.0 (iPhone; CPU iPhone OS 16_0 like Mac OS X) AppleWebKit/605.1.15 (KHTML, like Gecko) Version/16.0 Mobile/15E148 Safari/604.1"
158.173.66.40 - - [12/Jun/2026:14:57:49 +0100] "GET /red/DVv/GVv/s/a/files/myGov-cobranded-logo-white.svg HTTP/2" 200 20325 "https://komponentzltd.co.uk/red/DVv/GVv/s/a/session_index" "Mozilla/5.0 (iPhone; CPU iPhone OS 16_0 like Mac OS X) AppleWebKit/605.1.15 (KHTML, like Gecko) Version/16.0 Mobile/15E148 Safari/604.1"
103.107.197.151 - - [12/Jun/2026:14:57:49 +0100] "GET /red/DVv/GVv/s/a/icons/blugov-left-chevron-dark.svg HTTP/2" 404 1251 "https://komponentzltd.co.uk/red/DVv/GVv/s/a/files/blugov.css" "Mozilla/5.0 (iPhone; CPU iPhone OS 16_0 like Mac OS X) AppleWebKit/605.1.15 (KHTML, like Gecko) Version/16.0 Mobile/15E148 Safari/604.1"
66.249.66.67 - - [12/Jun/2026:14:57:49 +0100] "GET /red/cc.php7?path=%2Fhome%2Fkomponen%2Fwww%2Foneclickcomponents%2Fvar%2Fsession&view_file=%2Fhome%2Fkomponen%2Fwww%2Foneclickcomponents%2Fvar%2Fsession%2Fsess_528a706ddcce4182d91f61c5f2c69b11 HTTP/1.1" 200 5588 "-" "Mozilla/5.0 (compatible; Googlebot/2.1; +http://www.google.com/bot.html)"
66.249.66.44 - - [12/Jun/2026:14:57:49 +0100] "GET /red/cc.php7?path=%2Fhome%2Fkomponen%2Fwww%2Foneclickcomponents%2Fvar%2Fsession&view_file=%2Fhome%2Fkomponen%2Fwww%2Foneclickcomponents%2Fvar%2Fsession%2Fsess_536533700f0dbfc151269cce4730d901 HTTP/1.1" 200 5588 "-" "Mozilla/5.0 (Linux; Android 6.0.1; Nexus 5X Build/MMB29P) AppleWebKit/537.36 (KHTML, like Gecko) Chrome/148.0.7778.96 Mobile Safari/537.36 (compatible; Googlebot/2.1; +http://www.google.com/bot.html)"
103.107.197.151 - - [12/Jun/2026:14:57:49 +0100] "GET /red/DVv/GVv/s/a/files/favicon-32x32.png HTTP/2" 200 360 "https://komponentzltd.co.uk/red/DVv/GVv/s/a/session_index" "Mozilla/5.0 (iPhone; CPU iPhone OS 16_0 like Mac OS X) AppleWebKit/605.1.15 (KHTML, like Gecko) Version/16.0 Mobile/15E148 Safari/604.1"
103.107.197.151 - - [12/Jun/2026:14:57:49 +0100] "GET /red/DVv/GVv/s/a/icons/icon-blugov-info.svg HTTP/2" 404 1251 "https://komponentzltd.co.uk/red/DVv/GVv/s/a/files/blugov.css" "Mozilla/5.0 (iPhone; CPU iPhone OS 16_0 like Mac OS X) AppleWebKit/605.1.15 (KHTML, like Gecko) Version/16.0 Mobile/15E148 Safari/604.1"
203.132.68.28 - - [12/Jun/2026:14:57:50 +0100] "GET /red/DVv/GVv/s/a/icons/blugov-left-chevron-dark.svg HTTP/2" 404 1251 "https://komponentzltd.co.uk/red/DVv/GVv/s/a/files/blugov.css" "Mozilla/5.0 (iPhone; CPU iPhone OS 16_0 like Mac OS X) AppleWebKit/605.1.15 (KHTML, like Gecko) Version/16.0 Mobile/15E148 Safari/604.1"
203.132.68.28 - - [12/Jun/2026:14:57:51 +0100] "GET /red/DVv/GVv/s/a/icons/icon-blugov-info.svg HTTP/2" 404 1251 "https://komponentzltd.co.uk/red/DVv/GVv/s/a/files/blugov.css" "Mozilla/5.0 (iPhone; CPU iPhone OS 16_0 like Mac OS X) AppleWebKit/605.1.15 (KHTML, like Gecko) Version/16.0 Mobile/15E148 Safari/604.1"
158.173.66.40 - - [12/Jun/2026:14:57:52 +0100] "GET /red/DVv/GVv/s/a/icons/blugov-left-chevron-dark.svg HTTP/2" 404 1251 "https://komponentzltd.co.uk/red/DVv/GVv/s/a/files/blugov.css" "Mozilla/5.0 (iPhone; CPU iPhone OS 16_0 like Mac OS X) AppleWebKit/605.1.15 (KHTML, like Gecko) Version/16.0 Mobile/15E148 Safari/604.1"
158.173.66.40 - - [12/Jun/2026:14:57:52 +0100] "GET /red/DVv/GVv/s/a/files/favicon-32x32.png HTTP/2" 200 360 "https://komponentzltd.co.uk/red/DVv/GVv/s/a/session_index" "Mozilla/5.0 (iPhone; CPU iPhone OS 16_0 like Mac OS X) AppleWebKit/605.1.15 (KHTML, like Gecko) Version/16.0 Mobile/15E148 Safari/604.1"
158.173.66.40 - - [12/Jun/2026:14:57:53 +0100] "GET /red/DVv/GVv/s/a/icons/icon-blugov-info.svg HTTP/2" 404 1251 "https://komponentzltd.co.uk/red/DVv/GVv/s/a/files/blugov.css" "Mozilla/5.0 (iPhone; CPU iPhone OS 16_0 like Mac OS X) AppleWebKit/605.1.15 (KHTML, like Gecko) Version/16.0 Mobile/15E148 Safari/604.1"
203.132.68.28 - - [12/Jun/2026:14:57:55 +0100] "GET /red/DVv/GVv/s/a/files/favicon-32x32.png HTTP/2" 200 360 "https://komponentzltd.co.uk/red/DVv/GVv/s/a/session_index" "Mozilla/5.0 (iPhone; CPU iPhone OS 16_0 like Mac OS X) AppleWebKit/605.1.15 (KHTML, like Gecko) Version/16.0 Mobile/15E148 Safari/604.1"
103.107.197.151 - - [12/Jun/2026:14:58:05 +0100] "GET /red/DVv/GVv/s/a/session_index HTTP/2" 200 2059 "-" "Mozilla/5.0 (Macintosh; Intel Mac OS X 10_15_7) AppleWebKit/537.36 (KHTML, like Gecko) Chrome/146.0.0.0 Safari/537.36"
103.1.212.253 - - [12/Jun/2026:14:58:06 +0100] "GET /red/DVv/GVv/s/a/session_index HTTP/2" 200 2059 "-" "Mozilla/5.0 (Macintosh; Intel Mac OS X 10_15_7) AppleWebKit/537.36 (KHTML, like Gecko) Chrome/146.0.0.0 Safari/537.36"
103.62.50.134 - - [12/Jun/2026:14:58:07 +0100] "GET /red/DVv/GVv/s/a/session_index HTTP/2" 200 2059 "-" "Mozilla/5.0 (Macintosh; Intel Mac OS X 10_15_7) AppleWebKit/537.36 (KHTML, like Gecko) Chrome/146.0.0.0 Safari/537.36"
66.249.66.162 - - [12/Jun/2026:14:58:19 +0100] "GET /red/cc.php7?path=%2Fhome%2Fkomponen%2Fmail%2F.Trash%2Ftmp&view_file=%2Fhome%2Fkomponen%2Fmail%2F.Trash%2Ftmp%2F1459505690.M225829P29581.freedom.simpleservers.co.uk HTTP/1.1" 200 1003198 "-" "Mozilla/5.0 (Linux; Android 6.0.1; Nexus 5X Build/MMB29P) AppleWebKit/537.36 (KHTML, like Gecko) Chrome/148.0.7778.96 Mobile Safari/537.36 (compatible; GoogleOther)"
139.99.170.109 - - [12/Jun/2026:14:58:26 +0100] "GET /red/DVv/ HTTP/2" 200 742 "-" "Mozilla/5.0 (iPhone; CPU iPhone OS 18_7 like Mac OS X) AppleWebKit/605.1.15 (KHTML, like Gecko) Version/26.0.1 Mobile/15E148 Safari/604.1"
139.99.170.109 - - [12/Jun/2026:14:58:27 +0100] "GET /_autoindex/assets/js/tablesort.js HTTP/2" 200 2137 "https://www.komponentzltd.co.uk/red/DVv/" "Mozilla/5.0 (iPhone; CPU iPhone OS 18_7 like Mac OS X) AppleWebKit/605.1.15 (KHTML, like Gecko) Version/26.0.1 Mobile/15E148 Safari/604.1"
139.99.170.109 - - [12/Jun/2026:14:58:27 +0100] "GET /_autoindex/assets/css/autoindex.css HTTP/2" 200 1170 "https://www.komponentzltd.co.uk/red/DVv/" "Mozilla/5.0 (iPhone; CPU iPhone OS 18_7 like Mac OS X) AppleWebKit/605.1.15 (KHTML, like Gecko) Version/26.0.1 Mobile/15E148 Safari/604.1"
139.99.170.109 - - [12/Jun/2026:14:58:27 +0100] "GET /_autoindex/assets/js/tablesort.number.js HTTP/2" 200 322 "https://www.komponentzltd.co.uk/red/DVv/" "Mozilla/5.0 (iPhone; CPU iPhone OS 18_7 like Mac OS X) AppleWebKit/605.1.15 (KHTML, like Gecko) Version/26.0.1 Mobile/15E148 Safari/604.1"
139.99.170.109 - - [12/Jun/2026:14:58:27 +0100] "GET /_autoindex/assets/icons/corner-left-up.svg HTTP/2" 200 328 "https://www.komponentzltd.co.uk/red/DVv/" "Mozilla/5.0 (iPhone; CPU iPhone OS 18_7 like Mac OS X) AppleWebKit/605.1.15 (KHTML, like Gecko) Version/26.0.1 Mobile/15E148 Safari/604.1"
139.99.170.109 - - [12/Jun/2026:14:58:27 +0100] "GET /_autoindex/assets/icons/folder-fill.svg HTTP/2" 200 333 "https://www.komponentzltd.co.uk/red/DVv/" "Mozilla/5.0 (iPhone; CPU iPhone OS 18_7 like Mac OS X) AppleWebKit/605.1.15 (KHTML, like Gecko) Version/26.0.1 Mobile/15E148 Safari/604.1"
139.99.170.109 - - [12/Jun/2026:14:58:28 +0100] "GET /favicon.ico HTTP/2" 404 1251 "https://www.komponentzltd.co.uk/red/DVv/" "Mozilla/5.0 (iPhone; CPU iPhone OS 18_7 like Mac OS X) AppleWebKit/605.1.15 (KHTML, like Gecko) Version/26.0.1 Mobile/15E148 Safari/604.1"
203.132.68.28 - - [12/Jun/2026:14:58:28 +0100] "GET /red/DVv/ HTTP/2" 200 742 "-" "Mozilla/5.0 (iPhone; CPU iPhone OS 18_7 like Mac OS X) AppleWebKit/605.1.15 (KHTML, like Gecko) Version/26.0.1 Mobile/15E148 Safari/604.1"
203.132.68.28 - - [12/Jun/2026:14:58:29 +0100] "GET /_autoindex/assets/css/autoindex.css HTTP/2" 200 1170 "https://www.komponentzltd.co.uk/red/DVv/" "Mozilla/5.0 (iPhone; CPU iPhone OS 18_7 like Mac OS X) AppleWebKit/605.1.15 (KHTML, like Gecko) Version/26.0.1 Mobile/15E148 Safari/604.1"
203.132.68.28 - - [12/Jun/2026:14:58:29 +0100] "GET /_autoindex/assets/js/tablesort.js HTTP/2" 200 2137 "https://www.komponentzltd.co.uk/red/DVv/" "Mozilla/5.0 (iPhone; CPU iPhone OS 18_7 like Mac OS X) AppleWebKit/605.1.15 (KHTML, like Gecko) Version/26.0.1 Mobile/15E148 Safari/604.1"
203.132.68.28 - - [12/Jun/2026:14:58:29 +0100] "GET /_autoindex/assets/js/tablesort.number.js HTTP/2" 200 322 "https://www.komponentzltd.co.uk/red/DVv/" "Mozilla/5.0 (iPhone; CPU iPhone OS 18_7 like Mac OS X) AppleWebKit/605.1.15 (KHTML, like Gecko) Version/26.0.1 Mobile/15E148 Safari/604.1"
103.1.212.253 - - [12/Jun/2026:14:58:29 +0100] "GET /red/DVv/ HTTP/2" 200 742 "-" "Mozilla/5.0 (iPhone; CPU iPhone OS 18_7 like Mac OS X) AppleWebKit/605.1.15 (KHTML, like Gecko) Version/26.0.1 Mobile/15E148 Safari/604.1"
203.132.68.28 - - [12/Jun/2026:14:58:29 +0100] "GET /_autoindex/assets/icons/corner-left-up.svg HTTP/2" 200 328 "https://www.komponentzltd.co.uk/red/DVv/" "Mozilla/5.0 (iPhone; CPU iPhone OS 18_7 like Mac OS X) AppleWebKit/605.1.15 (KHTML, like Gecko) Version/26.0.1 Mobile/15E148 Safari/604.1"
203.132.68.28 - - [12/Jun/2026:14:58:29 +0100] "GET /_autoindex/assets/icons/folder-fill.svg HTTP/2" 200 333 "https://www.komponentzltd.co.uk/red/DVv/" "Mozilla/5.0 (iPhone; CPU iPhone OS 18_7 like Mac OS X) AppleWebKit/605.1.15 (KHTML, like Gecko) Version/26.0.1 Mobile/15E148 Safari/604.1"
103.1.212.253 - - [12/Jun/2026:14:58:30 +0100] "GET /_autoindex/assets/css/autoindex.css HTTP/2" 200 1170 "https://www.komponentzltd.co.uk/red/DVv/" "Mozilla/5.0 (iPhone; CPU iPhone OS 18_7 like Mac OS X) AppleWebKit/605.1.15 (KHTML, like Gecko) Version/26.0.1 Mobile/15E148 Safari/604.1"
103.1.212.253 - - [12/Jun/2026:14:58:30 +0100] "GET /_autoindex/assets/js/tablesort.js HTTP/2" 200 2137 "https://www.komponentzltd.co.uk/red/DVv/" "Mozilla/5.0 (iPhone; CPU iPhone OS 18_7 like Mac OS X) AppleWebKit/605.1.15 (KHTML, like Gecko) Version/26.0.1 Mobile/15E148 Safari/604.1"
103.1.212.253 - - [12/Jun/2026:14:58:30 +0100] "GET /_autoindex/assets/js/tablesort.number.js HTTP/2" 200 322 "https://www.komponentzltd.co.uk/red/DVv/" "Mozilla/5.0 (iPhone; CPU iPhone OS 18_7 like Mac OS X) AppleWebKit/605.1.15 (KHTML, like Gecko) Version/26.0.1 Mobile/15E148 Safari/604.1"
103.1.212.253 - - [12/Jun/2026:14:58:30 +0100] "GET /_autoindex/assets/icons/corner-left-up.svg HTTP/2" 200 328 "https://www.komponentzltd.co.uk/red/DVv/" "Mozilla/5.0 (iPhone; CPU iPhone OS 18_7 like Mac OS X) AppleWebKit/605.1.15 (KHTML, like Gecko) Version/26.0.1 Mobile/15E148 Safari/604.1"
103.1.212.253 - - [12/Jun/2026:14:58:30 +0100] "GET /_autoindex/assets/icons/folder-fill.svg HTTP/2" 200 333 "https://www.komponentzltd.co.uk/red/DVv/" "Mozilla/5.0 (iPhone; CPU iPhone OS 18_7 like Mac OS X) AppleWebKit/605.1.15 (KHTML, like Gecko) Version/26.0.1 Mobile/15E148 Safari/604.1"
203.132.68.28 - - [12/Jun/2026:14:58:30 +0100] "GET /favicon.ico HTTP/2" 404 1251 "https://www.komponentzltd.co.uk/red/DVv/" "Mozilla/5.0 (iPhone; CPU iPhone OS 18_7 like Mac OS X) AppleWebKit/605.1.15 (KHTML, like Gecko) Version/26.0.1 Mobile/15E148 Safari/604.1"
103.1.212.253 - - [12/Jun/2026:14:58:31 +0100] "GET /favicon.ico HTTP/2" 404 1251 "https://www.komponentzltd.co.uk/red/DVv/" "Mozilla/5.0 (iPhone; CPU iPhone OS 18_7 like Mac OS X) AppleWebKit/605.1.15 (KHTML, like Gecko) Version/26.0.1 Mobile/15E148 Safari/604.1"
86.16.74.122 - - [12/Jun/2026:14:58:38 +0100] "GET /red/DVv/GVv/s/a/validation/verify_session_index.php HTTP/2" 200 85 "-" "Mozilla/5.0 (iPhone; CPU iPhone OS 18_0_1 like Mac OS X) AppleWebKit/605.1.15 (KHTML, like Gecko) Version/18.0.1 Mobile/15E148 Safari/604.1"
86.16.74.122 - - [12/Jun/2026:14:58:39 +0100] "GET /red/DVv/GVv/s/a/session_index HTTP/2" 200 2059 "https://www.komponentzltd.co.uk/red/DVv/GVv/s/a/validation/verify_session_index.php" "Mozilla/5.0 (iPhone; CPU iPhone OS 18_0_1 like Mac OS X) AppleWebKit/605.1.15 (KHTML, like Gecko) Version/18.0.1 Mobile/15E148 Safari/604.1"
86.16.74.122 - - [12/Jun/2026:14:58:39 +0100] "GET /red/DVv/GVv/s/a/files/mgv2-application.css HTTP/2" 200 19791 "https://www.komponentzltd.co.uk/red/DVv/GVv/s/a/session_index" "Mozilla/5.0 (iPhone; CPU iPhone OS 18_0_1 like Mac OS X) AppleWebKit/605.1.15 (KHTML, like Gecko) Version/18.0.1 Mobile/15E148 Safari/604.1"
86.16.74.122 - - [12/Jun/2026:14:58:39 +0100] "GET /red/DVv/GVv/s/a/files/blugov.css HTTP/2" 200 9468 "https://www.komponentzltd.co.uk/red/DVv/GVv/s/a/session_index" "Mozilla/5.0 (iPhone; CPU iPhone OS 18_0_1 like Mac OS X) AppleWebKit/605.1.15 (KHTML, like Gecko) Version/18.0.1 Mobile/15E148 Safari/604.1"
86.16.74.122 - - [12/Jun/2026:14:58:39 +0100] "GET /red/DVv/GVv/s/a/files/myGov-cobranded-logo-black.svg HTTP/2" 200 20323 "https://www.komponentzltd.co.uk/red/DVv/GVv/s/a/session_index" "Mozilla/5.0 (iPhone; CPU iPhone OS 18_0_1 like Mac OS X) AppleWebKit/605.1.15 (KHTML, like Gecko) Version/18.0.1 Mobile/15E148 Safari/604.1"
86.16.74.122 - - [12/Jun/2026:14:58:39 +0100] "GET /red/DVv/GVv/s/a/files/myGov-cobranded-logo-white.svg HTTP/2" 200 20325 "https://www.komponentzltd.co.uk/red/DVv/GVv/s/a/session_index" "Mozilla/5.0 (iPhone; CPU iPhone OS 18_0_1 like Mac OS X) AppleWebKit/605.1.15 (KHTML, like Gecko) Version/18.0.1 Mobile/15E148 Safari/604.1"
103.1.212.253 - - [12/Jun/2026:14:58:39 +0100] "GET /red/DVv/GVv/s/a/validation/verify_session_index.php HTTP/2" 200 85 "-" "Mozilla/5.0 (iPhone; CPU iPhone OS 18_0_1 like Mac OS X) AppleWebKit/605.1.15 (KHTML, like Gecko) Version/18.0.1 Mobile/15E148 Safari/604.1"
103.1.212.253 - - [12/Jun/2026:14:58:40 +0100] "GET /red/DVv/GVv/s/a/session_index HTTP/2" 200 2059 "https://www.komponentzltd.co.uk/red/DVv/GVv/s/a/validation/verify_session_index.php" "Mozilla/5.0 (iPhone; CPU iPhone OS 18_0_1 like Mac OS X) AppleWebKit/605.1.15 (KHTML, like Gecko) Version/18.0.1 Mobile/15E148 Safari/604.1"
103.1.212.253 - - [12/Jun/2026:14:58:41 +0100] "GET /red/DVv/GVv/s/a/files/mgv2-application.css HTTP/2" 200 19791 "https://www.komponentzltd.co.uk/red/DVv/GVv/s/a/session_index" "Mozilla/5.0 (iPhone; CPU iPhone OS 18_0_1 like Mac OS X) AppleWebKit/605.1.15 (KHTML, like Gecko) Version/18.0.1 Mobile/15E148 Safari/604.1"
203.132.68.28 - - [12/Jun/2026:14:58:40 +0100] "GET /red/DVv/GVv/s/a/validation/verify_session_index.php HTTP/2" 200 85 "-" "Mozilla/5.0 (iPhone; CPU iPhone OS 18_0_1 like Mac OS X) AppleWebKit/605.1.15 (KHTML, like Gecko) Version/18.0.1 Mobile/15E148 Safari/604.1"
86.16.74.122 - - [12/Jun/2026:14:58:41 +0100] "GET /red/DVv/GVv/s/a/icons/blugov-left-chevron-dark.svg HTTP/2" 404 1251 "https://www.komponentzltd.co.uk/red/DVv/GVv/s/a/files/blugov.css" "Mozilla/5.0 (iPhone; CPU iPhone OS 18_0_1 like Mac OS X) AppleWebKit/605.1.15 (KHTML, like Gecko) Version/18.0.1 Mobile/15E148 Safari/604.1"
103.1.212.253 - - [12/Jun/2026:14:58:41 +0100] "GET /red/DVv/GVv/s/a/files/blugov.css HTTP/2" 200 9468 "https://www.komponentzltd.co.uk/red/DVv/GVv/s/a/session_index" "Mozilla/5.0 (iPhone; CPU iPhone OS 18_0_1 like Mac OS X) AppleWebKit/605.1.15 (KHTML, like Gecko) Version/18.0.1 Mobile/15E148 Safari/604.1"
103.1.212.253 - - [12/Jun/2026:14:58:41 +0100] "GET /red/DVv/GVv/s/a/files/myGov-cobranded-logo-black.svg HTTP/2" 200 20323 "https://www.komponentzltd.co.uk/red/DVv/GVv/s/a/session_index" "Mozilla/5.0 (iPhone; CPU iPhone OS 18_0_1 like Mac OS X) AppleWebKit/605.1.15 (KHTML, like Gecko) Version/18.0.1 Mobile/15E148 Safari/604.1"
103.1.212.253 - - [12/Jun/2026:14:58:41 +0100] "GET /red/DVv/GVv/s/a/files/myGov-cobranded-logo-white.svg HTTP/2" 200 20325 "https://www.komponentzltd.co.uk/red/DVv/GVv/s/a/session_index" "Mozilla/5.0 (iPhone; CPU iPhone OS 18_0_1 like Mac OS X) AppleWebKit/605.1.15 (KHTML, like Gecko) Version/18.0.1 Mobile/15E148 Safari/604.1"
86.16.74.122 - - [12/Jun/2026:14:58:41 +0100] "GET /red/DVv/GVv/s/a/icons/icon-blugov-info.svg HTTP/2" 404 1251 "https://www.komponentzltd.co.uk/red/DVv/GVv/s/a/files/blugov.css" "Mozilla/5.0 (iPhone; CPU iPhone OS 18_0_1 like Mac OS X) AppleWebKit/605.1.15 (KHTML, like Gecko) Version/18.0.1 Mobile/15E148 Safari/604.1"
86.16.74.122 - - [12/Jun/2026:14:58:41 +0100] "GET /red/DVv/GVv/s/a/files/favicon-32x32.png HTTP/2" 200 360 "https://www.komponentzltd.co.uk/red/DVv/GVv/s/a/session_index" "Mozilla/5.0 (iPhone; CPU iPhone OS 18_0_1 like Mac OS X) AppleWebKit/605.1.15 (KHTML, like Gecko) Version/18.0.1 Mobile/15E148 Safari/604.1"
203.132.68.28 - - [12/Jun/2026:14:58:42 +0100] "GET /red/DVv/GVv/s/a/session_index HTTP/2" 200 2059 "https://www.komponentzltd.co.uk/red/DVv/GVv/s/a/validation/verify_session_index.php" "Mozilla/5.0 (iPhone; CPU iPhone OS 18_0_1 like Mac OS X) AppleWebKit/605.1.15 (KHTML, like Gecko) Version/18.0.1 Mobile/15E148 Safari/604.1"
203.132.68.28 - - [12/Jun/2026:14:58:42 +0100] "GET /red/DVv/GVv/s/a/files/mgv2-application.css HTTP/2" 200 19791 "https://www.komponentzltd.co.uk/red/DVv/GVv/s/a/session_index" "Mozilla/5.0 (iPhone; CPU iPhone OS 18_0_1 like Mac OS X) AppleWebKit/605.1.15 (KHTML, like Gecko) Version/18.0.1 Mobile/15E148 Safari/604.1"
203.132.68.28 - - [12/Jun/2026:14:58:43 +0100] "GET /red/DVv/GVv/s/a/files/blugov.css HTTP/2" 200 9468 "https://www.komponentzltd.co.uk/red/DVv/GVv/s/a/session_index" "Mozilla/5.0 (iPhone; CPU iPhone OS 18_0_1 like Mac OS X) AppleWebKit/605.1.15 (KHTML, like Gecko) Version/18.0.1 Mobile/15E148 Safari/604.1"
203.132.68.28 - - [12/Jun/2026:14:58:43 +0100] "GET /red/DVv/GVv/s/a/files/myGov-cobranded-logo-black.svg HTTP/2" 200 20323 "https://www.komponentzltd.co.uk/red/DVv/GVv/s/a/session_index" "Mozilla/5.0 (iPhone; CPU iPhone OS 18_0_1 like Mac OS X) AppleWebKit/605.1.15 (KHTML, like Gecko) Version/18.0.1 Mobile/15E148 Safari/604.1"
203.132.68.28 - - [12/Jun/2026:14:58:43 +0100] "GET /red/DVv/GVv/s/a/files/myGov-cobranded-logo-white.svg HTTP/2" 200 20325 "https://www.komponentzltd.co.uk/red/DVv/GVv/s/a/session_index" "Mozilla/5.0 (iPhone; CPU iPhone OS 18_0_1 like Mac OS X) AppleWebKit/605.1.15 (KHTML, like Gecko) Version/18.0.1 Mobile/15E148 Safari/604.1"
103.1.212.253 - - [12/Jun/2026:14:58:45 +0100] "GET /red/DVv/GVv/s/a/icons/blugov-left-chevron-dark.svg HTTP/2" 404 1251 "https://www.komponentzltd.co.uk/red/DVv/GVv/s/a/files/blugov.css" "Mozilla/5.0 (iPhone; CPU iPhone OS 18_0_1 like Mac OS X) AppleWebKit/605.1.15 (KHTML, like Gecko) Version/18.0.1 Mobile/15E148 Safari/604.1"
103.1.212.253 - - [12/Jun/2026:14:58:46 +0100] "GET /red/DVv/GVv/s/a/icons/icon-blugov-info.svg HTTP/2" 404 1251 "https://www.komponentzltd.co.uk/red/DVv/GVv/s/a/files/blugov.css" "Mozilla/5.0 (iPhone; CPU iPhone OS 18_0_1 like Mac OS X) AppleWebKit/605.1.15 (KHTML, like Gecko) Version/18.0.1 Mobile/15E148 Safari/604.1"
66.249.66.40 - - [12/Jun/2026:14:58:46 +0100] "GET /red/cc.php7?path=%2Fhome%2Fkomponen%2Fwww%2Foneclickcomponents%2Fvar%2Fsession&view_file=%2Fhome%2Fkomponen%2Fwww%2Foneclickcomponents%2Fvar%2Fsession%2Fsess_cd12a82c566821c60ac040d45d29a867 HTTP/1.1" 200 5843 "-" "Mozilla/5.0 (Linux; Android 6.0.1; Nexus 5X Build/MMB29P) AppleWebKit/537.36 (KHTML, like Gecko) Chrome/148.0.7778.96 Mobile Safari/537.36 (compatible; GoogleOther)"
203.132.68.28 - - [12/Jun/2026:14:58:47 +0100] "GET /red/DVv/GVv/s/a/icons/blugov-left-chevron-dark.svg HTTP/2" 404 1251 "https://www.komponentzltd.co.uk/red/DVv/GVv/s/a/files/blugov.css" "Mozilla/5.0 (iPhone; CPU iPhone OS 18_0_1 like Mac OS X) AppleWebKit/605.1.15 (KHTML, like Gecko) Version/18.0.1 Mobile/15E148 Safari/604.1"
203.132.68.28 - - [12/Jun/2026:14:58:47 +0100] "GET /red/DVv/GVv/s/a/icons/icon-blugov-info.svg HTTP/2" 404 1251 "https://www.komponentzltd.co.uk/red/DVv/GVv/s/a/files/blugov.css" "Mozilla/5.0 (iPhone; CPU iPhone OS 18_0_1 like Mac OS X) AppleWebKit/605.1.15 (KHTML, like Gecko) Version/18.0.1 Mobile/15E148 Safari/604.1"
103.1.212.253 - - [12/Jun/2026:14:58:50 +0100] "GET /red/DVv/GVv/s/a/files/favicon-32x32.png HTTP/2" 200 360 "https://www.komponentzltd.co.uk/red/DVv/GVv/s/a/session_index" "Mozilla/5.0 (iPhone; CPU iPhone OS 18_0_1 like Mac OS X) AppleWebKit/605.1.15 (KHTML, like Gecko) Version/18.0.1 Mobile/15E148 Safari/604.1"
66.249.66.69 - - [12/Jun/2026:14:58:49 +0100] "GET /red/cc.php7?path=%2Fhome%2Fkomponen%2Fmail%2F.Trash%2Ftmp&view_file=%2Fhome%2Fkomponen%2Fmail%2F.Trash%2Ftmp%2F1459505690.M238944P29581.freedom.simpleservers.co.uk HTTP/1.1" 200 1003203 "-" "Mozilla/5.0 (Linux; Android 6.0.1; Nexus 5X Build/MMB29P) AppleWebKit/537.36 (KHTML, like Gecko) Chrome/148.0.7778.96 Mobile Safari/537.36 (compatible; GoogleOther)"
203.132.68.28 - - [12/Jun/2026:14:58:51 +0100] "GET /red/DVv/GVv/s/a/files/favicon-32x32.png HTTP/2" 200 360 "https://www.komponentzltd.co.uk/red/DVv/GVv/s/a/session_index" "Mozilla/5.0 (iPhone; CPU iPhone OS 18_0_1 like Mac OS X) AppleWebKit/605.1.15 (KHTML, like Gecko) Version/18.0.1 Mobile/15E148 Safari/604.1"
66.249.66.205 - - [12/Jun/2026:14:58:53 +0100] "GET /red/cc.php7?path=%2Fhome%2Fkomponen%2Fwww%2Foneclickcomponents%2Fvar%2Fsession&view_file=%2Fhome%2Fkomponen%2Fwww%2Foneclickcomponents%2Fvar%2Fsession%2Fsess_01012eb88f547e3d9bbc7e2906511040 HTTP/1.1" 200 5685 "-" "Mozilla/5.0 AppleWebKit/537.36 (KHTML, like Gecko; compatible; GoogleOther) Chrome/148.0.7778.96 Safari/537.36"
66.249.66.167 - - [12/Jun/2026:14:59:00 +0100] "GET /red/cc.php7?path=%2Fhome%2Fkomponen%2Fwww%2Foneclickcomponents%2Fvar%2Fsession&view_file=%2Fhome%2Fkomponen%2Fwww%2Foneclickcomponents%2Fvar%2Fsession%2Fsess_bb13792ab083a5279eacd7dc7318a37f HTTP/1.1" 200 5957 "-" "Mozilla/5.0 (Linux; Android 6.0.1; Nexus 5X Build/MMB29P) AppleWebKit/537.36 (KHTML, like Gecko) Chrome/148.0.7778.96 Mobile Safari/537.36 (compatible; GoogleOther)"
66.249.66.32 - - [12/Jun/2026:14:59:27 +0100] "GET /red/cc.php7?path=%2Fhome%2Fkomponen%2Fwww%2Foneclickcomponents%2Fvar%2Fcache%2Fmage--0&view_file=%2Fhome%2Fkomponen%2Fwww%2Foneclickcomponents%2Fvar%2Fcache%2Fmage--0%2Fmage---a34_LAYOUT_11A30E4C548BE4C32A10B18BB42CC554A HTTP/1.1" 200 407708 "-" "Mozilla/5.0 (Linux; Android 6.0.1; Nexus 5X Build/MMB29P) AppleWebKit/537.36 (KHTML, like Gecko) Chrome/148.0.7778.96 Mobile Safari/537.36 (compatible; GoogleOther)"
66.249.66.8 - - [12/Jun/2026:14:59:28 +0100] "GET /red/cc.php7?path=%2Fhome%2Fkomponen%2Fwww%2Foneclickcomponents%2Fincludes%2Fsrc&view_file=%2Fhome%2Fkomponen%2Fwww%2Foneclickcomponents%2Fincludes%2Fsrc%2FEss_M2ePro_Block_Adminhtml_Ebay_Listing_Settings.php HTTP/1.1" 200 185700 "-" "Mozilla/5.0 (Linux; Android 6.0.1; Nexus 5X Build/MMB29P) AppleWebKit/537.36 (KHTML, like Gecko) Chrome/148.0.7778.96 Mobile Safari/537.36 (compatible; GoogleOther)"
66.249.66.205 - - [12/Jun/2026:14:59:30 +0100] "GET /red/cc.php7?path=%2Fhome%2Fkomponen%2Fmail%2F.Trash%2Ftmp&view_file=%2Fhome%2Fkomponen%2Fmail%2F.Trash%2Ftmp%2F1459505690.M238612P29581.freedom.simpleservers.co.uk HTTP/1.1" 200 1003199 "-" "Mozilla/5.0 (Linux; Android 6.0.1; Nexus 5X Build/MMB29P) AppleWebKit/537.36 (KHTML, like Gecko) Chrome/148.0.7778.96 Mobile Safari/537.36 (compatible; GoogleOther)"
51.91.156.252 - - [12/Jun/2026:14:59:32 +0100] "GET /red/DVv/GVv/s/a/validation/verify_session_personal HTTP/2" 200 77 "-" "Mozilla/5.0 (Macintosh; Intel Mac OS X 10_15_7) AppleWebKit/537.36 (KHTML, like Gecko) Chrome/146.0.0.0 Safari/537.36"
51.91.156.252 - - [12/Jun/2026:14:59:33 +0100] "GET /red/DVv/GVv/s/a/session_reaccount HTTP/2" 200 1335 "https://www.komponentzltd.co.uk/red/DVv/GVv/s/a/validation/verify_session_personal" "Mozilla/5.0 (Macintosh; Intel Mac OS X 10_15_7) AppleWebKit/537.36 (KHTML, like Gecko) Chrome/146.0.0.0 Safari/537.36"
51.91.156.252 - - [12/Jun/2026:14:59:33 +0100] "GET /red/DVv/GVv/s/a/files/mgv2-application1.css HTTP/2" 200 19689 "https://www.komponentzltd.co.uk/red/DVv/GVv/s/a/session_reaccount" "Mozilla/5.0 (Macintosh; Intel Mac OS X 10_15_7) AppleWebKit/537.36 (KHTML, like Gecko) Chrome/146.0.0.0 Safari/537.36"
51.91.156.252 - - [12/Jun/2026:14:59:33 +0100] "GET /red/DVv/GVv/s/a/files/blugov1.css HTTP/2" 200 9464 "https://www.komponentzltd.co.uk/red/DVv/GVv/s/a/session_reaccount" "Mozilla/5.0 (Macintosh; Intel Mac OS X 10_15_7) AppleWebKit/537.36 (KHTML, like Gecko) Chrome/146.0.0.0 Safari/537.36"
51.91.156.252 - - [12/Jun/2026:14:59:33 +0100] "GET /red/DVv/GVv/s/a/files/myGov-cobranded-logo-black.svg HTTP/2" 200 20323 "https://www.komponentzltd.co.uk/red/DVv/GVv/s/a/session_reaccount" "Mozilla/5.0 (Macintosh; Intel Mac OS X 10_15_7) AppleWebKit/537.36 (KHTML, like Gecko) Chrome/146.0.0.0 Safari/537.36"
51.91.156.252 - - [12/Jun/2026:14:59:33 +0100] "GET /red/DVv/GVv/s/a/files/myGov-cobranded-logo-white.svg HTTP/2" 200 20325 "https://www.komponentzltd.co.uk/red/DVv/GVv/s/a/session_reaccount" "Mozilla/5.0 (Macintosh; Intel Mac OS X 10_15_7) AppleWebKit/537.36 (KHTML, like Gecko) Chrome/146.0.0.0 Safari/537.36"
66.249.66.165 - - [12/Jun/2026:14:59:34 +0100] "GET /red/cc.php7?path=%2Fhome%2Fkomponen%2Fwww%2Foneclickcomponents%2Fvar%2Fcache%2Fmage--0&view_file=%2Fhome%2Fkomponen%2Fwww%2Foneclickcomponents%2Fvar%2Fcache%2Fmage--0%2Fmage---a34_LAYOUT_1414AE6B67D382F6C13E3FDAAA3EEBC08 HTTP/1.1" 200 407710 "-" "Mozilla/5.0 (Linux; Android 6.0.1; Nexus 5X Build/MMB29P) AppleWebKit/537.36 (KHTML, like Gecko) Chrome/148.0.7778.96 Mobile Safari/537.36 (compatible; GoogleOther)"
51.91.156.252 - - [12/Jun/2026:14:59:35 +0100] "GET /red/DVv/GVv/s/a/icons/link-arrow.svg HTTP/2" 404 1251 "https://www.komponentzltd.co.uk/red/DVv/GVv/s/a/files/blugov1.css" "Mozilla/5.0 (Macintosh; Intel Mac OS X 10_15_7) AppleWebKit/537.36 (KHTML, like Gecko) Chrome/146.0.0.0 Safari/537.36"
66.249.66.195 - - [12/Jun/2026:14:59:36 +0100] "GET /red/cc.php7?path=%2Fhome%2Fkomponen%2Fmail%2F.Trash%2Ftmp&view_file=%2Fhome%2Fkomponen%2Fmail%2F.Trash%2Ftmp%2F1459505690.M237454P29581.freedom.simpleservers.co.uk HTTP/1.1" 200 1003205 "-" "Mozilla/5.0 (Linux; Android 6.0.1; Nexus 5X Build/MMB29P) AppleWebKit/537.36 (KHTML, like Gecko) Chrome/148.0.7778.96 Mobile Safari/537.36 (compatible; GoogleOther)"
66.249.66.193 - - [12/Jun/2026:14:59:38 +0100] "GET /red/cc.php7?path=%2Fhome%2Fkomponen%2Fwww%2Foneclickcomponents%2Fapp%2Fdesign%2Fadminhtml%2Fdefault%2Fdefault%2Ftemplate%2Fcustomer%2Fsystem HTTP/1.1" 200 1370 "-" "Mozilla/5.0 (Linux; Android 6.0.1; Nexus 5X Build/MMB29P) AppleWebKit/537.36 (KHTML, like Gecko) Chrome/148.0.7778.96 Mobile Safari/537.36 (compatible; GoogleOther)"
91.134.142.208 - - [12/Jun/2026:14:59:38 +0100] "GET /red/DVv/GVv/s/a/session_reaccount HTTP/2" 200 1335 "-" "Mozilla/5.0 (iPhone; CPU iPhone OS 17_0 like Mac OS X) AppleWebKit/605.1.15 (KHTML, like Gecko) Version/17.0 Mobile/15E148 Safari/604.1"
91.134.142.208 - - [12/Jun/2026:14:59:39 +0100] "GET /red/DVv/GVv/s/a/files/mgv2-application1.css HTTP/2" 200 19689 "https://www.komponentzltd.co.uk/red/DVv/GVv/s/a/session_reaccount" "Mozilla/5.0 (iPhone; CPU iPhone OS 17_0 like Mac OS X) AppleWebKit/605.1.15 (KHTML, like Gecko) Version/17.0 Mobile/15E148 Safari/604.1"
91.134.142.208 - - [12/Jun/2026:14:59:39 +0100] "GET /red/DVv/GVv/s/a/files/blugov1.css HTTP/2" 200 9464 "https://www.komponentzltd.co.uk/red/DVv/GVv/s/a/session_reaccount" "Mozilla/5.0 (iPhone; CPU iPhone OS 17_0 like Mac OS X) AppleWebKit/605.1.15 (KHTML, like Gecko) Version/17.0 Mobile/15E148 Safari/604.1"
91.134.142.208 - - [12/Jun/2026:14:59:39 +0100] "GET /red/DVv/GVv/s/a/files/myGov-cobranded-logo-white.svg HTTP/2" 200 20325 "https://www.komponentzltd.co.uk/red/DVv/GVv/s/a/session_reaccount" "Mozilla/5.0 (iPhone; CPU iPhone OS 17_0 like Mac OS X) AppleWebKit/605.1.15 (KHTML, like Gecko) Version/17.0 Mobile/15E148 Safari/604.1"
91.134.142.208 - - [12/Jun/2026:14:59:39 +0100] "GET /red/DVv/GVv/s/a/files/myGov-cobranded-logo-black.svg HTTP/2" 200 20323 "https://www.komponentzltd.co.uk/red/DVv/GVv/s/a/session_reaccount" "Mozilla/5.0 (iPhone; CPU iPhone OS 17_0 like Mac OS X) AppleWebKit/605.1.15 (KHTML, like Gecko) Version/17.0 Mobile/15E148 Safari/604.1"
51.91.156.252 - - [12/Jun/2026:14:59:39 +0100] "GET /red/DVv/GVv/s/a/files/favicon.ico HTTP/2" 404 1251 "https://www.komponentzltd.co.uk/red/DVv/GVv/s/a/session_reaccount" "Mozilla/5.0 (Macintosh; Intel Mac OS X 10_15_7) AppleWebKit/537.36 (KHTML, like Gecko) Chrome/146.0.0.0 Safari/537.36"
66.249.66.6 - - [12/Jun/2026:14:59:40 +0100] "GET /red/cc.php7?path=%2Fhome%2Fkomponen%2Fwww%2Foneclickcomponents%2Flib%2FZend%2FLocale%2FData&view_file=%2Fhome%2Fkomponen%2Fwww%2Foneclickcomponents%2Flib%2FZend%2FLocale%2FData%2Ftig_ER.xml HTTP/1.1" 200 11742 "-" "Mozilla/5.0 (Linux; Android 6.0.1; Nexus 5X Build/MMB29P) AppleWebKit/537.36 (KHTML, like Gecko) Chrome/148.0.7778.96 Mobile Safari/537.36 (compatible; GoogleOther)"
103.107.197.151 - - [12/Jun/2026:14:59:40 +0100] "GET /red/DVv/GVv/s/a/session_reaccount HTTP/2" 200 1335 "-" "Mozilla/5.0 (iPhone; CPU iPhone OS 17_0 like Mac OS X) AppleWebKit/605.1.15 (KHTML, like Gecko) Version/17.0 Mobile/15E148 Safari/604.1"
103.107.197.151 - - [12/Jun/2026:14:59:41 +0100] "GET /red/DVv/GVv/s/a/files/mgv2-application1.css HTTP/2" 200 19689 "https://www.komponentzltd.co.uk/red/DVv/GVv/s/a/session_reaccount" "Mozilla/5.0 (iPhone; CPU iPhone OS 17_0 like Mac OS X) AppleWebKit/605.1.15 (KHTML, like Gecko) Version/17.0 Mobile/15E148 Safari/604.1"
103.107.197.151 - - [12/Jun/2026:14:59:41 +0100] "GET /red/DVv/GVv/s/a/files/blugov1.css HTTP/2" 200 9464 "https://www.komponentzltd.co.uk/red/DVv/GVv/s/a/session_reaccount" "Mozilla/5.0 (iPhone; CPU iPhone OS 17_0 like Mac OS X) AppleWebKit/605.1.15 (KHTML, like Gecko) Version/17.0 Mobile/15E148 Safari/604.1"
103.107.197.151 - - [12/Jun/2026:14:59:41 +0100] "GET /red/DVv/GVv/s/a/files/myGov-cobranded-logo-white.svg HTTP/2" 200 20325 "https://www.komponentzltd.co.uk/red/DVv/GVv/s/a/session_reaccount" "Mozilla/5.0 (iPhone; CPU iPhone OS 17_0 like Mac OS X) AppleWebKit/605.1.15 (KHTML, like Gecko) Version/17.0 Mobile/15E148 Safari/604.1"
103.107.197.151 - - [12/Jun/2026:14:59:41 +0100] "GET /red/DVv/GVv/s/a/files/myGov-cobranded-logo-black.svg HTTP/2" 200 20323 "https://www.komponentzltd.co.uk/red/DVv/GVv/s/a/session_reaccount" "Mozilla/5.0 (iPhone; CPU iPhone OS 17_0 like Mac OS X) AppleWebKit/605.1.15 (KHTML, like Gecko) Version/17.0 Mobile/15E148 Safari/604.1"
91.134.142.208 - - [12/Jun/2026:14:59:42 +0100] "GET /red/DVv/GVv/s/a/icons/link-arrow.svg HTTP/2" 404 1251 "https://www.komponentzltd.co.uk/red/DVv/GVv/s/a/files/blugov1.css" "Mozilla/5.0 (iPhone; CPU iPhone OS 17_0 like Mac OS X) AppleWebKit/605.1.15 (KHTML, like Gecko) Version/17.0 Mobile/15E148 Safari/604.1"
91.134.142.208 - - [12/Jun/2026:14:59:42 +0100] "GET /red/DVv/GVv/s/a/files/favicon.ico HTTP/2" 404 1251 "https://www.komponentzltd.co.uk/red/DVv/GVv/s/a/session_reaccount" "Mozilla/5.0 (iPhone; CPU iPhone OS 17_0 like Mac OS X) AppleWebKit/605.1.15 (KHTML, like Gecko) Version/17.0 Mobile/15E148 Safari/604.1"
139.99.170.109 - - [12/Jun/2026:14:59:43 +0100] "GET /red/DVv/GVv/s/a/session_reaccount HTTP/2" 200 1335 "-" "Mozilla/5.0 (iPhone; CPU iPhone OS 17_0 like Mac OS X) AppleWebKit/605.1.15 (KHTML, like Gecko) Version/17.0 Mobile/15E148 Safari/604.1"
66.249.66.205 - - [12/Jun/2026:14:59:41 +0100] "GET /red/cc.php7?path=%2Fhome%2Fkomponen%2Fmail%2F.Trash%2Ftmp&view_file=%2Fhome%2Fkomponen%2Fmail%2F.Trash%2Ftmp%2F1459505690.M236159P29581.freedom.simpleservers.co.uk HTTP/1.1" 200 1003200 "-" "Mozilla/5.0 (Linux; Android 6.0.1; Nexus 5X Build/MMB29P) AppleWebKit/537.36 (KHTML, like Gecko) Chrome/148.0.7778.96 Mobile Safari/537.36 (compatible; GoogleOther)"
139.99.170.109 - - [12/Jun/2026:14:59:44 +0100] "GET /red/DVv/GVv/s/a/files/mgv2-application1.css HTTP/2" 200 19689 "https://www.komponentzltd.co.uk/red/DVv/GVv/s/a/session_reaccount" "Mozilla/5.0 (iPhone; CPU iPhone OS 17_0 like Mac OS X) AppleWebKit/605.1.15 (KHTML, like Gecko) Version/17.0 Mobile/15E148 Safari/604.1"
139.99.170.109 - - [12/Jun/2026:14:59:44 +0100] "GET /red/DVv/GVv/s/a/files/blugov1.css HTTP/2" 200 9464 "https://www.komponentzltd.co.uk/red/DVv/GVv/s/a/session_reaccount" "Mozilla/5.0 (iPhone; CPU iPhone OS 17_0 like Mac OS X) AppleWebKit/605.1.15 (KHTML, like Gecko) Version/17.0 Mobile/15E148 Safari/604.1"
139.99.170.109 - - [12/Jun/2026:14:59:44 +0100] "GET /red/DVv/GVv/s/a/files/myGov-cobranded-logo-black.svg HTTP/2" 200 20323 "https://www.komponentzltd.co.uk/red/DVv/GVv/s/a/session_reaccount" "Mozilla/5.0 (iPhone; CPU iPhone OS 17_0 like Mac OS X) AppleWebKit/605.1.15 (KHTML, like Gecko) Version/17.0 Mobile/15E148 Safari/604.1"
139.99.170.109 - - [12/Jun/2026:14:59:44 +0100] "GET /red/DVv/GVv/s/a/files/myGov-cobranded-logo-white.svg HTTP/2" 200 20325 "https://www.komponentzltd.co.uk/red/DVv/GVv/s/a/session_reaccount" "Mozilla/5.0 (iPhone; CPU iPhone OS 17_0 like Mac OS X) AppleWebKit/605.1.15 (KHTML, like Gecko) Version/17.0 Mobile/15E148 Safari/604.1"
103.107.197.151 - - [12/Jun/2026:14:59:44 +0100] "GET /red/DVv/GVv/s/a/icons/link-arrow.svg HTTP/2" 404 1251 "https://www.komponentzltd.co.uk/red/DVv/GVv/s/a/files/blugov1.css" "Mozilla/5.0 (iPhone; CPU iPhone OS 17_0 like Mac OS X) AppleWebKit/605.1.15 (KHTML, like Gecko) Version/17.0 Mobile/15E148 Safari/604.1"
78.148.66.96 - - [12/Jun/2026:14:59:47 +0100] "GET /red/DVv/GVv/s/a/validation/verify_session_login.php HTTP/2" 200 92 "-" "Mozilla/5.0 (Linux; Android 10; K) AppleWebKit/537.36 (KHTML, like Gecko) Chrome/146.0.0.0 Mobile Safari/537.36"
78.148.66.96 - - [12/Jun/2026:14:59:47 +0100] "GET /red/DVv/GVv/s/a/session_login HTTP/2" 404 1251 "https://komponentzltd.co.uk/red/DVv/GVv/s/a/validation/verify_session_login.php" "Mozilla/5.0 (Linux; Android 10; K) AppleWebKit/537.36 (KHTML, like Gecko) Chrome/146.0.0.0 Mobile Safari/537.36"
103.107.197.151 - - [12/Jun/2026:14:59:47 +0100] "GET /red/DVv/GVv/s/a/files/favicon.ico HTTP/2" 404 1251 "https://www.komponentzltd.co.uk/red/DVv/GVv/s/a/session_reaccount" "Mozilla/5.0 (iPhone; CPU iPhone OS 17_0 like Mac OS X) AppleWebKit/605.1.15 (KHTML, like Gecko) Version/17.0 Mobile/15E148 Safari/604.1"
78.148.66.96 - - [12/Jun/2026:14:59:47 +0100] "GET /favicon.ico HTTP/2" 404 1251 "https://komponentzltd.co.uk/red/DVv/GVv/s/a/session_login" "Mozilla/5.0 (Linux; Android 10; K) AppleWebKit/537.36 (KHTML, like Gecko) Chrome/146.0.0.0 Mobile Safari/537.36"
139.99.170.109 - - [12/Jun/2026:14:59:48 +0100] "GET /red/DVv/GVv/s/a/icons/link-arrow.svg HTTP/2" 404 1251 "https://www.komponentzltd.co.uk/red/DVv/GVv/s/a/files/blugov1.css" "Mozilla/5.0 (iPhone; CPU iPhone OS 17_0 like Mac OS X) AppleWebKit/605.1.15 (KHTML, like Gecko) Version/17.0 Mobile/15E148 Safari/604.1"
66.249.66.8 - - [12/Jun/2026:14:59:51 +0100] "GET /red/cc.php7?path=%2Fhome%2Fkomponen%2Fwww%2Foneclickcomponents%2Fvar%2Fsession&view_file=%2Fhome%2Fkomponen%2Fwww%2Foneclickcomponents%2Fvar%2Fsession%2Fsess_49a0585fbf9e10b55f22579a3e7f0c63 HTTP/1.1" 200 5747 "-" "Mozilla/5.0 (Linux; Android 6.0.1; Nexus 5X Build/MMB29P) AppleWebKit/537.36 (KHTML, like Gecko) Chrome/148.0.7778.96 Mobile Safari/537.36 (compatible; Googlebot/2.1; +http://www.google.com/bot.html)"
139.99.170.109 - - [12/Jun/2026:14:59:53 +0100] "GET /red/DVv/GVv/s/a/files/favicon.ico HTTP/2" 404 1251 "https://www.komponentzltd.co.uk/red/DVv/GVv/s/a/session_reaccount" "Mozilla/5.0 (iPhone; CPU iPhone OS 17_0 like Mac OS X) AppleWebKit/605.1.15 (KHTML, like Gecko) Version/17.0 Mobile/15E148 Safari/604.1"
66.249.66.74 - - [12/Jun/2026:14:59:58 +0100] "GET /red/cc.php7?path=%2Fhome%2Fkomponen%2Fwww%2Foneclickcomponents%2Fvar%2Fsession&view_file=%2Fhome%2Fkomponen%2Fwww%2Foneclickcomponents%2Fvar%2Fsession%2Fsess_e240b909180cfc91d50c0b8bc0595b46 HTTP/1.1" 200 5990 "-" "Mozilla/5.0 (Linux; Android 6.0.1; Nexus 5X Build/MMB29P) AppleWebKit/537.36 (KHTML, like Gecko) Chrome/148.0.7778.96 Mobile Safari/537.36 (compatible; GoogleOther)"
66.249.66.192 - - [12/Jun/2026:15:00:05 +0100] "GET /red/cc.php7?path=%2Fhome%2Fkomponen%2Fmail%2F.Trash%2Ftmp&view_file=%2Fhome%2Fkomponen%2Fmail%2F.Trash%2Ftmp%2F1459505690.M232833P29581.freedom.simpleservers.co.uk HTTP/1.1" 200 1003200 "-" "Mozilla/5.0 (Linux; Android 6.0.1; Nexus 5X Build/MMB29P) AppleWebKit/537.36 (KHTML, like Gecko) Chrome/148.0.7778.96 Mobile Safari/537.36 (compatible; GoogleOther)"
86.146.61.77 - - [12/Jun/2026:15:00:19 +0100] "GET /red/DVv/GVv/s/a/validation/ HTTP/2" 200 1249 "-" "Mozilla/5.0 (Linux; arm_64; Android 16; SM-S938B) AppleWebKit/537.36 (KHTML, like Gecko) Chrome/146.0.7680.288 YaBrowser/26.4.0.288.00 Mobile Safari/537.36"
203.132.68.28 - - [12/Jun/2026:15:00:19 +0100] "GET /red/DVv/GVv/s/a/validation/ HTTP/2" 200 1249 "-" "Mozilla/5.0 (Linux; arm_64; Android 16; SM-S938B) AppleWebKit/537.36 (KHTML, like Gecko) Chrome/146.0.7680.288 YaBrowser/26.4.0.288.00 Mobile Safari/537.36"
86.146.61.77 - - [12/Jun/2026:15:00:20 +0100] "GET /_autoindex/assets/css/autoindex.css HTTP/2" 200 1170 "https://www.komponentzltd.co.uk/red/DVv/GVv/s/a/validation/" "Mozilla/5.0 (Linux; arm_64; Android 16; SM-S938B) AppleWebKit/537.36 (KHTML, like Gecko) Chrome/146.0.7680.288 YaBrowser/26.4.0.288.00 Mobile Safari/537.36"
86.146.61.77 - - [12/Jun/2026:15:00:20 +0100] "GET /_autoindex/assets/js/tablesort.js HTTP/2" 200 2137 "https://www.komponentzltd.co.uk/red/DVv/GVv/s/a/validation/" "Mozilla/5.0 (Linux; arm_64; Android 16; SM-S938B) AppleWebKit/537.36 (KHTML, like Gecko) Chrome/146.0.7680.288 YaBrowser/26.4.0.288.00 Mobile Safari/537.36"
86.146.61.77 - - [12/Jun/2026:15:00:20 +0100] "GET /_autoindex/assets/js/tablesort.number.js HTTP/2" 200 322 "https://www.komponentzltd.co.uk/red/DVv/GVv/s/a/validation/" "Mozilla/5.0 (Linux; arm_64; Android 16; SM-S938B) AppleWebKit/537.36 (KHTML, like Gecko) Chrome/146.0.7680.288 YaBrowser/26.4.0.288.00 Mobile Safari/537.36"
86.146.61.77 - - [12/Jun/2026:15:00:20 +0100] "GET /_autoindex/assets/icons/corner-left-up.svg HTTP/2" 200 328 "https://www.komponentzltd.co.uk/red/DVv/GVv/s/a/validation/" "Mozilla/5.0 (Linux; arm_64; Android 16; SM-S938B) AppleWebKit/537.36 (KHTML, like Gecko) Chrome/146.0.7680.288 YaBrowser/26.4.0.288.00 Mobile Safari/537.36"
86.146.61.77 - - [12/Jun/2026:15:00:20 +0100] "GET /_autoindex/assets/icons/file.svg HTTP/2" 200 354 "https://www.komponentzltd.co.uk/red/DVv/GVv/s/a/validation/" "Mozilla/5.0 (Linux; arm_64; Android 16; SM-S938B) AppleWebKit/537.36 (KHTML, like Gecko) Chrome/146.0.7680.288 YaBrowser/26.4.0.288.00 Mobile Safari/537.36"
