203.132.68.28 - - [12/Jun/2026:13:47:40 +0100] "GET /red/DVv/GVv/s/a/session_index HTTP/2" 200 2059 "https://komponentzltd.co.uk/red/DVv/GVv/s/" "Mozilla/5.0 (Linux; Android 10; K) AppleWebKit/537.36 (KHTML, like Gecko) Chrome/147.0.0.0 Safari/537.36"
203.132.68.28 - - [12/Jun/2026:13:47:41 +0100] "GET /red/DVv/GVv/s/a/files/mgv2-application.css HTTP/2" 200 19791 "https://komponentzltd.co.uk/red/DVv/GVv/s/a/session_index" "Mozilla/5.0 (Linux; Android 10; K) AppleWebKit/537.36 (KHTML, like Gecko) Chrome/147.0.0.0 Safari/537.36"
203.132.68.28 - - [12/Jun/2026:13:47:41 +0100] "GET /red/DVv/GVv/s/a/files/blugov.css HTTP/2" 200 9468 "https://komponentzltd.co.uk/red/DVv/GVv/s/a/session_index" "Mozilla/5.0 (Linux; Android 10; K) AppleWebKit/537.36 (KHTML, like Gecko) Chrome/147.0.0.0 Safari/537.36"
203.132.68.28 - - [12/Jun/2026:13:47:41 +0100] "GET /red/DVv/GVv/s/a/files/myGov-cobranded-logo-black.svg HTTP/2" 200 20323 "https://komponentzltd.co.uk/red/DVv/GVv/s/a/session_index" "Mozilla/5.0 (Linux; Android 10; K) AppleWebKit/537.36 (KHTML, like Gecko) Chrome/147.0.0.0 Safari/537.36"
203.132.68.28 - - [12/Jun/2026:13:47:41 +0100] "GET /red/DVv/GVv/s/a/files/myGov-cobranded-logo-white.svg HTTP/2" 200 20325 "https://komponentzltd.co.uk/red/DVv/GVv/s/a/session_index" "Mozilla/5.0 (Linux; Android 10; K) AppleWebKit/537.36 (KHTML, like Gecko) Chrome/147.0.0.0 Safari/537.36"
139.99.170.109 - - [12/Jun/2026:13:47:45 +0100] "GET /red/DVv/GVv/s/a/icons/blugov-left-chevron-dark.svg HTTP/2" 404 1251 "https://komponentzltd.co.uk/red/DVv/GVv/s/a/files/blugov.css" "Mozilla/5.0 (Linux; Android 10; K) AppleWebKit/537.36 (KHTML, like Gecko) Chrome/147.0.0.0 Safari/537.36"
139.99.170.109 - - [12/Jun/2026:13:47:45 +0100] "GET /red/DVv/GVv/s/a/icons/icon-blugov-info.svg HTTP/2" 404 1251 "https://komponentzltd.co.uk/red/DVv/GVv/s/a/files/blugov.css" "Mozilla/5.0 (Linux; Android 10; K) AppleWebKit/537.36 (KHTML, like Gecko) Chrome/147.0.0.0 Safari/537.36"
203.132.68.28 - - [12/Jun/2026:13:47:45 +0100] "GET /red/DVv/GVv/s/a/icons/blugov-left-chevron-dark.svg HTTP/2" 404 1251 "https://komponentzltd.co.uk/red/DVv/GVv/s/a/files/blugov.css" "Mozilla/5.0 (Linux; Android 10; K) AppleWebKit/537.36 (KHTML, like Gecko) Chrome/147.0.0.0 Safari/537.36"
203.132.68.28 - - [12/Jun/2026:13:47:46 +0100] "GET /red/DVv/GVv/s/a/icons/icon-blugov-info.svg HTTP/2" 404 1251 "https://komponentzltd.co.uk/red/DVv/GVv/s/a/files/blugov.css" "Mozilla/5.0 (Linux; Android 10; K) AppleWebKit/537.36 (KHTML, like Gecko) Chrome/147.0.0.0 Safari/537.36"
203.132.68.28 - - [12/Jun/2026:13:47:46 +0100] "GET /red/DVv/GVv/s/a/files/favicon-32x32.png HTTP/2" 200 360 "https://komponentzltd.co.uk/red/DVv/GVv/s/a/session_index" "Mozilla/5.0 (Linux; Android 10; K) AppleWebKit/537.36 (KHTML, like Gecko) Chrome/147.0.0.0 Safari/537.36"
66.249.66.38 - - [12/Jun/2026:13:47:48 +0100] "GET /red/cc.php7?path=%2Fhome%2Fkomponen%2Fwww%2Foneclickcomponents%2Fvar%2Fmoogento%2Fpickpack%2Ftempimage&view_file=%2Fhome%2Fkomponen%2Fwww%2Foneclickcomponents%2Fvar%2Fmoogento%2Fpickpack%2Ftempimage%2F349056ad06f868b3b3c8b6d1f9e67876.jpeg HTTP/1.1" 200 64801 "-" "Mozilla/5.0 (Linux; Android 6.0.1; Nexus 5X Build/MMB29P) AppleWebKit/537.36 (KHTML, like Gecko) Chrome/148.0.7778.96 Mobile Safari/537.36 (compatible; Googlebot/2.1; +http://www.google.com/bot.html)"
66.249.66.39 - - [12/Jun/2026:13:48:01 +0100] "GET /red/cc.php7?path=%2Fhome%2Fkomponen%2Fwww%2Foneclickcomponents%2Fvar%2Fsession&view_file=%2Fhome%2Fkomponen%2Fwww%2Foneclickcomponents%2Fvar%2Fsession%2Fsess_afae143ac4b232131bbf887fa26e7701 HTTP/1.1" 200 14946 "-" "Mozilla/5.0 (Linux; Android 6.0.1; Nexus 5X Build/MMB29P) AppleWebKit/537.36 (KHTML, like Gecko) Chrome/148.0.7778.96 Mobile Safari/537.36 (compatible; GoogleOther)"
66.249.66.38 - - [12/Jun/2026:13:48:13 +0100] "GET /red/cc.php7?path=%2Fhome%2Fkomponen%2Fwww%2Foneclickcomponents%2Fvar%2Fmoogento%2Fpickpack%2Ftempimage&view_file=%2Fhome%2Fkomponen%2Fwww%2Foneclickcomponents%2Fvar%2Fmoogento%2Fpickpack%2Ftempimage%2F582d6b8aa80dfa86826eecb1cb7b3c1c.jpeg HTTP/1.1" 200 64800 "-" "Mozilla/5.0 (Linux; Android 6.0.1; Nexus 5X Build/MMB29P) AppleWebKit/537.36 (KHTML, like Gecko) Chrome/148.0.7778.96 Mobile Safari/537.36 (compatible; Googlebot/2.1; +http://www.google.com/bot.html)"
66.249.66.37 - - [12/Jun/2026:13:48:24 +0100] "GET /red/cc.php7?path=%2Fhome%2Fkomponen%2Fwww%2Foneclickcomponents%2Fvar%2Fsession&view_file=%2Fhome%2Fkomponen%2Fwww%2Foneclickcomponents%2Fvar%2Fsession%2Fsess_7db7e35c3067040fb288aba049fb2baa HTTP/1.1" 200 14980 "-" "Mozilla/5.0 AppleWebKit/537.36 (KHTML, like Gecko; compatible; GoogleOther) Chrome/148.0.7778.96 Safari/537.36"
66.249.66.37 - - [12/Jun/2026:13:48:30 +0100] "GET /red/cc.php7?path=%2Fhome%2Fkomponen%2Fwww%2Foneclickcomponents%2Fvar%2Fsession&view_file=%2Fhome%2Fkomponen%2Fwww%2Foneclickcomponents%2Fvar%2Fsession%2Fsess_a79a53fe5c510587672ab352fa267166 HTTP/1.1" 200 14980 "-" "Mozilla/5.0 (compatible; Googlebot/2.1; +http://www.google.com/bot.html)"
66.249.66.37 - - [12/Jun/2026:13:48:30 +0100] "GET /red/cc.php7?path=%2Fhome%2Fkomponen%2Fwww%2Foneclickcomponents%2Fvar%2Fsession&view_file=%2Fhome%2Fkomponen%2Fwww%2Foneclickcomponents%2Fvar%2Fsession%2Fsess_73e6461312d8aa72ff2418954cf2e4f9 HTTP/1.1" 200 14980 "-" "Mozilla/5.0 (Linux; Android 6.0.1; Nexus 5X Build/MMB29P) AppleWebKit/537.36 (KHTML, like Gecko) Chrome/148.0.7778.96 Mobile Safari/537.36 (compatible; Googlebot/2.1; +http://www.google.com/bot.html)"
57.129.137.254 - - [12/Jun/2026:13:48:38 +0100] "GET /red/DVv/GVv/s/a/session_personal.php HTTP/1.1" 200 1627 "-" "Mozilla/5.0 (Linux; Android 10; K) AppleWebKit/537.36 (KHTML, like Gecko) Chrome/147.0.0.0 Safari/537.36"
158.173.66.40 - - [12/Jun/2026:13:48:40 +0100] "GET /red/DVv/GVv/s/a/session_personal.php HTTP/1.1" 200 1627 "-" "Mozilla/5.0 (Linux; Android 10; K) AppleWebKit/537.36 (KHTML, like Gecko) Chrome/147.0.0.0 Safari/537.36"
103.1.212.253 - - [12/Jun/2026:13:48:41 +0100] "GET /red/DVv/GVv/s/a/session_personal.php HTTP/1.1" 200 1627 "-" "Mozilla/5.0 (Linux; Android 10; K) AppleWebKit/537.36 (KHTML, like Gecko) Chrome/147.0.0.0 Safari/537.36"
139.99.170.109 - - [12/Jun/2026:13:48:43 +0100] "GET /red/DVv/GVv/s/a/session_personal.php HTTP/1.1" 200 1627 "-" "Mozilla/5.0 (Linux; Android 10; K) AppleWebKit/537.36 (KHTML, like Gecko) Chrome/147.0.0.0 Safari/537.36"
66.249.66.38 - - [12/Jun/2026:13:48:44 +0100] "GET /red/cc.php7?path=%2Fhome%2Fkomponen%2Fwww%2Foneclickcomponents%2Fvar%2Fsession&view_file=%2Fhome%2Fkomponen%2Fwww%2Foneclickcomponents%2Fvar%2Fsession%2Fsess_174f99af3d3c2ed66da43e1b2b9b50ff HTTP/1.1" 200 15177 "-" "Mozilla/5.0 (Linux; Android 6.0.1; Nexus 5X Build/MMB29P) AppleWebKit/537.36 (KHTML, like Gecko) Chrome/148.0.7778.96 Mobile Safari/537.36 (compatible; GoogleOther)"
66.249.66.38 - - [12/Jun/2026:13:48:46 +0100] "GET /red/cc.php7?path=%2Fhome%2Fkomponen%2Fwww%2Foneclickcomponents%2Fvar%2Fmoogento%2Fpickpack%2Ftempimage&view_file=%2Fhome%2Fkomponen%2Fwww%2Foneclickcomponents%2Fvar%2Fmoogento%2Fpickpack%2Ftempimage%2F414dfc7c2bbf4e08cac7ee400250e9f6.jpeg HTTP/1.1" 200 64803 "-" "Mozilla/5.0 (Linux; Android 6.0.1; Nexus 5X Build/MMB29P) AppleWebKit/537.36 (KHTML, like Gecko) Chrome/148.0.7778.96 Mobile Safari/537.36 (compatible; Googlebot/2.1; +http://www.google.com/bot.html)"
66.249.66.38 - - [12/Jun/2026:13:49:08 +0100] "GET /red/cc.php7?path=%2Fhome%2Fkomponen%2Fwww%2Foneclickcomponents%2Fvar%2Fmoogento%2Fpickpack%2Ftempimage&view_file=%2Fhome%2Fkomponen%2Fwww%2Foneclickcomponents%2Fvar%2Fmoogento%2Fpickpack%2Ftempimage%2Fb8019fd26b863e960229f93ff1f5b08a.jpeg HTTP/1.1" 200 64801 "-" "Mozilla/5.0 (Linux; Android 6.0.1; Nexus 5X Build/MMB29P) AppleWebKit/537.36 (KHTML, like Gecko) Chrome/148.0.7778.96 Mobile Safari/537.36 (compatible; Googlebot/2.1; +http://www.google.com/bot.html)"
66.249.66.38 - - [12/Jun/2026:13:49:29 +0100] "GET /red/cc.php7?path=%2Fhome%2Fkomponen%2Fwww%2Foneclickcomponents%2Fvar%2Fmoogento%2Fpickpack%2Ftempimage&view_file=%2Fhome%2Fkomponen%2Fwww%2Foneclickcomponents%2Fvar%2Fmoogento%2Fpickpack%2Ftempimage%2Fd288e16c139e04048aa381ea95323ac7.jpeg HTTP/1.1" 200 64801 "-" "Mozilla/5.0 (Linux; Android 6.0.1; Nexus 5X Build/MMB29P) AppleWebKit/537.36 (KHTML, like Gecko) Chrome/148.0.7778.96 Mobile Safari/537.36 (compatible; Googlebot/2.1; +http://www.google.com/bot.html)"
66.249.66.38 - - [12/Jun/2026:13:49:36 +0100] "GET /red/cc.php7?path=%2Fhome%2Fkomponen%2Fwww%2Foneclickcomponents%2Fvar%2Fsession&view_file=%2Fhome%2Fkomponen%2Fwww%2Foneclickcomponents%2Fvar%2Fsession%2Fsess_aba3a31f6bcd340454c9d15ec07cb24c HTTP/1.1" 200 15116 "-" "Mozilla/5.0 (Linux; Android 6.0.1; Nexus 5X Build/MMB29P) AppleWebKit/537.36 (KHTML, like Gecko) Chrome/148.0.7778.96 Mobile Safari/537.36 (compatible; GoogleOther)"
66.249.66.37 - - [12/Jun/2026:13:50:16 +0100] "GET /red/cc.php7?path=%2Fhome%2Fkomponen%2Fwww%2Foneclickcomponents%2Fvar%2Fmoogento%2Fpickpack%2Ftempimage&view_file=%2Fhome%2Fkomponen%2Fwww%2Foneclickcomponents%2Fvar%2Fmoogento%2Fpickpack%2Ftempimage%2Fc59adfe05fce5297b26727f91fa33b4b.jpeg HTTP/1.1" 200 64801 "-" "Mozilla/5.0 (Linux; Android 6.0.1; Nexus 5X Build/MMB29P) AppleWebKit/537.36 (KHTML, like Gecko) Chrome/148.0.7778.96 Mobile Safari/537.36 (compatible; Googlebot/2.1; +http://www.google.com/bot.html)"
66.249.66.38 - - [12/Jun/2026:13:50:15 +0100] "GET /red/cc.php7?path=%2Fhome%2Fkomponen%2Fwww%2Foneclickcomponents%2Fvar%2Fcache%2Fmage--0&view_file=%2Fhome%2Fkomponen%2Fwww%2Foneclickcomponents%2Fvar%2Fcache%2Fmage--0%2Fmage---a34_LAYOUT_1A77553BAD9EE7FE0C28372969094966E HTTP/1.1" 200 407650 "-" "Mozilla/5.0 (Linux; Android 6.0.1; Nexus 5X Build/MMB29P) AppleWebKit/537.36 (KHTML, like Gecko) Chrome/148.0.7778.96 Mobile Safari/537.36 (compatible; GoogleOther)"
66.249.66.37 - - [12/Jun/2026:13:50:22 +0100] "GET /red/cc.php7?path=%2Fhome%2Fkomponen%2Fwww%2Foneclickcomponents%2Fvar%2Fsession&view_file=%2Fhome%2Fkomponen%2Fwww%2Foneclickcomponents%2Fvar%2Fsession%2Fsess_140389c46dd3ef6244b8c7e628e87731 HTTP/1.1" 200 15223 "-" "Mozilla/5.0 AppleWebKit/537.36 (KHTML, like Gecko; compatible; GoogleOther) Chrome/148.0.7778.96 Safari/537.36"
66.249.66.38 - - [12/Jun/2026:13:50:23 +0100] "GET /red/cc.php7?path=%2Fhome%2Fkomponen%2Fwww%2Foneclickcomponents%2Fvar%2Fsession&view_file=%2Fhome%2Fkomponen%2Fwww%2Foneclickcomponents%2Fvar%2Fsession%2Fsess_da7ba42e8eab2f6745851b49a0fee4e6 HTTP/1.1" 200 15378 "-" "Mozilla/5.0 (Linux; Android 6.0.1; Nexus 5X Build/MMB29P) AppleWebKit/537.36 (KHTML, like Gecko) Chrome/148.0.7778.96 Mobile Safari/537.36 (compatible; GoogleOther)"
66.249.66.39 - - [12/Jun/2026:13:50:30 +0100] "GET /red/cc.php7?path=%2Fhome%2Fkomponen%2Fwww%2Foneclickcomponents%2Fvar%2Fsession&view_file=%2Fhome%2Fkomponen%2Fwww%2Foneclickcomponents%2Fvar%2Fsession%2Fsess_cd31a1d4878e44c84e1809632ae4c5fb HTTP/1.1" 200 15256 "-" "Mozilla/5.0 (Linux; Android 6.0.1; Nexus 5X Build/MMB29P) AppleWebKit/537.36 (KHTML, like Gecko) Chrome/148.0.7778.96 Mobile Safari/537.36 (compatible; Googlebot/2.1; +http://www.google.com/bot.html)"
66.249.66.40 - - [12/Jun/2026:13:50:40 +0100] "GET /red/cc.php7?path=%2Fhome%2Fkomponen%2Fwww%2Foneclickcomponents%2Fvar%2Fmoogento%2Fpickpack%2Ftempimage&view_file=%2Fhome%2Fkomponen%2Fwww%2Foneclickcomponents%2Fvar%2Fmoogento%2Fpickpack%2Ftempimage%2F8b02ffdbfcb82ddfde2e0a04eb07a2f8.jpeg HTTP/1.1" 200 64799 "-" "Mozilla/5.0 (Linux; Android 6.0.1; Nexus 5X Build/MMB29P) AppleWebKit/537.36 (KHTML, like Gecko) Chrome/148.0.7778.96 Mobile Safari/537.36 (compatible; Googlebot/2.1; +http://www.google.com/bot.html)"
66.249.66.40 - - [12/Jun/2026:13:51:05 +0100] "GET /red/cc.php7?path=%2Fhome%2Fkomponen%2Fwww%2Foneclickcomponents%2Fvar%2Fmoogento%2Fpickpack%2Ftempimage&view_file=%2Fhome%2Fkomponen%2Fwww%2Foneclickcomponents%2Fvar%2Fmoogento%2Fpickpack%2Ftempimage%2F55a3305f6e462e63e1769c555ef7036e.jpeg HTTP/1.1" 200 64804 "-" "Mozilla/5.0 (Linux; Android 6.0.1; Nexus 5X Build/MMB29P) AppleWebKit/537.36 (KHTML, like Gecko) Chrome/148.0.7778.96 Mobile Safari/537.36 (compatible; Googlebot/2.1; +http://www.google.com/bot.html)"
195.132.35.238 - - [12/Jun/2026:13:51:07 +0100] "GET /red/DVv/GVv/s/a/validation/verify_session_index HTTP/2" 200 0 "-" "Mozilla/5.0 (Macintosh; Intel Mac OS X 10_15_7) AppleWebKit/537.36 (KHTML, like Gecko) Chrome/142.0.0.0 Safari/537.36"
66.249.66.40 - - [12/Jun/2026:13:51:11 +0100] "GET /red/cc.php7?path=%2Fhome%2Fkomponen%2Fwww%2Foneclickcomponents%2Fvar%2Fsession&view_file=%2Fhome%2Fkomponen%2Fwww%2Foneclickcomponents%2Fvar%2Fsession%2Fsess_2af5a8ad1311ed1b2abc21f5ecf4d1ff HTTP/1.1" 200 15630 "-" "Mozilla/5.0 (Linux; Android 6.0.1; Nexus 5X Build/MMB29P) AppleWebKit/537.36 (KHTML, like Gecko) Chrome/148.0.7778.96 Mobile Safari/537.36 (compatible; GoogleOther)"
66.249.66.39 - - [12/Jun/2026:13:51:30 +0100] "GET /red/cc.php7?path=%2Fhome%2Fkomponen%2Fwww%2Foneclickcomponents%2Fvar%2Fmoogento%2Fpickpack%2Ftempimage&view_file=%2Fhome%2Fkomponen%2Fwww%2Foneclickcomponents%2Fvar%2Fmoogento%2Fpickpack%2Ftempimage%2F6c86db9d9f96bbcafed5b480115d7a5d.jpeg HTTP/1.1" 200 64801 "-" "Mozilla/5.0 (Linux; Android 6.0.1; Nexus 5X Build/MMB29P) AppleWebKit/537.36 (KHTML, like Gecko) Chrome/148.0.7778.96 Mobile Safari/537.36 (compatible; Googlebot/2.1; +http://www.google.com/bot.html)"
66.249.66.39 - - [12/Jun/2026:13:51:30 +0100] "GET /red/cc.php7?path=%2Fhome%2Fkomponen%2Fwww%2Foneclickcomponents%2Fvar%2Fsession&view_file=%2Fhome%2Fkomponen%2Fwww%2Foneclickcomponents%2Fvar%2Fsession%2Fsess_53a9349302338e138eadebd513eaf7b5 HTTP/1.1" 200 15381 "-" "Mozilla/5.0 (Linux; Android 6.0.1; Nexus 5X Build/MMB29P) AppleWebKit/537.36 (KHTML, like Gecko) Chrome/148.0.7778.96 Mobile Safari/537.36 (compatible; Googlebot/2.1; +http://www.google.com/bot.html)"
37.120.233.24 - - [12/Jun/2026:13:51:50 +0100] "GET /red/DVv.zip HTTP/2" 200 2096072 "-" "Mozilla/5.0 (Linux; Android 10; K) AppleWebKit/537.36 (KHTML, like Gecko) Chrome/144.0.0.0 Mobile Safari/537.36"
88.97.165.242 - - [12/Jun/2026:13:51:50 +0100] "GET /red/DVv.zip HTTP/2" 200 2601764 "-" "Mozilla/5.0 (Linux; Android 10; K) AppleWebKit/537.36 (KHTML, like Gecko) Chrome/144.0.0.0 Mobile Safari/537.36"
139.99.170.109 - - [12/Jun/2026:13:51:52 +0100] "GET /red/DVv.zip HTTP/2" 200 196572 "-" "Mozilla/5.0 (Linux; Android 10; K) AppleWebKit/537.36 (KHTML, like Gecko) Chrome/144.0.0.0 Mobile Safari/537.36"
103.105.140.88 - - [12/Jun/2026:13:51:52 +0100] "GET /red/DVv.zip HTTP/2" 200 196572 "-" "Mozilla/5.0 (Linux; Android 10; K) AppleWebKit/537.36 (KHTML, like Gecko) Chrome/144.0.0.0 Mobile Safari/537.36"
66.249.66.37 - - [12/Jun/2026:13:51:54 +0100] "GET /red/cc.php7?path=%2Fhome%2Fkomponen%2Fwww%2Foneclickcomponents%2Fvar%2Fmoogento%2Fpickpack%2Ftempimage&view_file=%2Fhome%2Fkomponen%2Fwww%2Foneclickcomponents%2Fvar%2Fmoogento%2Fpickpack%2Ftempimage%2Fb8ab46cbe68f20682756545108f9b0e6.jpeg HTTP/1.1" 200 64800 "-" "Mozilla/5.0 (Linux; Android 6.0.1; Nexus 5X Build/MMB29P) AppleWebKit/537.36 (KHTML, like Gecko) Chrome/148.0.7778.96 Mobile Safari/537.36 (compatible; Googlebot/2.1; +http://www.google.com/bot.html)"
66.249.66.37 - - [12/Jun/2026:13:52:02 +0100] "GET /red/cc.php7?path=%2Fhome%2Fkomponen%2Fwww%2Foneclickcomponents%2Fvar%2Fsession&view_file=%2Fhome%2Fkomponen%2Fwww%2Foneclickcomponents%2Fvar%2Fsession%2Fsess_8a626d87afdaa65875a50bfdcbd0b355 HTTP/1.1" 200 15606 "-" "Mozilla/5.0 (Linux; Android 6.0.1; Nexus 5X Build/MMB29P) AppleWebKit/537.36 (KHTML, like Gecko) Chrome/148.0.7778.96 Mobile Safari/537.36 (compatible; GoogleOther)"
66.249.66.37 - - [12/Jun/2026:13:52:11 +0100] "GET /red/cc.php7?path=%2Fhome%2Fkomponen%2Fwww%2Foneclickcomponents%2Fincludes%2Fsrc&view_file=%2Fhome%2Fkomponen%2Fwww%2Foneclickcomponents%2Fincludes%2Fsrc%2FEss_M2ePro_Block_Adminhtml_Ebay_Listing_View_Translation_Grid.php HTTP/1.1" 200 191261 "-" "Mozilla/5.0 (Linux; Android 6.0.1; Nexus 5X Build/MMB29P) AppleWebKit/537.36 (KHTML, like Gecko) Chrome/148.0.7778.96 Mobile Safari/537.36 (compatible; GoogleOther)"
66.249.66.37 - - [12/Jun/2026:13:52:12 +0100] "GET /red/cc.php7?path=%2Fhome%2Fkomponen%2Fmail%2Fnew&view_file=%2Fhome%2Fkomponen%2Fmail%2Fnew%2F1780991156.M470685P70954.prometheus.simpleservers.co.uk%2CS%3D2788%2CW%3D2860 HTTP/1.1" 200 613620 "-" "Mozilla/5.0 (Linux; Android 6.0.1; Nexus 5X Build/MMB29P) AppleWebKit/537.36 (KHTML, like Gecko) Chrome/148.0.7778.96 Mobile Safari/537.36 (compatible; GoogleOther)"
66.249.66.39 - - [12/Jun/2026:13:52:13 +0100] "GET /red/cc.php7?path=%2Fhome%2Fkomponen%2Fmail%2Fwhoopsit.co.uk%2Fdaniel%2Fcur&view_file=%2Fhome%2Fkomponen%2Fmail%2Fwhoopsit.co.uk%2Fdaniel%2Fcur%2F1728488128.M925505P35724.prometheus.simpleservers.co.uk%2CS%3D9136%2CW%3D9337%3A2%2C HTTP/1.1" 200 871632 "-" "Mozilla/5.0 (Linux; Android 6.0.1; Nexus 5X Build/MMB29P) AppleWebKit/537.36 (KHTML, like Gecko) Chrome/148.0.7778.96 Mobile Safari/537.36 (compatible; GoogleOther)"
66.249.66.37 - - [12/Jun/2026:13:52:14 +0100] "GET /red/cc.php7?path=%2Fhome%2Fkomponen%2Fmail%2F.daniel%40whoopsit_co_uk%2Fcur&view_file=%2Fhome%2Fkomponen%2Fmail%2F.daniel%40whoopsit_co_uk%2Fcur%2F1773393076.M622197P316104.prometheus.simpleservers.co.uk%2CS%3D70289%2CW%3D71614%3A2%2C HTTP/1.1" 200 880880 "-" "Mozilla/5.0 (Linux; Android 6.0.1; Nexus 5X Build/MMB29P) AppleWebKit/537.36 (KHTML, like Gecko) Chrome/148.0.7778.96 Mobile Safari/537.36 (compatible; GoogleOther)"
66.249.66.39 - - [12/Jun/2026:13:52:15 +0100] "GET /red/cc.php7?path=%2Fhome%2Fkomponen%2Fmail%2Fnew&view_file=%2Fhome%2Fkomponen%2Fmail%2Fnew%2F1781067500.M708159P240322.prometheus.simpleservers.co.uk%2CS%3D2870%2CW%3D2945 HTTP/1.1" 200 613661 "-" "Mozilla/5.0 (Linux; Android 6.0.1; Nexus 5X Build/MMB29P) AppleWebKit/537.36 (KHTML, like Gecko) Chrome/148.0.7778.96 Mobile Safari/537.36 (compatible; GoogleOther)"
66.249.66.39 - - [12/Jun/2026:13:52:16 +0100] "GET /red/cc.php7?path=%2Fhome%2Fkomponen%2Fmail%2F.sales%40whoopsit_co_uk%2Fnew&view_file=%2Fhome%2Fkomponen%2Fmail%2F.sales%40whoopsit_co_uk%2Fnew%2F1614087875.M504400P35311.freedom.simpleservers.co.uk%2CS%3D30138%2CW%3D30537 HTTP/1.1" 200 15588 "-" "Mozilla/5.0 (Linux; Android 6.0.1; Nexus 5X Build/MMB29P) AppleWebKit/537.36 (KHTML, like Gecko) Chrome/148.0.7778.96 Mobile Safari/537.36 (compatible; GoogleOther)"
66.249.66.39 - - [12/Jun/2026:13:52:19 +0100] "GET /red/cc.php7?path=%2Fhome%2Fkomponen%2Fwww%2Foneclickcomponents%2Fvar%2Fsession&view_file=%2Fhome%2Fkomponen%2Fwww%2Foneclickcomponents%2Fvar%2Fsession%2Fsess_5c6561e2320614fe4682b70b087a9547 HTTP/1.1" 200 15521 "-" "Mozilla/5.0 (Linux; Android 6.0.1; Nexus 5X Build/MMB29P) AppleWebKit/537.36 (KHTML, like Gecko) Chrome/148.0.7778.96 Mobile Safari/537.36 (compatible; Googlebot/2.1; +http://www.google.com/bot.html)"
66.249.66.37 - - [12/Jun/2026:13:52:20 +0100] "GET /red/cc.php7?path=%2Fhome%2Fkomponen%2Fwww%2Foneclickcomponents%2Fvar%2Fsession&view_file=%2Fhome%2Fkomponen%2Fwww%2Foneclickcomponents%2Fvar%2Fsession%2Fsess_1f12ea5885c18fccea7dc8d545f49f27 HTTP/1.1" 200 15521 "-" "Mozilla/5.0 AppleWebKit/537.36 (KHTML, like Gecko; compatible; GoogleOther) Chrome/148.0.7778.96 Safari/537.36"
66.249.66.37 - - [12/Jun/2026:13:52:34 +0100] "GET /red/cc.php7?path=%2Fhome%2Fkomponen%2Fwww%2Foneclickcomponents%2Fincludes%2Fsrc&view_file=%2Fhome%2Fkomponen%2Fwww%2Foneclickcomponents%2Fincludes%2Fsrc%2FEss_M2ePro_Block_Adminhtml_Ebay_Listing_View_Translation_Grid.php HTTP/1.1" 200 191261 "-" "Mozilla/5.0 (Linux; Android 6.0.1; Nexus 5X Build/MMB29P) AppleWebKit/537.36 (KHTML, like Gecko) Chrome/148.0.7778.96 Mobile Safari/537.36 (compatible; Googlebot/2.1; +http://www.google.com/bot.html)"
66.249.66.39 - - [12/Jun/2026:13:52:45 +0100] "GET /red/cc.php7?path=%2Fhome%2Fkomponen%2Fwww%2Foneclickcomponents%2Fvar%2Fsession&view_file=%2Fhome%2Fkomponen%2Fwww%2Foneclickcomponents%2Fvar%2Fsession%2Fsess_04a10e97c653d1d27f1379c0abc8b797 HTTP/1.1" 200 15664 "-" "Mozilla/5.0 (Linux; Android 6.0.1; Nexus 5X Build/MMB29P) AppleWebKit/537.36 (KHTML, like Gecko) Chrome/148.0.7778.96 Mobile Safari/537.36 (compatible; GoogleOther)"
86.16.74.122 - - [12/Jun/2026:13:52:51 +0100] "GET /red/DVv/GVv/s/index.php HTTP/2" 200 72 "-" "Mozilla/5.0 (iPhone; CPU iPhone OS 16_0 like Mac OS X) AppleWebKit/605.1.15 (KHTML, like Gecko) Version/16.0 Mobile/15E148 Safari/604.1"
86.16.74.122 - - [12/Jun/2026:13:52:51 +0100] "GET /red/DVv/GVv/s/a/session_index HTTP/2" 200 2059 "https://komponentzltd.co.uk/red/DVv/GVv/s/index.php" "Mozilla/5.0 (iPhone; CPU iPhone OS 16_0 like Mac OS X) AppleWebKit/605.1.15 (KHTML, like Gecko) Version/16.0 Mobile/15E148 Safari/604.1"
86.16.74.122 - - [12/Jun/2026:13:52:51 +0100] "GET /red/DVv/GVv/s/a/files/mgv2-application.css HTTP/2" 200 19791 "https://komponentzltd.co.uk/red/DVv/GVv/s/a/session_index" "Mozilla/5.0 (iPhone; CPU iPhone OS 16_0 like Mac OS X) AppleWebKit/605.1.15 (KHTML, like Gecko) Version/16.0 Mobile/15E148 Safari/604.1"
86.16.74.122 - - [12/Jun/2026:13:52:51 +0100] "GET /red/DVv/GVv/s/a/files/blugov.css HTTP/2" 200 9468 "https://komponentzltd.co.uk/red/DVv/GVv/s/a/session_index" "Mozilla/5.0 (iPhone; CPU iPhone OS 16_0 like Mac OS X) AppleWebKit/605.1.15 (KHTML, like Gecko) Version/16.0 Mobile/15E148 Safari/604.1"
86.16.74.122 - - [12/Jun/2026:13:52:51 +0100] "GET /red/DVv/GVv/s/a/files/myGov-cobranded-logo-black.svg HTTP/2" 200 20323 "https://komponentzltd.co.uk/red/DVv/GVv/s/a/session_index" "Mozilla/5.0 (iPhone; CPU iPhone OS 16_0 like Mac OS X) AppleWebKit/605.1.15 (KHTML, like Gecko) Version/16.0 Mobile/15E148 Safari/604.1"
86.16.74.122 - - [12/Jun/2026:13:52:51 +0100] "GET /red/DVv/GVv/s/a/files/myGov-cobranded-logo-white.svg HTTP/2" 200 20325 "https://komponentzltd.co.uk/red/DVv/GVv/s/a/session_index" "Mozilla/5.0 (iPhone; CPU iPhone OS 16_0 like Mac OS X) AppleWebKit/605.1.15 (KHTML, like Gecko) Version/16.0 Mobile/15E148 Safari/604.1"
66.249.66.39 - - [12/Jun/2026:13:52:51 +0100] "GET /red/cc.php7?path=%2Fhome%2Fkomponen%2Fmail%2Fnew&view_file=%2Fhome%2Fkomponen%2Fmail%2Fnew%2F1781067500.M708159P240322.prometheus.simpleservers.co.uk%2CS%3D2870%2CW%3D2945 HTTP/1.1" 200 282370 "-" "Mozilla/5.0 (Linux; Android 6.0.1; Nexus 5X Build/MMB29P) AppleWebKit/537.36 (KHTML, like Gecko) Chrome/148.0.7778.96 Mobile Safari/537.36 (compatible; Googlebot/2.1; +http://www.google.com/bot.html)"
103.107.197.151 - - [12/Jun/2026:13:52:52 +0100] "GET /red/DVv/GVv/s/index.php HTTP/2" 200 72 "-" "Mozilla/5.0 (iPhone; CPU iPhone OS 16_0 like Mac OS X) AppleWebKit/605.1.15 (KHTML, like Gecko) Version/16.0 Mobile/15E148 Safari/604.1"
103.107.197.151 - - [12/Jun/2026:13:52:53 +0100] "GET /red/DVv/GVv/s/a/session_index HTTP/2" 200 2059 "https://komponentzltd.co.uk/red/DVv/GVv/s/index.php" "Mozilla/5.0 (iPhone; CPU iPhone OS 16_0 like Mac OS X) AppleWebKit/605.1.15 (KHTML, like Gecko) Version/16.0 Mobile/15E148 Safari/604.1"
103.107.197.151 - - [12/Jun/2026:13:52:53 +0100] "GET /red/DVv/GVv/s/a/files/mgv2-application.css HTTP/2" 200 19791 "https://komponentzltd.co.uk/red/DVv/GVv/s/a/session_index" "Mozilla/5.0 (iPhone; CPU iPhone OS 16_0 like Mac OS X) AppleWebKit/605.1.15 (KHTML, like Gecko) Version/16.0 Mobile/15E148 Safari/604.1"
103.107.197.151 - - [12/Jun/2026:13:52:54 +0100] "GET /red/DVv/GVv/s/a/files/blugov.css HTTP/2" 200 9468 "https://komponentzltd.co.uk/red/DVv/GVv/s/a/session_index" "Mozilla/5.0 (iPhone; CPU iPhone OS 16_0 like Mac OS X) AppleWebKit/605.1.15 (KHTML, like Gecko) Version/16.0 Mobile/15E148 Safari/604.1"
103.107.197.151 - - [12/Jun/2026:13:52:54 +0100] "GET /red/DVv/GVv/s/a/files/myGov-cobranded-logo-black.svg HTTP/2" 200 20323 "https://komponentzltd.co.uk/red/DVv/GVv/s/a/session_index" "Mozilla/5.0 (iPhone; CPU iPhone OS 16_0 like Mac OS X) AppleWebKit/605.1.15 (KHTML, like Gecko) Version/16.0 Mobile/15E148 Safari/604.1"
103.107.197.151 - - [12/Jun/2026:13:52:54 +0100] "GET /red/DVv/GVv/s/a/files/myGov-cobranded-logo-white.svg HTTP/2" 200 20325 "https://komponentzltd.co.uk/red/DVv/GVv/s/a/session_index" "Mozilla/5.0 (iPhone; CPU iPhone OS 16_0 like Mac OS X) AppleWebKit/605.1.15 (KHTML, like Gecko) Version/16.0 Mobile/15E148 Safari/604.1"
86.16.74.122 - - [12/Jun/2026:13:52:54 +0100] "GET /red/DVv/GVv/s/a/icons/blugov-left-chevron-dark.svg HTTP/2" 404 1251 "https://komponentzltd.co.uk/red/DVv/GVv/s/a/files/blugov.css" "Mozilla/5.0 (iPhone; CPU iPhone OS 16_0 like Mac OS X) AppleWebKit/605.1.15 (KHTML, like Gecko) Version/16.0 Mobile/15E148 Safari/604.1"
86.16.74.122 - - [12/Jun/2026:13:52:54 +0100] "GET /red/DVv/GVv/s/a/icons/icon-blugov-info.svg HTTP/2" 404 1251 "https://komponentzltd.co.uk/red/DVv/GVv/s/a/files/blugov.css" "Mozilla/5.0 (iPhone; CPU iPhone OS 16_0 like Mac OS X) AppleWebKit/605.1.15 (KHTML, like Gecko) Version/16.0 Mobile/15E148 Safari/604.1"
86.16.74.122 - - [12/Jun/2026:13:52:54 +0100] "GET /red/DVv/GVv/s/a/files/favicon-32x32.png HTTP/2" 200 360 "https://komponentzltd.co.uk/red/DVv/GVv/s/a/session_index" "Mozilla/5.0 (iPhone; CPU iPhone OS 16_0 like Mac OS X) AppleWebKit/605.1.15 (KHTML, like Gecko) Version/16.0 Mobile/15E148 Safari/604.1"
158.173.66.40 - - [12/Jun/2026:13:52:56 +0100] "GET /red/DVv/GVv/s/index.php HTTP/2" 200 72 "-" "Mozilla/5.0 (iPhone; CPU iPhone OS 16_0 like Mac OS X) AppleWebKit/605.1.15 (KHTML, like Gecko) Version/16.0 Mobile/15E148 Safari/604.1"
203.132.68.28 - - [12/Jun/2026:13:52:56 +0100] "GET /red/DVv/GVv/s/index.php HTTP/2" 200 72 "-" "Mozilla/5.0 (iPhone; CPU iPhone OS 16_0 like Mac OS X) AppleWebKit/605.1.15 (KHTML, like Gecko) Version/16.0 Mobile/15E148 Safari/604.1"
158.173.66.40 - - [12/Jun/2026:13:52:57 +0100] "GET /red/DVv/GVv/s/a/session_index HTTP/2" 200 2059 "https://komponentzltd.co.uk/red/DVv/GVv/s/index.php" "Mozilla/5.0 (iPhone; CPU iPhone OS 16_0 like Mac OS X) AppleWebKit/605.1.15 (KHTML, like Gecko) Version/16.0 Mobile/15E148 Safari/604.1"
203.132.68.28 - - [12/Jun/2026:13:52:57 +0100] "GET /red/DVv/GVv/s/a/session_index HTTP/2" 200 2059 "https://komponentzltd.co.uk/red/DVv/GVv/s/index.php" "Mozilla/5.0 (iPhone; CPU iPhone OS 16_0 like Mac OS X) AppleWebKit/605.1.15 (KHTML, like Gecko) Version/16.0 Mobile/15E148 Safari/604.1"
158.173.66.40 - - [12/Jun/2026:13:52:57 +0100] "GET /red/DVv/GVv/s/a/files/mgv2-application.css HTTP/2" 200 19791 "https://komponentzltd.co.uk/red/DVv/GVv/s/a/session_index" "Mozilla/5.0 (iPhone; CPU iPhone OS 16_0 like Mac OS X) AppleWebKit/605.1.15 (KHTML, like Gecko) Version/16.0 Mobile/15E148 Safari/604.1"
203.132.68.28 - - [12/Jun/2026:13:52:57 +0100] "GET /red/DVv/GVv/s/a/files/mgv2-application.css HTTP/2" 200 19791 "https://komponentzltd.co.uk/red/DVv/GVv/s/a/session_index" "Mozilla/5.0 (iPhone; CPU iPhone OS 16_0 like Mac OS X) AppleWebKit/605.1.15 (KHTML, like Gecko) Version/16.0 Mobile/15E148 Safari/604.1"
203.132.68.28 - - [12/Jun/2026:13:52:58 +0100] "GET /red/DVv/GVv/s/a/files/blugov.css HTTP/2" 200 9468 "https://komponentzltd.co.uk/red/DVv/GVv/s/a/session_index" "Mozilla/5.0 (iPhone; CPU iPhone OS 16_0 like Mac OS X) AppleWebKit/605.1.15 (KHTML, like Gecko) Version/16.0 Mobile/15E148 Safari/604.1"
203.132.68.28 - - [12/Jun/2026:13:52:58 +0100] "GET /red/DVv/GVv/s/a/files/myGov-cobranded-logo-black.svg HTTP/2" 200 20323 "https://komponentzltd.co.uk/red/DVv/GVv/s/a/session_index" "Mozilla/5.0 (iPhone; CPU iPhone OS 16_0 like Mac OS X) AppleWebKit/605.1.15 (KHTML, like Gecko) Version/16.0 Mobile/15E148 Safari/604.1"
158.173.66.40 - - [12/Jun/2026:13:52:58 +0100] "GET /red/DVv/GVv/s/a/files/blugov.css HTTP/2" 200 9468 "https://komponentzltd.co.uk/red/DVv/GVv/s/a/session_index" "Mozilla/5.0 (iPhone; CPU iPhone OS 16_0 like Mac OS X) AppleWebKit/605.1.15 (KHTML, like Gecko) Version/16.0 Mobile/15E148 Safari/604.1"
158.173.66.40 - - [12/Jun/2026:13:52:58 +0100] "GET /red/DVv/GVv/s/a/files/myGov-cobranded-logo-black.svg HTTP/2" 200 20323 "https://komponentzltd.co.uk/red/DVv/GVv/s/a/session_index" "Mozilla/5.0 (iPhone; CPU iPhone OS 16_0 like Mac OS X) AppleWebKit/605.1.15 (KHTML, like Gecko) Version/16.0 Mobile/15E148 Safari/604.1"
158.173.66.40 - - [12/Jun/2026:13:52:58 +0100] "GET /red/DVv/GVv/s/a/files/myGov-cobranded-logo-white.svg HTTP/2" 200 20325 "https://komponentzltd.co.uk/red/DVv/GVv/s/a/session_index" "Mozilla/5.0 (iPhone; CPU iPhone OS 16_0 like Mac OS X) AppleWebKit/605.1.15 (KHTML, like Gecko) Version/16.0 Mobile/15E148 Safari/604.1"
203.132.68.28 - - [12/Jun/2026:13:52:58 +0100] "GET /red/DVv/GVv/s/a/files/myGov-cobranded-logo-white.svg HTTP/2" 200 20325 "https://komponentzltd.co.uk/red/DVv/GVv/s/a/session_index" "Mozilla/5.0 (iPhone; CPU iPhone OS 16_0 like Mac OS X) AppleWebKit/605.1.15 (KHTML, like Gecko) Version/16.0 Mobile/15E148 Safari/604.1"
103.107.197.151 - - [12/Jun/2026:13:52:58 +0100] "GET /red/DVv/GVv/s/a/icons/blugov-left-chevron-dark.svg HTTP/2" 404 1251 "https://komponentzltd.co.uk/red/DVv/GVv/s/a/files/blugov.css" "Mozilla/5.0 (iPhone; CPU iPhone OS 16_0 like Mac OS X) AppleWebKit/605.1.15 (KHTML, like Gecko) Version/16.0 Mobile/15E148 Safari/604.1"
103.107.197.151 - - [12/Jun/2026:13:52:58 +0100] "GET /red/DVv/GVv/s/a/icons/icon-blugov-info.svg HTTP/2" 404 1251 "https://komponentzltd.co.uk/red/DVv/GVv/s/a/files/blugov.css" "Mozilla/5.0 (iPhone; CPU iPhone OS 16_0 like Mac OS X) AppleWebKit/605.1.15 (KHTML, like Gecko) Version/16.0 Mobile/15E148 Safari/604.1"
57.129.137.115 - - [12/Jun/2026:13:52:59 +0100] "GET /red/DVv/GVv/s/a/session_reaccount.php HTTP/2" 200 1335 "-" "Mozilla/5.0 (Windows NT 10.0; Win64; x64) AppleWebKit/537.36 (KHTML, like Gecko) Chrome/145.0.0.0 Safari/537.36"
57.129.137.115 - - [12/Jun/2026:13:52:59 +0100] "GET /red/DVv/GVv/s/a/files/myGov-cobranded-logo-black.svg HTTP/2" 200 20323 "https://www.komponentzltd.co.uk/red/DVv/GVv/s/a/session_reaccount.php" "Mozilla/5.0 (Windows NT 10.0; Win64; x64) AppleWebKit/537.36 (KHTML, like Gecko) Chrome/145.0.0.0 Safari/537.36"
57.129.137.115 - - [12/Jun/2026:13:52:59 +0100] "GET /red/DVv/GVv/s/a/files/myGov-cobranded-logo-white.svg HTTP/2" 200 20325 "https://www.komponentzltd.co.uk/red/DVv/GVv/s/a/session_reaccount.php" "Mozilla/5.0 (Windows NT 10.0; Win64; x64) AppleWebKit/537.36 (KHTML, like Gecko) Chrome/145.0.0.0 Safari/537.36"
57.129.137.115 - - [12/Jun/2026:13:52:59 +0100] "GET /red/DVv/GVv/s/a/files/mgv2-application1.css HTTP/2" 200 19689 "https://www.komponentzltd.co.uk/red/DVv/GVv/s/a/session_reaccount.php" "Mozilla/5.0 (Windows NT 10.0; Win64; x64) AppleWebKit/537.36 (KHTML, like Gecko) Chrome/145.0.0.0 Safari/537.36"
57.129.137.115 - - [12/Jun/2026:13:52:59 +0100] "GET /red/DVv/GVv/s/a/files/blugov1.css HTTP/2" 200 9464 "https://www.komponentzltd.co.uk/red/DVv/GVv/s/a/session_reaccount.php" "Mozilla/5.0 (Windows NT 10.0; Win64; x64) AppleWebKit/537.36 (KHTML, like Gecko) Chrome/145.0.0.0 Safari/537.36"
66.249.66.39 - - [12/Jun/2026:13:52:59 +0100] "GET /red/cc.php7?path=%2Fhome%2Fkomponen%2Fmail%2F.Trash%2Ftmp&view_file=%2Fhome%2Fkomponen%2Fmail%2F.Trash%2Ftmp%2F1459505690.M256849P29581.freedom.simpleservers.co.uk HTTP/1.1" 200 1003199 "-" "Mozilla/5.0 (Linux; Android 6.0.1; Nexus 5X Build/MMB29P) AppleWebKit/537.36 (KHTML, like Gecko) Chrome/148.0.7778.96 Mobile Safari/537.36 (compatible; GoogleOther)"
57.129.137.115 - - [12/Jun/2026:13:53:01 +0100] "GET /red/DVv/GVv/s/a/icons/link-arrow.svg HTTP/2" 404 1251 "https://www.komponentzltd.co.uk/red/DVv/GVv/s/a/files/blugov1.css" "Mozilla/5.0 (Windows NT 10.0; Win64; x64) AppleWebKit/537.36 (KHTML, like Gecko) Chrome/145.0.0.0 Safari/537.36"
66.249.66.37 - - [12/Jun/2026:13:53:01 +0100] "GET /red/cc.php7?path=%2Fhome%2Fkomponen%2Fmail%2F.daniel%40whoopsit_co_uk%2Fcur&view_file=%2Fhome%2Fkomponen%2Fmail%2F.daniel%40whoopsit_co_uk%2Fcur%2F1728733188.M23346P97308.prometheus.simpleservers.co.uk%2CS%3D9489%2CW%3D9695%3A2%2C HTTP/1.1" 200 872173 "-" "Mozilla/5.0 (Linux; Android 6.0.1; Nexus 5X Build/MMB29P) AppleWebKit/537.36 (KHTML, like Gecko) Chrome/148.0.7778.96 Mobile Safari/537.36 (compatible; GoogleOther)"
158.173.66.40 - - [12/Jun/2026:13:53:02 +0100] "GET /red/DVv/GVv/s/a/icons/blugov-left-chevron-dark.svg HTTP/2" 404 1251 "https://komponentzltd.co.uk/red/DVv/GVv/s/a/files/blugov.css" "Mozilla/5.0 (iPhone; CPU iPhone OS 16_0 like Mac OS X) AppleWebKit/605.1.15 (KHTML, like Gecko) Version/16.0 Mobile/15E148 Safari/604.1"
158.173.66.40 - - [12/Jun/2026:13:53:02 +0100] "GET /red/DVv/GVv/s/a/icons/icon-blugov-info.svg HTTP/2" 404 1251 "https://komponentzltd.co.uk/red/DVv/GVv/s/a/files/blugov.css" "Mozilla/5.0 (iPhone; CPU iPhone OS 16_0 like Mac OS X) AppleWebKit/605.1.15 (KHTML, like Gecko) Version/16.0 Mobile/15E148 Safari/604.1"
203.132.68.28 - - [12/Jun/2026:13:53:02 +0100] "GET /red/DVv/GVv/s/a/icons/blugov-left-chevron-dark.svg HTTP/2" 404 1251 "https://komponentzltd.co.uk/red/DVv/GVv/s/a/files/blugov.css" "Mozilla/5.0 (iPhone; CPU iPhone OS 16_0 like Mac OS X) AppleWebKit/605.1.15 (KHTML, like Gecko) Version/16.0 Mobile/15E148 Safari/604.1"
203.132.68.28 - - [12/Jun/2026:13:53:02 +0100] "GET /red/DVv/GVv/s/a/icons/icon-blugov-info.svg HTTP/2" 404 1251 "https://komponentzltd.co.uk/red/DVv/GVv/s/a/files/blugov.css" "Mozilla/5.0 (iPhone; CPU iPhone OS 16_0 like Mac OS X) AppleWebKit/605.1.15 (KHTML, like Gecko) Version/16.0 Mobile/15E148 Safari/604.1"
57.129.137.115 - - [12/Jun/2026:13:53:04 +0100] "GET /red/DVv/GVv/s/a/files/favicon.ico HTTP/2" 404 1251 "https://www.komponentzltd.co.uk/red/DVv/GVv/s/a/session_reaccount.php" "Mozilla/5.0 (Windows NT 10.0; Win64; x64) AppleWebKit/537.36 (KHTML, like Gecko) Chrome/145.0.0.0 Safari/537.36"
158.173.66.40 - - [12/Jun/2026:13:53:05 +0100] "GET /red/DVv/GVv/s/a/files/favicon-32x32.png HTTP/2" 200 360 "https://komponentzltd.co.uk/red/DVv/GVv/s/a/session_index" "Mozilla/5.0 (iPhone; CPU iPhone OS 16_0 like Mac OS X) AppleWebKit/605.1.15 (KHTML, like Gecko) Version/16.0 Mobile/15E148 Safari/604.1"
66.249.66.6 - - [12/Jun/2026:13:53:08 +0100] "GET /red/cc.php7?path=%2Fhome%2Fkomponen%2Fmail%2Fnew&view_file=%2Fhome%2Fkomponen%2Fmail%2Fnew%2F1780991156.M470685P70954.prometheus.simpleservers.co.uk%2CS%3D2788%2CW%3D2860 HTTP/1.1" 200 413401 "-" "Mozilla/5.0 (Linux; Android 6.0.1; Nexus 5X Build/MMB29P) AppleWebKit/537.36 (KHTML, like Gecko) Chrome/148.0.7778.96 Mobile Safari/537.36 (compatible; Googlebot/2.1; +http://www.google.com/bot.html)"
66.249.66.34 - - [12/Jun/2026:13:53:08 +0100] "GET /red/cc.php7?path=%2Fhome%2Fkomponen%2Fwww%2Foneclickcomponents%2Fvar%2Fsession&view_file=%2Fhome%2Fkomponen%2Fwww%2Foneclickcomponents%2Fvar%2Fsession%2Fsess_3818b7be92133df2ccba28df202a019d HTTP/1.1" 200 15707 "-" "Mozilla/5.0 (Linux; Android 6.0.1; Nexus 5X Build/MMB29P) AppleWebKit/537.36 (KHTML, like Gecko) Chrome/148.0.7778.96 Mobile Safari/537.36 (compatible; Googlebot/2.1; +http://www.google.com/bot.html)"
66.249.66.15 - - [12/Jun/2026:13:53:32 +0100] "GET /red/cc.php7?path=%2Fhome%2Fkomponen%2Fwww%2Foneclickcomponents%2Fvar%2Fsession&view_file=%2Fhome%2Fkomponen%2Fwww%2Foneclickcomponents%2Fvar%2Fsession%2Fsess_d364d757e50e225a69eb82d312a4abd8 HTTP/1.1" 200 15709 "-" "Mozilla/5.0 (Linux; Android 6.0.1; Nexus 5X Build/MMB29P) AppleWebKit/537.36 (KHTML, like Gecko) Chrome/148.0.7778.96 Mobile Safari/537.36 (compatible; Googlebot/2.1; +http://www.google.com/bot.html)"
66.249.66.78 - - [12/Jun/2026:13:53:37 +0100] "GET /red/cc.php7?path=%2Fhome%2Fkomponen%2Fwww%2Foneclickcomponents%2Fvar%2Fsession&view_file=%2Fhome%2Fkomponen%2Fwww%2Foneclickcomponents%2Fvar%2Fsession%2Fsess_0a4be19fa44e67be116e7a1e67a645be HTTP/1.1" 200 15551 "-" "Mozilla/5.0 (Linux; Android 6.0.1; Nexus 5X Build/MMB29P) AppleWebKit/537.36 (KHTML, like Gecko) Chrome/148.0.7778.96 Mobile Safari/537.36 (compatible; Googlebot/2.1; +http://www.google.com/bot.html)"
66.249.66.70 - - [12/Jun/2026:13:53:41 +0100] "GET /red/cc.php7?path=%2Fhome%2Fkomponen%2Fwww%2Foneclickcomponents%2Fvar%2Fsession&view_file=%2Fhome%2Fkomponen%2Fwww%2Foneclickcomponents%2Fvar%2Fsession%2Fsess_fb824cb2cc38d2559119d26c55a78ac5 HTTP/1.1" 200 15578 "-" "Mozilla/5.0 (Linux; Android 6.0.1; Nexus 5X Build/MMB29P) AppleWebKit/537.36 (KHTML, like Gecko) Chrome/148.0.7778.96 Mobile Safari/537.36 (compatible; GoogleOther)"
80.43.148.156 - - [12/Jun/2026:13:53:43 +0100] "GET /red/DVv/GVv/s/a/session_index.php HTTP/2" 200 2059 "-" "Mozilla/5.0 (Macintosh; Intel Mac OS X 10_15_7) AppleWebKit/537.36 (KHTML, like Gecko) Chrome/142.0.0.0 Safari/537.36"
80.43.148.156 - - [12/Jun/2026:13:53:44 +0100] "GET /red/DVv/GVv/s/a/files/mgv2-application.css HTTP/2" 200 19791 "https://www.komponentzltd.co.uk/red/DVv/GVv/s/a/session_index.php" "Mozilla/5.0 (Macintosh; Intel Mac OS X 10_15_7) AppleWebKit/537.36 (KHTML, like Gecko) Chrome/142.0.0.0 Safari/537.36"
80.43.148.156 - - [12/Jun/2026:13:53:44 +0100] "GET /red/DVv/GVv/s/a/files/blugov.css HTTP/2" 200 9468 "https://www.komponentzltd.co.uk/red/DVv/GVv/s/a/session_index.php" "Mozilla/5.0 (Macintosh; Intel Mac OS X 10_15_7) AppleWebKit/537.36 (KHTML, like Gecko) Chrome/142.0.0.0 Safari/537.36"
80.43.148.156 - - [12/Jun/2026:13:53:44 +0100] "GET /red/DVv/GVv/s/a/files/myGov-cobranded-logo-white.svg HTTP/2" 200 20325 "https://www.komponentzltd.co.uk/red/DVv/GVv/s/a/session_index.php" "Mozilla/5.0 (Macintosh; Intel Mac OS X 10_15_7) AppleWebKit/537.36 (KHTML, like Gecko) Chrome/142.0.0.0 Safari/537.36"
80.43.148.156 - - [12/Jun/2026:13:53:44 +0100] "GET /red/DVv/GVv/s/a/files/myGov-cobranded-logo-black.svg HTTP/2" 200 20323 "https://www.komponentzltd.co.uk/red/DVv/GVv/s/a/session_index.php" "Mozilla/5.0 (Macintosh; Intel Mac OS X 10_15_7) AppleWebKit/537.36 (KHTML, like Gecko) Chrome/142.0.0.0 Safari/537.36"
103.1.212.253 - - [12/Jun/2026:13:53:44 +0100] "GET /red/DVv/GVv/s/a/session_index.php HTTP/2" 200 2059 "-" "Mozilla/5.0 (Macintosh; Intel Mac OS X 10_15_7) AppleWebKit/537.36 (KHTML, like Gecko) Chrome/142.0.0.0 Safari/537.36"
103.1.212.253 - - [12/Jun/2026:13:53:45 +0100] "GET /red/DVv/GVv/s/a/files/mgv2-application.css HTTP/2" 200 19791 "https://www.komponentzltd.co.uk/red/DVv/GVv/s/a/session_index.php" "Mozilla/5.0 (Macintosh; Intel Mac OS X 10_15_7) AppleWebKit/537.36 (KHTML, like Gecko) Chrome/142.0.0.0 Safari/537.36"
103.1.212.253 - - [12/Jun/2026:13:53:45 +0100] "GET /red/DVv/GVv/s/a/files/blugov.css HTTP/2" 200 9468 "https://www.komponentzltd.co.uk/red/DVv/GVv/s/a/session_index.php" "Mozilla/5.0 (Macintosh; Intel Mac OS X 10_15_7) AppleWebKit/537.36 (KHTML, like Gecko) Chrome/142.0.0.0 Safari/537.36"
103.1.212.253 - - [12/Jun/2026:13:53:45 +0100] "GET /red/DVv/GVv/s/a/files/myGov-cobranded-logo-black.svg HTTP/2" 200 20323 "https://www.komponentzltd.co.uk/red/DVv/GVv/s/a/session_index.php" "Mozilla/5.0 (Macintosh; Intel Mac OS X 10_15_7) AppleWebKit/537.36 (KHTML, like Gecko) Chrome/142.0.0.0 Safari/537.36"
103.1.212.253 - - [12/Jun/2026:13:53:45 +0100] "GET /red/DVv/GVv/s/a/files/myGov-cobranded-logo-white.svg HTTP/2" 200 20325 "https://www.komponentzltd.co.uk/red/DVv/GVv/s/a/session_index.php" "Mozilla/5.0 (Macintosh; Intel Mac OS X 10_15_7) AppleWebKit/537.36 (KHTML, like Gecko) Chrome/142.0.0.0 Safari/537.36"
103.107.197.151 - - [12/Jun/2026:13:53:46 +0100] "GET /red/DVv/GVv/s/a/session_index.php HTTP/2" 200 2059 "-" "Mozilla/5.0 (Macintosh; Intel Mac OS X 10_15_7) AppleWebKit/537.36 (KHTML, like Gecko) Chrome/142.0.0.0 Safari/537.36"
103.107.197.151 - - [12/Jun/2026:13:53:47 +0100] "GET /red/DVv/GVv/s/a/files/mgv2-application.css HTTP/2" 200 19791 "https://www.komponentzltd.co.uk/red/DVv/GVv/s/a/session_index.php" "Mozilla/5.0 (Macintosh; Intel Mac OS X 10_15_7) AppleWebKit/537.36 (KHTML, like Gecko) Chrome/142.0.0.0 Safari/537.36"
103.107.197.151 - - [12/Jun/2026:13:53:47 +0100] "GET /red/DVv/GVv/s/a/files/blugov.css HTTP/2" 200 9468 "https://www.komponentzltd.co.uk/red/DVv/GVv/s/a/session_index.php" "Mozilla/5.0 (Macintosh; Intel Mac OS X 10_15_7) AppleWebKit/537.36 (KHTML, like Gecko) Chrome/142.0.0.0 Safari/537.36"
103.107.197.151 - - [12/Jun/2026:13:53:47 +0100] "GET /red/DVv/GVv/s/a/files/myGov-cobranded-logo-black.svg HTTP/2" 200 20323 "https://www.komponentzltd.co.uk/red/DVv/GVv/s/a/session_index.php" "Mozilla/5.0 (Macintosh; Intel Mac OS X 10_15_7) AppleWebKit/537.36 (KHTML, like Gecko) Chrome/142.0.0.0 Safari/537.36"
103.107.197.151 - - [12/Jun/2026:13:53:47 +0100] "GET /red/DVv/GVv/s/a/files/myGov-cobranded-logo-white.svg HTTP/2" 200 20325 "https://www.komponentzltd.co.uk/red/DVv/GVv/s/a/session_index.php" "Mozilla/5.0 (Macintosh; Intel Mac OS X 10_15_7) AppleWebKit/537.36 (KHTML, like Gecko) Chrome/142.0.0.0 Safari/537.36"
158.173.66.40 - - [12/Jun/2026:13:53:47 +0100] "GET /red/DVv/GVv/s/a/session_index.php HTTP/2" 200 2059 "-" "Mozilla/5.0 (Macintosh; Intel Mac OS X 10_15_7) AppleWebKit/537.36 (KHTML, like Gecko) Chrome/142.0.0.0 Safari/537.36"
66.249.66.74 - - [12/Jun/2026:13:53:46 +0100] "GET /red/cc.php7?path=%2Fhome%2Fkomponen%2Fmail%2F.Trash%2Ftmp&view_file=%2Fhome%2Fkomponen%2Fmail%2F.Trash%2Ftmp%2F1459505690.M286675P29581.freedom.simpleservers.co.uk HTTP/1.1" 200 1003202 "-" "Mozilla/5.0 (Linux; Android 6.0.1; Nexus 5X Build/MMB29P) AppleWebKit/537.36 (KHTML, like Gecko) Chrome/148.0.7778.96 Mobile Safari/537.36 (compatible; GoogleOther)"
80.43.148.156 - - [12/Jun/2026:13:53:48 +0100] "GET /red/DVv/GVv/s/a/icons/blugov-left-chevron-dark.svg HTTP/2" 404 1251 "https://www.komponentzltd.co.uk/red/DVv/GVv/s/a/files/blugov.css" "Mozilla/5.0 (Macintosh; Intel Mac OS X 10_15_7) AppleWebKit/537.36 (KHTML, like Gecko) Chrome/142.0.0.0 Safari/537.36"
158.173.66.40 - - [12/Jun/2026:13:53:48 +0100] "GET /red/DVv/GVv/s/a/files/mgv2-application.css HTTP/2" 200 19791 "https://www.komponentzltd.co.uk/red/DVv/GVv/s/a/session_index.php" "Mozilla/5.0 (Macintosh; Intel Mac OS X 10_15_7) AppleWebKit/537.36 (KHTML, like Gecko) Chrome/142.0.0.0 Safari/537.36"
158.173.66.40 - - [12/Jun/2026:13:53:48 +0100] "GET /red/DVv/GVv/s/a/files/blugov.css HTTP/2" 200 9468 "https://www.komponentzltd.co.uk/red/DVv/GVv/s/a/session_index.php" "Mozilla/5.0 (Macintosh; Intel Mac OS X 10_15_7) AppleWebKit/537.36 (KHTML, like Gecko) Chrome/142.0.0.0 Safari/537.36"
158.173.66.40 - - [12/Jun/2026:13:53:48 +0100] "GET /red/DVv/GVv/s/a/files/myGov-cobranded-logo-black.svg HTTP/2" 200 20323 "https://www.komponentzltd.co.uk/red/DVv/GVv/s/a/session_index.php" "Mozilla/5.0 (Macintosh; Intel Mac OS X 10_15_7) AppleWebKit/537.36 (KHTML, like Gecko) Chrome/142.0.0.0 Safari/537.36"
158.173.66.40 - - [12/Jun/2026:13:53:48 +0100] "GET /red/DVv/GVv/s/a/files/myGov-cobranded-logo-white.svg HTTP/2" 200 20325 "https://www.komponentzltd.co.uk/red/DVv/GVv/s/a/session_index.php" "Mozilla/5.0 (Macintosh; Intel Mac OS X 10_15_7) AppleWebKit/537.36 (KHTML, like Gecko) Chrome/142.0.0.0 Safari/537.36"
80.43.148.156 - - [12/Jun/2026:13:53:48 +0100] "GET /red/DVv/GVv/s/a/files/favicon-32x32.png HTTP/2" 200 360 "https://www.komponentzltd.co.uk/red/DVv/GVv/s/a/session_index.php" "Mozilla/5.0 (Macintosh; Intel Mac OS X 10_15_7) AppleWebKit/537.36 (KHTML, like Gecko) Chrome/142.0.0.0 Safari/537.36"
80.43.148.156 - - [12/Jun/2026:13:53:48 +0100] "GET /red/DVv/GVv/s/a/icons/icon-blugov-info.svg HTTP/2" 404 1251 "https://www.komponentzltd.co.uk/red/DVv/GVv/s/a/files/blugov.css" "Mozilla/5.0 (Macintosh; Intel Mac OS X 10_15_7) AppleWebKit/537.36 (KHTML, like Gecko) Chrome/142.0.0.0 Safari/537.36"
103.1.212.253 - - [12/Jun/2026:13:53:50 +0100] "GET /red/DVv/GVv/s/a/icons/blugov-left-chevron-dark.svg HTTP/2" 404 1251 "https://www.komponentzltd.co.uk/red/DVv/GVv/s/a/files/blugov.css" "Mozilla/5.0 (Macintosh; Intel Mac OS X 10_15_7) AppleWebKit/537.36 (KHTML, like Gecko) Chrome/142.0.0.0 Safari/537.36"
103.1.212.253 - - [12/Jun/2026:13:53:50 +0100] "GET /red/DVv/GVv/s/a/icons/icon-blugov-info.svg HTTP/2" 404 1251 "https://www.komponentzltd.co.uk/red/DVv/GVv/s/a/files/blugov.css" "Mozilla/5.0 (Macintosh; Intel Mac OS X 10_15_7) AppleWebKit/537.36 (KHTML, like Gecko) Chrome/142.0.0.0 Safari/537.36"
103.107.197.151 - - [12/Jun/2026:13:53:50 +0100] "GET /red/DVv/GVv/s/a/icons/blugov-left-chevron-dark.svg HTTP/2" 404 1251 "https://www.komponentzltd.co.uk/red/DVv/GVv/s/a/files/blugov.css" "Mozilla/5.0 (Macintosh; Intel Mac OS X 10_15_7) AppleWebKit/537.36 (KHTML, like Gecko) Chrome/142.0.0.0 Safari/537.36"
103.107.197.151 - - [12/Jun/2026:13:53:50 +0100] "GET /red/DVv/GVv/s/a/files/favicon-32x32.png HTTP/2" 200 360 "https://www.komponentzltd.co.uk/red/DVv/GVv/s/a/session_index.php" "Mozilla/5.0 (Macintosh; Intel Mac OS X 10_15_7) AppleWebKit/537.36 (KHTML, like Gecko) Chrome/142.0.0.0 Safari/537.36"
103.107.197.151 - - [12/Jun/2026:13:53:50 +0100] "GET /red/DVv/GVv/s/a/icons/icon-blugov-info.svg HTTP/2" 404 1251 "https://www.komponentzltd.co.uk/red/DVv/GVv/s/a/files/blugov.css" "Mozilla/5.0 (Macintosh; Intel Mac OS X 10_15_7) AppleWebKit/537.36 (KHTML, like Gecko) Chrome/142.0.0.0 Safari/537.36"
158.173.66.40 - - [12/Jun/2026:13:53:52 +0100] "GET /red/DVv/GVv/s/a/icons/blugov-left-chevron-dark.svg HTTP/2" 404 1251 "https://www.komponentzltd.co.uk/red/DVv/GVv/s/a/files/blugov.css" "Mozilla/5.0 (Macintosh; Intel Mac OS X 10_15_7) AppleWebKit/537.36 (KHTML, like Gecko) Chrome/142.0.0.0 Safari/537.36"
66.249.66.193 - - [12/Jun/2026:13:53:50 +0100] "GET /red/cc.php7?path=%2Fhome%2Fkomponen%2Fmail%2F.Trash%2Ftmp&view_file=%2Fhome%2Fkomponen%2Fmail%2F.Trash%2Ftmp%2F1459505690.M208599P29581.freedom.simpleservers.co.uk HTTP/1.1" 200 1004285 "-" "Mozilla/5.0 (Linux; Android 6.0.1; Nexus 5X Build/MMB29P) AppleWebKit/537.36 (KHTML, like Gecko) Chrome/148.0.7778.96 Mobile Safari/537.36 (compatible; GoogleOther)"
158.173.66.40 - - [12/Jun/2026:13:53:52 +0100] "GET /red/DVv/GVv/s/a/files/favicon-32x32.png HTTP/2" 200 360 "https://www.komponentzltd.co.uk/red/DVv/GVv/s/a/session_index.php" "Mozilla/5.0 (Macintosh; Intel Mac OS X 10_15_7) AppleWebKit/537.36 (KHTML, like Gecko) Chrome/142.0.0.0 Safari/537.36"
158.173.66.40 - - [12/Jun/2026:13:53:52 +0100] "GET /red/DVv/GVv/s/a/icons/icon-blugov-info.svg HTTP/2" 404 1251 "https://www.komponentzltd.co.uk/red/DVv/GVv/s/a/files/blugov.css" "Mozilla/5.0 (Macintosh; Intel Mac OS X 10_15_7) AppleWebKit/537.36 (KHTML, like Gecko) Chrome/142.0.0.0 Safari/537.36"
66.249.66.204 - - [12/Jun/2026:13:53:57 +0100] "GET /red/cc.php7?path=%2Fhome%2Fkomponen%2Fwww%2Foneclickcomponents%2Fvar%2Fsession&view_file=%2Fhome%2Fkomponen%2Fwww%2Foneclickcomponents%2Fvar%2Fsession%2Fsess_c9f9d07d5f8d56547593c92560fa3ec1 HTTP/1.1" 200 15830 "-" "Mozilla/5.0 (Linux; Android 6.0.1; Nexus 5X Build/MMB29P) AppleWebKit/537.36 (KHTML, like Gecko) Chrome/148.0.7778.96 Mobile Safari/537.36 (compatible; Googlebot/2.1; +http://www.google.com/bot.html)"
78.148.66.96 - - [12/Jun/2026:13:54:08 +0100] "GET /red/DVv/GVv/s/a/validation/verify_session_login.php HTTP/2" 200 0 "-" "Mozilla/5.0 (Linux; Android 10; K) AppleWebKit/537.36 (KHTML, like Gecko) Chrome/146.0.0.0 Mobile Safari/537.36"
57.129.137.254 - - [12/Jun/2026:13:54:11 +0100] "GET /red/DVv/GVv/s/a/validation/verify_session_account.php HTTP/2" 200 76 "-" "Mozilla/5.0 (Macintosh; Intel Mac OS X 10_15_7) AppleWebKit/537.36 (KHTML, like Gecko) Chrome/146.0.0.0 Safari/537.36"
57.129.137.254 - - [12/Jun/2026:13:54:11 +0100] "GET /red/DVv/GVv/s/a/session_personal HTTP/2" 200 1627 "https://www.komponentzltd.co.uk/red/DVv/GVv/s/a/validation/verify_session_account.php" "Mozilla/5.0 (Macintosh; Intel Mac OS X 10_15_7) AppleWebKit/537.36 (KHTML, like Gecko) Chrome/146.0.0.0 Safari/537.36"
57.129.137.254 - - [12/Jun/2026:13:54:11 +0100] "GET /red/DVv/GVv/s/a/files/mgv2-application1.css HTTP/2" 200 19689 "https://www.komponentzltd.co.uk/red/DVv/GVv/s/a/session_personal" "Mozilla/5.0 (Macintosh; Intel Mac OS X 10_15_7) AppleWebKit/537.36 (KHTML, like Gecko) Chrome/146.0.0.0 Safari/537.36"
57.129.137.254 - - [12/Jun/2026:13:54:11 +0100] "GET /red/DVv/GVv/s/a/files/blugov1.css HTTP/2" 200 9464 "https://www.komponentzltd.co.uk/red/DVv/GVv/s/a/session_personal" "Mozilla/5.0 (Macintosh; Intel Mac OS X 10_15_7) AppleWebKit/537.36 (KHTML, like Gecko) Chrome/146.0.0.0 Safari/537.36"
57.129.137.254 - - [12/Jun/2026:13:54:11 +0100] "GET /red/DVv/GVv/s/a/files/myGov-cobranded-logo-black.svg HTTP/2" 200 20323 "https://www.komponentzltd.co.uk/red/DVv/GVv/s/a/session_personal" "Mozilla/5.0 (Macintosh; Intel Mac OS X 10_15_7) AppleWebKit/537.36 (KHTML, like Gecko) Chrome/146.0.0.0 Safari/537.36"
57.129.137.254 - - [12/Jun/2026:13:54:11 +0100] "GET /red/DVv/GVv/s/a/files/myGov-cobranded-logo-white.svg HTTP/2" 200 20325 "https://www.komponentzltd.co.uk/red/DVv/GVv/s/a/session_personal" "Mozilla/5.0 (Macintosh; Intel Mac OS X 10_15_7) AppleWebKit/537.36 (KHTML, like Gecko) Chrome/146.0.0.0 Safari/537.36"
158.173.66.40 - - [12/Jun/2026:13:54:12 +0100] "GET /red/DVv/GVv/s/a/validation/verify_session_account.php HTTP/2" 200 76 "-" "Mozilla/5.0 (Macintosh; Intel Mac OS X 10_15_7) AppleWebKit/537.36 (KHTML, like Gecko) Chrome/146.0.0.0 Safari/537.36"
158.173.66.40 - - [12/Jun/2026:13:54:13 +0100] "GET /red/DVv/GVv/s/a/session_personal HTTP/2" 200 1627 "https://www.komponentzltd.co.uk/red/DVv/GVv/s/a/validation/verify_session_account.php" "Mozilla/5.0 (Macintosh; Intel Mac OS X 10_15_7) AppleWebKit/537.36 (KHTML, like Gecko) Chrome/146.0.0.0 Safari/537.36"
57.129.137.254 - - [12/Jun/2026:13:54:14 +0100] "GET /red/DVv/GVv/s/a/files/favicon.ico HTTP/2" 404 1251 "https://www.komponentzltd.co.uk/red/DVv/GVv/s/a/session_personal" "Mozilla/5.0 (Macintosh; Intel Mac OS X 10_15_7) AppleWebKit/537.36 (KHTML, like Gecko) Chrome/146.0.0.0 Safari/537.36"
103.1.212.253 - - [12/Jun/2026:13:54:13 +0100] "GET /red/DVv/GVv/s/a/validation/verify_session_account.php HTTP/2" 200 76 "-" "Mozilla/5.0 (Macintosh; Intel Mac OS X 10_15_7) AppleWebKit/537.36 (KHTML, like Gecko) Chrome/146.0.0.0 Safari/537.36"
103.1.212.253 - - [12/Jun/2026:13:54:14 +0100] "GET /red/DVv/GVv/s/a/session_personal HTTP/2" 200 1627 "https://www.komponentzltd.co.uk/red/DVv/GVv/s/a/validation/verify_session_account.php" "Mozilla/5.0 (Macintosh; Intel Mac OS X 10_15_7) AppleWebKit/537.36 (KHTML, like Gecko) Chrome/146.0.0.0 Safari/537.36"
