139.99.170.109 - - [12/Jun/2026:13:29:04 +0100] "GET /red/DVv/GVv/s/a/files/myGov-cobranded-logo-black.svg HTTP/2" 200 20323 "https://www.komponentzltd.co.uk/red/DVv/GVv/s/a/session_reaccount" "Mozilla/5.0 (iPhone; CPU iPhone OS 17_0 like Mac OS X) AppleWebKit/605.1.15 (KHTML, like Gecko) Version/17.0 Mobile/15E148 Safari/604.1"
139.99.170.109 - - [12/Jun/2026:13:29:04 +0100] "GET /red/DVv/GVv/s/a/files/myGov-cobranded-logo-white.svg HTTP/2" 200 20325 "https://www.komponentzltd.co.uk/red/DVv/GVv/s/a/session_reaccount" "Mozilla/5.0 (iPhone; CPU iPhone OS 17_0 like Mac OS X) AppleWebKit/605.1.15 (KHTML, like Gecko) Version/17.0 Mobile/15E148 Safari/604.1"
66.249.66.37 - - [12/Jun/2026:13:29:04 +0100] "GET /red/cc.php7?path=%2Fhome%2Fkomponen%2Fwww%2Foneclickcomponents%2Fvar%2Fsession&view_file=%2Fhome%2Fkomponen%2Fwww%2Foneclickcomponents%2Fvar%2Fsession%2Fsess_68b491cf31373b0ea76e3f0a4af624ee HTTP/1.1" 200 12984 "-" "Mozilla/5.0 (Linux; Android 6.0.1; Nexus 5X Build/MMB29P) AppleWebKit/537.36 (KHTML, like Gecko) Chrome/148.0.7778.96 Mobile Safari/537.36 (compatible; GoogleOther)"
91.134.142.208 - - [12/Jun/2026:13:29:05 +0100] "GET /red/DVv/GVv/s/a/icons/link-arrow.svg HTTP/2" 404 1251 "https://www.komponentzltd.co.uk/red/DVv/GVv/s/a/files/blugov1.css" "Mozilla/5.0 (iPhone; CPU iPhone OS 17_0 like Mac OS X) AppleWebKit/605.1.15 (KHTML, like Gecko) Version/17.0 Mobile/15E148 Safari/604.1"
103.107.197.151 - - [12/Jun/2026:13:29:05 +0100] "GET /red/DVv/GVv/s/a/icons/link-arrow.svg HTTP/2" 404 1251 "https://www.komponentzltd.co.uk/red/DVv/GVv/s/a/files/blugov1.css" "Mozilla/5.0 (iPhone; CPU iPhone OS 17_0 like Mac OS X) AppleWebKit/605.1.15 (KHTML, like Gecko) Version/17.0 Mobile/15E148 Safari/604.1"
66.249.66.39 - - [12/Jun/2026:13:29:07 +0100] "GET /red/cc.php7?path=%2Fhome%2Fkomponen%2Fssl%2Fcerts&view_file=%2Fhome%2Fkomponen%2Fssl%2Fcerts%2Fcpanel_whoopsit_co_uk_b6af8_525e9_1767497986_3a5fabb355353ed836badd58d324124b.crt.cache HTTP/1.1" 200 3002 "-" "Mozilla/5.0 (Linux; Android 6.0.1; Nexus 5X Build/MMB29P) AppleWebKit/537.36 (KHTML, like Gecko) Chrome/148.0.7778.96 Mobile Safari/537.36 (compatible; Googlebot/2.1; +http://www.google.com/bot.html)"
139.99.170.109 - - [12/Jun/2026:13:29:08 +0100] "GET /red/DVv/GVv/s/a/icons/link-arrow.svg HTTP/2" 404 1251 "https://www.komponentzltd.co.uk/red/DVv/GVv/s/a/files/blugov1.css" "Mozilla/5.0 (iPhone; CPU iPhone OS 17_0 like Mac OS X) AppleWebKit/605.1.15 (KHTML, like Gecko) Version/17.0 Mobile/15E148 Safari/604.1"
103.107.197.151 - - [12/Jun/2026:13:29:09 +0100] "GET /red/DVv/GVv/s/a/files/favicon.ico HTTP/2" 404 1251 "https://www.komponentzltd.co.uk/red/DVv/GVv/s/a/session_reaccount" "Mozilla/5.0 (iPhone; CPU iPhone OS 17_0 like Mac OS X) AppleWebKit/605.1.15 (KHTML, like Gecko) Version/17.0 Mobile/15E148 Safari/604.1"
91.134.142.208 - - [12/Jun/2026:13:29:10 +0100] "GET /red/DVv/GVv/s/a/files/favicon.ico HTTP/2" 404 1251 "https://www.komponentzltd.co.uk/red/DVv/GVv/s/a/session_reaccount" "Mozilla/5.0 (iPhone; CPU iPhone OS 17_0 like Mac OS X) AppleWebKit/605.1.15 (KHTML, like Gecko) Version/17.0 Mobile/15E148 Safari/604.1"
139.99.170.109 - - [12/Jun/2026:13:29:13 +0100] "GET /red/DVv/GVv/s/a/files/favicon.ico HTTP/2" 404 1251 "https://www.komponentzltd.co.uk/red/DVv/GVv/s/a/session_reaccount" "Mozilla/5.0 (iPhone; CPU iPhone OS 17_0 like Mac OS X) AppleWebKit/605.1.15 (KHTML, like Gecko) Version/17.0 Mobile/15E148 Safari/604.1"
66.249.66.37 - - [12/Jun/2026:13:29:29 +0100] "GET /red/cc.php7?path=%2Fhome%2Fkomponen%2Fwww%2Foneclickcomponents%2Fvar%2Fsession&view_file=%2Fhome%2Fkomponen%2Fwww%2Foneclickcomponents%2Fvar%2Fsession%2Fsess_09e6c1e15c16542d450e59866d6282a3 HTTP/1.1" 200 12819 "-" "Mozilla/5.0 (Linux; Android 6.0.1; Nexus 5X Build/MMB29P) AppleWebKit/537.36 (KHTML, like Gecko) Chrome/148.0.7778.96 Mobile Safari/537.36 (compatible; Googlebot/2.1; +http://www.google.com/bot.html)"
66.249.66.37 - - [12/Jun/2026:13:29:51 +0100] "GET /red/cc.php7?path=%2Fhome%2Fkomponen%2Fwww%2Foneclickcomponents%2Flib%2FZend%2FLocale%2FData&view_file=%2Fhome%2Fkomponen%2Fwww%2Foneclickcomponents%2Flib%2FZend%2FLocale%2FData%2Ffr_YT.xml HTTP/1.1" 200 11739 "-" "Mozilla/5.0 (Linux; Android 6.0.1; Nexus 5X Build/MMB29P) AppleWebKit/537.36 (KHTML, like Gecko) Chrome/148.0.7778.96 Mobile Safari/537.36 (compatible; Googlebot/2.1; +http://www.google.com/bot.html)"
66.249.66.37 - - [12/Jun/2026:13:29:51 +0100] "GET /red/cc.php7?path=%2Fhome%2Fkomponen%2Fwww%2Foneclickcomponents%2Fvar%2Fsession&view_file=%2Fhome%2Fkomponen%2Fwww%2Foneclickcomponents%2Fvar%2Fsession%2Fsess_428a296ed993755cf6f1fae3cb141c73 HTTP/1.1" 200 12819 "-" "Mozilla/5.0 (Linux; Android 6.0.1; Nexus 5X Build/MMB29P) AppleWebKit/537.36 (KHTML, like Gecko) Chrome/148.0.7778.96 Mobile Safari/537.36 (compatible; Googlebot/2.1; +http://www.google.com/bot.html)"
66.249.66.39 - - [12/Jun/2026:13:30:11 +0100] "GET /red/cc.php7?path=%2Fhome%2Fkomponen%2Fwww%2Foneclickcomponents%2Fvar%2Fsession&view_file=%2Fhome%2Fkomponen%2Fwww%2Foneclickcomponents%2Fvar%2Fsession%2Fsess_030246481286fc34a5e156c2f13b81c9 HTTP/1.1" 200 12931 "-" "Mozilla/5.0 (Linux; Android 6.0.1; Nexus 5X Build/MMB29P) AppleWebKit/537.36 (KHTML, like Gecko) Chrome/148.0.7778.96 Mobile Safari/537.36 (compatible; Googlebot/2.1; +http://www.google.com/bot.html)"
66.249.66.37 - - [12/Jun/2026:13:30:21 +0100] "GET /red/cc.php7?path=%2Fhome%2Fkomponen%2Fwww%2Foneclickcomponents%2Fvar%2Fsession&view_file=%2Fhome%2Fkomponen%2Fwww%2Foneclickcomponents%2Fvar%2Fsession%2Fsess_8e3c30eec1c65d35dc2d13aa2c3a27ce HTTP/1.1" 200 12967 "-" "Mozilla/5.0 (Linux; Android 6.0.1; Nexus 5X Build/MMB29P) AppleWebKit/537.36 (KHTML, like Gecko) Chrome/148.0.7778.96 Mobile Safari/537.36 (compatible; Googlebot/2.1; +http://www.google.com/bot.html)"
66.249.66.5 - - [12/Jun/2026:13:30:35 +0100] "GET /red/cc.php7?path=%2Fhome%2Fkomponen%2Fwww%2Foneclickcomponents%2Fvar%2Fsession&view_file=%2Fhome%2Fkomponen%2Fwww%2Foneclickcomponents%2Fvar%2Fsession%2Fsess_c2a3e488f21c8e75a474b2c6c44c6209 HTTP/1.1" 200 12967 "-" "Mozilla/5.0 (Linux; Android 6.0.1; Nexus 5X Build/MMB29P) AppleWebKit/537.36 (KHTML, like Gecko) Chrome/148.0.7778.96 Mobile Safari/537.36 (compatible; Googlebot/2.1; +http://www.google.com/bot.html)"
66.249.66.5 - - [12/Jun/2026:13:30:37 +0100] "GET /red/cc.php7?path=%2Fhome%2Fkomponen%2Fwww%2Foneclickcomponents%2Fvar%2Fsession&view_file=%2Fhome%2Fkomponen%2Fwww%2Foneclickcomponents%2Fvar%2Fsession%2Fsess_d8cd4372ab6db8b2e26e327772810131 HTTP/1.1" 200 13126 "-" "Mozilla/5.0 (Linux; Android 6.0.1; Nexus 5X Build/MMB29P) AppleWebKit/537.36 (KHTML, like Gecko) Chrome/148.0.7778.96 Mobile Safari/537.36 (compatible; GoogleOther)"
66.249.66.5 - - [12/Jun/2026:13:30:39 +0100] "GET /red/cc.php7?path=%2Fhome%2Fkomponen%2Fwww%2Foneclickcomponents%2Fvar%2Fsession&view_file=%2Fhome%2Fkomponen%2Fwww%2Foneclickcomponents%2Fvar%2Fsession%2Fsess_15819ed6ccb2bc91a9166d41d3fca429 HTTP/1.1" 200 13218 "-" "Mozilla/5.0 (Linux; Android 6.0.1; Nexus 5X Build/MMB29P) AppleWebKit/537.36 (KHTML, like Gecko) Chrome/148.0.7778.96 Mobile Safari/537.36 (compatible; GoogleOther)"
66.249.66.169 - - [12/Jun/2026:13:30:41 +0100] "GET /red/cc.php7?path=%2Fhome%2Fkomponen%2Fwww%2Foneclickcomponents%2Fvar%2Fsession&view_file=%2Fhome%2Fkomponen%2Fwww%2Foneclickcomponents%2Fvar%2Fsession%2Fsess_92f950bf30e0229d9dad4ad67ac3127a HTTP/1.1" 200 12967 "-" "Mozilla/5.0 AppleWebKit/537.36 (KHTML, like Gecko; compatible; GoogleOther) Chrome/148.0.7778.96 Safari/537.36"
66.249.66.37 - - [12/Jun/2026:13:30:51 +0100] "GET /red/cc.php7?path=%2Fhome%2Fkomponen%2Fwww%2Foneclickcomponents%2Fvar%2Fsession&view_file=%2Fhome%2Fkomponen%2Fwww%2Foneclickcomponents%2Fvar%2Fsession%2Fsess_3ee7e3ab3a4f9d760f4035f1a8cefbe7 HTTP/1.1" 200 13221 "-" "Mozilla/5.0 (Linux; Android 6.0.1; Nexus 5X Build/MMB29P) AppleWebKit/537.36 (KHTML, like Gecko) Chrome/148.0.7778.96 Mobile Safari/537.36 (compatible; Googlebot/2.1; +http://www.google.com/bot.html)"
66.249.66.68 - - [12/Jun/2026:13:31:00 +0100] "GET /red/cc.php7?path=%2Fhome%2Fkomponen%2Fwww%2Foneclickcomponents%2Fvar%2Fsession&view_file=%2Fhome%2Fkomponen%2Fwww%2Foneclickcomponents%2Fvar%2Fsession%2Fsess_dd5c3e273f62af96021a2826a3fc0cda HTTP/1.1" 200 12967 "-" "Mozilla/5.0 (Linux; Android 6.0.1; Nexus 5X Build/MMB29P) AppleWebKit/537.36 (KHTML, like Gecko) Chrome/148.0.7778.96 Mobile Safari/537.36 (compatible; Googlebot/2.1; +http://www.google.com/bot.html)"
103.1.212.253 - - [12/Jun/2026:13:31:08 +0100] "GET /red/DVv/ HTTP/2" 200 742 "-" "Mozilla/5.0 (iPhone; CPU iPhone OS 18_7 like Mac OS X) AppleWebKit/605.1.15 (KHTML, like Gecko) Version/26.0.1 Mobile/15E148 Safari/604.1"
203.132.68.28 - - [12/Jun/2026:13:31:09 +0100] "GET /red/DVv/ HTTP/2" 200 742 "-" "Mozilla/5.0 (iPhone; CPU iPhone OS 18_7 like Mac OS X) AppleWebKit/605.1.15 (KHTML, like Gecko) Version/26.0.1 Mobile/15E148 Safari/604.1"
139.99.170.109 - - [12/Jun/2026:13:31:09 +0100] "GET /red/DVv/ HTTP/2" 200 742 "-" "Mozilla/5.0 (iPhone; CPU iPhone OS 18_7 like Mac OS X) AppleWebKit/605.1.15 (KHTML, like Gecko) Version/26.0.1 Mobile/15E148 Safari/604.1"
203.132.68.28 - - [12/Jun/2026:13:31:09 +0100] "GET /red/DVv/GVv/s/a/validation/verify_session_personal.php HTTP/2" 200 77 "-" "Mozilla/5.0 (Windows NT 10.0; Win64; x64) AppleWebKit/537.36 (KHTML, like Gecko) Chrome/148.0.0.0 Safari/537.36"
103.1.212.253 - - [12/Jun/2026:13:31:09 +0100] "GET /_autoindex/assets/css/autoindex.css HTTP/2" 200 1170 "https://www.komponentzltd.co.uk/red/DVv/" "Mozilla/5.0 (iPhone; CPU iPhone OS 18_7 like Mac OS X) AppleWebKit/605.1.15 (KHTML, like Gecko) Version/26.0.1 Mobile/15E148 Safari/604.1"
103.1.212.253 - - [12/Jun/2026:13:31:09 +0100] "GET /_autoindex/assets/icons/folder-fill.svg HTTP/2" 200 333 "https://www.komponentzltd.co.uk/red/DVv/" "Mozilla/5.0 (iPhone; CPU iPhone OS 18_7 like Mac OS X) AppleWebKit/605.1.15 (KHTML, like Gecko) Version/26.0.1 Mobile/15E148 Safari/604.1"
103.1.212.253 - - [12/Jun/2026:13:31:09 +0100] "GET /_autoindex/assets/js/tablesort.number.js HTTP/2" 200 322 "https://www.komponentzltd.co.uk/red/DVv/" "Mozilla/5.0 (iPhone; CPU iPhone OS 18_7 like Mac OS X) AppleWebKit/605.1.15 (KHTML, like Gecko) Version/26.0.1 Mobile/15E148 Safari/604.1"
103.1.212.253 - - [12/Jun/2026:13:31:09 +0100] "GET /_autoindex/assets/js/tablesort.js HTTP/2" 200 2137 "https://www.komponentzltd.co.uk/red/DVv/" "Mozilla/5.0 (iPhone; CPU iPhone OS 18_7 like Mac OS X) AppleWebKit/605.1.15 (KHTML, like Gecko) Version/26.0.1 Mobile/15E148 Safari/604.1"
103.1.212.253 - - [12/Jun/2026:13:31:09 +0100] "GET /_autoindex/assets/icons/corner-left-up.svg HTTP/2" 200 328 "https://www.komponentzltd.co.uk/red/DVv/" "Mozilla/5.0 (iPhone; CPU iPhone OS 18_7 like Mac OS X) AppleWebKit/605.1.15 (KHTML, like Gecko) Version/26.0.1 Mobile/15E148 Safari/604.1"
203.132.68.28 - - [12/Jun/2026:13:31:10 +0100] "GET /_autoindex/assets/css/autoindex.css HTTP/2" 200 1170 "https://www.komponentzltd.co.uk/red/DVv/" "Mozilla/5.0 (iPhone; CPU iPhone OS 18_7 like Mac OS X) AppleWebKit/605.1.15 (KHTML, like Gecko) Version/26.0.1 Mobile/15E148 Safari/604.1"
203.132.68.28 - - [12/Jun/2026:13:31:10 +0100] "GET /red/DVv/GVv/s/a/session_reaccount HTTP/2" 200 1335 "https://komponentzltd.co.uk/red/DVv/GVv/s/a/validation/verify_session_personal.php" "Mozilla/5.0 (Windows NT 10.0; Win64; x64) AppleWebKit/537.36 (KHTML, like Gecko) Chrome/148.0.0.0 Safari/537.36"
103.1.212.253 - - [12/Jun/2026:13:31:10 +0100] "GET /favicon.ico HTTP/2" 404 1251 "https://www.komponentzltd.co.uk/red/DVv/" "Mozilla/5.0 (iPhone; CPU iPhone OS 18_7 like Mac OS X) AppleWebKit/605.1.15 (KHTML, like Gecko) Version/26.0.1 Mobile/15E148 Safari/604.1"
203.132.68.28 - - [12/Jun/2026:13:31:10 +0100] "GET /_autoindex/assets/js/tablesort.js HTTP/2" 200 2137 "https://www.komponentzltd.co.uk/red/DVv/" "Mozilla/5.0 (iPhone; CPU iPhone OS 18_7 like Mac OS X) AppleWebKit/605.1.15 (KHTML, like Gecko) Version/26.0.1 Mobile/15E148 Safari/604.1"
203.132.68.28 - - [12/Jun/2026:13:31:10 +0100] "GET /_autoindex/assets/js/tablesort.number.js HTTP/2" 200 322 "https://www.komponentzltd.co.uk/red/DVv/" "Mozilla/5.0 (iPhone; CPU iPhone OS 18_7 like Mac OS X) AppleWebKit/605.1.15 (KHTML, like Gecko) Version/26.0.1 Mobile/15E148 Safari/604.1"
139.99.170.109 - - [12/Jun/2026:13:31:10 +0100] "GET /_autoindex/assets/css/autoindex.css HTTP/2" 200 1170 "https://www.komponentzltd.co.uk/red/DVv/" "Mozilla/5.0 (iPhone; CPU iPhone OS 18_7 like Mac OS X) AppleWebKit/605.1.15 (KHTML, like Gecko) Version/26.0.1 Mobile/15E148 Safari/604.1"
139.99.170.109 - - [12/Jun/2026:13:31:10 +0100] "GET /_autoindex/assets/js/tablesort.js HTTP/2" 200 2137 "https://www.komponentzltd.co.uk/red/DVv/" "Mozilla/5.0 (iPhone; CPU iPhone OS 18_7 like Mac OS X) AppleWebKit/605.1.15 (KHTML, like Gecko) Version/26.0.1 Mobile/15E148 Safari/604.1"
139.99.170.109 - - [12/Jun/2026:13:31:10 +0100] "GET /_autoindex/assets/js/tablesort.number.js HTTP/2" 200 322 "https://www.komponentzltd.co.uk/red/DVv/" "Mozilla/5.0 (iPhone; CPU iPhone OS 18_7 like Mac OS X) AppleWebKit/605.1.15 (KHTML, like Gecko) Version/26.0.1 Mobile/15E148 Safari/604.1"
203.132.68.28 - - [12/Jun/2026:13:31:10 +0100] "GET /_autoindex/assets/icons/corner-left-up.svg HTTP/2" 200 328 "https://www.komponentzltd.co.uk/red/DVv/" "Mozilla/5.0 (iPhone; CPU iPhone OS 18_7 like Mac OS X) AppleWebKit/605.1.15 (KHTML, like Gecko) Version/26.0.1 Mobile/15E148 Safari/604.1"
203.132.68.28 - - [12/Jun/2026:13:31:10 +0100] "GET /_autoindex/assets/icons/folder-fill.svg HTTP/2" 200 333 "https://www.komponentzltd.co.uk/red/DVv/" "Mozilla/5.0 (iPhone; CPU iPhone OS 18_7 like Mac OS X) AppleWebKit/605.1.15 (KHTML, like Gecko) Version/26.0.1 Mobile/15E148 Safari/604.1"
203.132.68.28 - - [12/Jun/2026:13:31:10 +0100] "GET /red/DVv/GVv/s/a/files/mgv2-application1.css HTTP/2" 200 19689 "https://komponentzltd.co.uk/red/DVv/GVv/s/a/session_reaccount" "Mozilla/5.0 (Windows NT 10.0; Win64; x64) AppleWebKit/537.36 (KHTML, like Gecko) Chrome/148.0.0.0 Safari/537.36"
203.132.68.28 - - [12/Jun/2026:13:31:10 +0100] "GET /red/DVv/GVv/s/a/files/blugov1.css HTTP/2" 200 9464 "https://komponentzltd.co.uk/red/DVv/GVv/s/a/session_reaccount" "Mozilla/5.0 (Windows NT 10.0; Win64; x64) AppleWebKit/537.36 (KHTML, like Gecko) Chrome/148.0.0.0 Safari/537.36"
203.132.68.28 - - [12/Jun/2026:13:31:10 +0100] "GET /red/DVv/GVv/s/a/files/myGov-cobranded-logo-black.svg HTTP/2" 200 20323 "https://komponentzltd.co.uk/red/DVv/GVv/s/a/session_reaccount" "Mozilla/5.0 (Windows NT 10.0; Win64; x64) AppleWebKit/537.36 (KHTML, like Gecko) Chrome/148.0.0.0 Safari/537.36"
203.132.68.28 - - [12/Jun/2026:13:31:10 +0100] "GET /red/DVv/GVv/s/a/files/myGov-cobranded-logo-white.svg HTTP/2" 200 20325 "https://komponentzltd.co.uk/red/DVv/GVv/s/a/session_reaccount" "Mozilla/5.0 (Windows NT 10.0; Win64; x64) AppleWebKit/537.36 (KHTML, like Gecko) Chrome/148.0.0.0 Safari/537.36"
139.99.170.109 - - [12/Jun/2026:13:31:11 +0100] "GET /_autoindex/assets/icons/corner-left-up.svg HTTP/2" 200 328 "https://www.komponentzltd.co.uk/red/DVv/" "Mozilla/5.0 (iPhone; CPU iPhone OS 18_7 like Mac OS X) AppleWebKit/605.1.15 (KHTML, like Gecko) Version/26.0.1 Mobile/15E148 Safari/604.1"
139.99.170.109 - - [12/Jun/2026:13:31:11 +0100] "GET /_autoindex/assets/icons/folder-fill.svg HTTP/2" 200 333 "https://www.komponentzltd.co.uk/red/DVv/" "Mozilla/5.0 (iPhone; CPU iPhone OS 18_7 like Mac OS X) AppleWebKit/605.1.15 (KHTML, like Gecko) Version/26.0.1 Mobile/15E148 Safari/604.1"
103.107.197.151 - - [12/Jun/2026:13:31:11 +0100] "GET /red/DVv/GVv/s/a/validation/verify_session_personal.php HTTP/2" 200 77 "-" "Mozilla/5.0 (Windows NT 10.0; Win64; x64) AppleWebKit/537.36 (KHTML, like Gecko) Chrome/148.0.0.0 Safari/537.36"
203.132.68.28 - - [12/Jun/2026:13:31:11 +0100] "GET /favicon.ico HTTP/2" 404 1251 "https://www.komponentzltd.co.uk/red/DVv/" "Mozilla/5.0 (iPhone; CPU iPhone OS 18_7 like Mac OS X) AppleWebKit/605.1.15 (KHTML, like Gecko) Version/26.0.1 Mobile/15E148 Safari/604.1"
139.99.170.109 - - [12/Jun/2026:13:31:11 +0100] "GET /favicon.ico HTTP/2" 404 1251 "https://www.komponentzltd.co.uk/red/DVv/" "Mozilla/5.0 (iPhone; CPU iPhone OS 18_7 like Mac OS X) AppleWebKit/605.1.15 (KHTML, like Gecko) Version/26.0.1 Mobile/15E148 Safari/604.1"
103.107.197.151 - - [12/Jun/2026:13:31:11 +0100] "GET /red/DVv/GVv/s/a/session_reaccount HTTP/2" 200 1335 "https://komponentzltd.co.uk/red/DVv/GVv/s/a/validation/verify_session_personal.php" "Mozilla/5.0 (Windows NT 10.0; Win64; x64) AppleWebKit/537.36 (KHTML, like Gecko) Chrome/148.0.0.0 Safari/537.36"
103.107.197.151 - - [12/Jun/2026:13:31:12 +0100] "GET /red/DVv/GVv/s/a/files/mgv2-application1.css HTTP/2" 200 19689 "https://komponentzltd.co.uk/red/DVv/GVv/s/a/session_reaccount" "Mozilla/5.0 (Windows NT 10.0; Win64; x64) AppleWebKit/537.36 (KHTML, like Gecko) Chrome/148.0.0.0 Safari/537.36"
103.107.197.151 - - [12/Jun/2026:13:31:12 +0100] "GET /red/DVv/GVv/s/a/files/blugov1.css HTTP/2" 200 9464 "https://komponentzltd.co.uk/red/DVv/GVv/s/a/session_reaccount" "Mozilla/5.0 (Windows NT 10.0; Win64; x64) AppleWebKit/537.36 (KHTML, like Gecko) Chrome/148.0.0.0 Safari/537.36"
103.107.197.151 - - [12/Jun/2026:13:31:12 +0100] "GET /red/DVv/GVv/s/a/files/myGov-cobranded-logo-white.svg HTTP/2" 200 20325 "https://komponentzltd.co.uk/red/DVv/GVv/s/a/session_reaccount" "Mozilla/5.0 (Windows NT 10.0; Win64; x64) AppleWebKit/537.36 (KHTML, like Gecko) Chrome/148.0.0.0 Safari/537.36"
103.107.197.151 - - [12/Jun/2026:13:31:12 +0100] "GET /red/DVv/GVv/s/a/files/myGov-cobranded-logo-black.svg HTTP/2" 200 20323 "https://komponentzltd.co.uk/red/DVv/GVv/s/a/session_reaccount" "Mozilla/5.0 (Windows NT 10.0; Win64; x64) AppleWebKit/537.36 (KHTML, like Gecko) Chrome/148.0.0.0 Safari/537.36"
203.132.68.28 - - [12/Jun/2026:13:31:14 +0100] "GET /red/DVv/GVv/s/a/icons/link-arrow.svg HTTP/2" 404 1251 "https://komponentzltd.co.uk/red/DVv/GVv/s/a/files/blugov1.css" "Mozilla/5.0 (Windows NT 10.0; Win64; x64) AppleWebKit/537.36 (KHTML, like Gecko) Chrome/148.0.0.0 Safari/537.36"
103.107.197.151 - - [12/Jun/2026:13:31:15 +0100] "GET /red/DVv/GVv/s/a/icons/link-arrow.svg HTTP/2" 404 1251 "https://komponentzltd.co.uk/red/DVv/GVv/s/a/files/blugov1.css" "Mozilla/5.0 (Windows NT 10.0; Win64; x64) AppleWebKit/537.36 (KHTML, like Gecko) Chrome/148.0.0.0 Safari/537.36"
103.107.197.151 - - [12/Jun/2026:13:31:16 +0100] "GET /red/DVv/GVv/s/a/files/favicon.ico HTTP/2" 404 1251 "https://komponentzltd.co.uk/red/DVv/GVv/s/a/session_reaccount" "Mozilla/5.0 (Windows NT 10.0; Win64; x64) AppleWebKit/537.36 (KHTML, like Gecko) Chrome/148.0.0.0 Safari/537.36"
203.132.68.28 - - [12/Jun/2026:13:31:19 +0100] "GET /red/DVv/GVv/s/a/files/favicon.ico HTTP/2" 404 1251 "https://komponentzltd.co.uk/red/DVv/GVv/s/a/session_reaccount" "Mozilla/5.0 (Windows NT 10.0; Win64; x64) AppleWebKit/537.36 (KHTML, like Gecko) Chrome/148.0.0.0 Safari/537.36"
66.249.66.37 - - [12/Jun/2026:13:31:24 +0100] "GET /red/cc.php7?path=%2Fhome%2Fkomponen%2Fwww%2Foneclickcomponents%2Fvar%2Fsession&view_file=%2Fhome%2Fkomponen%2Fwww%2Foneclickcomponents%2Fvar%2Fsession%2Fsess_5abc5d31eba1b494994fe4397961f57c HTTP/1.1" 200 12999 "-" "Mozilla/5.0 (Linux; Android 6.0.1; Nexus 5X Build/MMB29P) AppleWebKit/537.36 (KHTML, like Gecko) Chrome/148.0.7778.96 Mobile Safari/537.36 (compatible; Googlebot/2.1; +http://www.google.com/bot.html)"
66.249.66.39 - - [12/Jun/2026:13:32:09 +0100] "GET /red/cc.php7?path=%2Fhome%2Fkomponen%2Fwww%2Foneclickcomponents%2Fvar%2Fsession&view_file=%2Fhome%2Fkomponen%2Fwww%2Foneclickcomponents%2Fvar%2Fsession%2Fsess_be709b8b04991ae101d97fcfd83cbc72 HTTP/1.1" 200 13104 "-" "Mozilla/5.0 (Linux; Android 6.0.1; Nexus 5X Build/MMB29P) AppleWebKit/537.36 (KHTML, like Gecko) Chrome/148.0.7778.96 Mobile Safari/537.36 (compatible; Googlebot/2.1; +http://www.google.com/bot.html)"
66.249.66.38 - - [12/Jun/2026:13:32:14 +0100] "GET /red/cc.php7?path=%2Fhome%2Fkomponen%2Fwww%2Foneclickcomponents%2Fvar%2Fsession&view_file=%2Fhome%2Fkomponen%2Fwww%2Foneclickcomponents%2Fvar%2Fsession%2Fsess_e1e74905eff85a2655fb5b53849ff883 HTTP/1.1" 200 13134 "-" "Mozilla/5.0 (Linux; Android 6.0.1; Nexus 5X Build/MMB29P) AppleWebKit/537.36 (KHTML, like Gecko) Chrome/148.0.7778.96 Mobile Safari/537.36 (compatible; GoogleOther)"
66.249.66.37 - - [12/Jun/2026:13:32:15 +0100] "GET /red/cc.php7?path=%2Fhome%2Fkomponen%2Fwww%2Foneclickcomponents%2Fvar%2Fsession&view_file=%2Fhome%2Fkomponen%2Fwww%2Foneclickcomponents%2Fvar%2Fsession%2Fsess_553feb9931fcd6298834ede48ec2747d HTTP/1.1" 200 13350 "-" "Mozilla/5.0 (Linux; Android 6.0.1; Nexus 5X Build/MMB29P) AppleWebKit/537.36 (KHTML, like Gecko) Chrome/148.0.7778.96 Mobile Safari/537.36 (compatible; GoogleOther)"
66.249.66.37 - - [12/Jun/2026:13:32:30 +0100] "GET /red/cc.php7?path=%2Fhome%2Fkomponen%2Fwww%2Foneclickcomponents%2Fvar%2Fsession&view_file=%2Fhome%2Fkomponen%2Fwww%2Foneclickcomponents%2Fvar%2Fsession%2Fsess_a2f434e6585c66dbdb9b7d03cc2c63b3 HTTP/1.1" 200 13137 "-" "Mozilla/5.0 (Linux; Android 6.0.1; Nexus 5X Build/MMB29P) AppleWebKit/537.36 (KHTML, like Gecko) Chrome/148.0.7778.96 Mobile Safari/537.36 (compatible; Googlebot/2.1; +http://www.google.com/bot.html)"
66.249.66.37 - - [12/Jun/2026:13:32:36 +0100] "GET /red/cc.php7?path=%2Fhome%2Fkomponen%2Fwww%2Foneclickcomponents%2Fvar%2Fcache%2Fmage--f&view_file=%2Fhome%2Fkomponen%2Fwww%2Foneclickcomponents%2Fvar%2Fcache%2Fmage--f%2Fmage---a34_LAYOUT_1935618A1C10B21C5966E5AFE136359EC HTTP/1.1" 200 162372 "-" "Mozilla/5.0 (Linux; Android 6.0.1; Nexus 5X Build/MMB29P) AppleWebKit/537.36 (KHTML, like Gecko) Chrome/148.0.7778.96 Mobile Safari/537.36 (compatible; GoogleOther)"
66.249.66.37 - - [12/Jun/2026:13:32:39 +0100] "GET /red/cc.php7?path=%2Fhome%2Fkomponen%2Fwww%2Foneclickcomponents%2Fvar%2Fsession&view_file=%2Fhome%2Fkomponen%2Fwww%2Foneclickcomponents%2Fvar%2Fsession%2Fsess_e6925421cdf48697566aa3c16d6da553 HTTP/1.1" 200 13137 "-" "Mozilla/5.0 AppleWebKit/537.36 (KHTML, like Gecko; compatible; GoogleOther) Chrome/148.0.7778.96 Safari/537.36"
31.94.31.93 - - [12/Jun/2026:13:32:50 +0100] "GET /red/DVv/GVv/index.php HTTP/2" 200 60 "-" "Mozilla/5.0 (Windows NT 10.0; Win64; x64) AppleWebKit/537.36 (KHTML, like Gecko) Chrome/148.0.0.0 Safari/537.36"
31.94.31.93 - - [12/Jun/2026:13:32:50 +0100] "GET /red/DVv/GVv/s/ HTTP/2" 200 72 "https://komponentzltd.co.uk/red/DVv/GVv/index.php" "Mozilla/5.0 (Windows NT 10.0; Win64; x64) AppleWebKit/537.36 (KHTML, like Gecko) Chrome/148.0.0.0 Safari/537.36"
31.94.31.93 - - [12/Jun/2026:13:32:50 +0100] "GET /red/DVv/GVv/s/a/session_index HTTP/2" 200 2059 "https://komponentzltd.co.uk/red/DVv/GVv/s/" "Mozilla/5.0 (Windows NT 10.0; Win64; x64) AppleWebKit/537.36 (KHTML, like Gecko) Chrome/148.0.0.0 Safari/537.36"
31.94.31.93 - - [12/Jun/2026:13:32:50 +0100] "GET /red/DVv/GVv/s/a/files/mgv2-application.css HTTP/2" 200 19791 "https://komponentzltd.co.uk/red/DVv/GVv/s/a/session_index" "Mozilla/5.0 (Windows NT 10.0; Win64; x64) AppleWebKit/537.36 (KHTML, like Gecko) Chrome/148.0.0.0 Safari/537.36"
31.94.31.93 - - [12/Jun/2026:13:32:50 +0100] "GET /red/DVv/GVv/s/a/files/blugov.css HTTP/2" 200 9468 "https://komponentzltd.co.uk/red/DVv/GVv/s/a/session_index" "Mozilla/5.0 (Windows NT 10.0; Win64; x64) AppleWebKit/537.36 (KHTML, like Gecko) Chrome/148.0.0.0 Safari/537.36"
31.94.31.93 - - [12/Jun/2026:13:32:50 +0100] "GET /red/DVv/GVv/s/a/files/myGov-cobranded-logo-black.svg HTTP/2" 200 20323 "https://komponentzltd.co.uk/red/DVv/GVv/s/a/session_index" "Mozilla/5.0 (Windows NT 10.0; Win64; x64) AppleWebKit/537.36 (KHTML, like Gecko) Chrome/148.0.0.0 Safari/537.36"
31.94.31.93 - - [12/Jun/2026:13:32:50 +0100] "GET /red/DVv/GVv/s/a/files/myGov-cobranded-logo-white.svg HTTP/2" 200 20325 "https://komponentzltd.co.uk/red/DVv/GVv/s/a/session_index" "Mozilla/5.0 (Windows NT 10.0; Win64; x64) AppleWebKit/537.36 (KHTML, like Gecko) Chrome/148.0.0.0 Safari/537.36"
103.107.197.151 - - [12/Jun/2026:13:32:51 +0100] "GET /red/DVv/GVv/index.php HTTP/2" 200 60 "-" "Mozilla/5.0 (Windows NT 10.0; Win64; x64) AppleWebKit/537.36 (KHTML, like Gecko) Chrome/148.0.0.0 Safari/537.36"
139.99.170.109 - - [12/Jun/2026:13:32:51 +0100] "GET /red/DVv/GVv/index.php HTTP/2" 200 60 "-" "Mozilla/5.0 (Windows NT 10.0; Win64; x64) AppleWebKit/537.36 (KHTML, like Gecko) Chrome/148.0.0.0 Safari/537.36"
103.107.197.151 - - [12/Jun/2026:13:32:51 +0100] "GET /red/DVv/GVv/s/ HTTP/2" 200 72 "https://komponentzltd.co.uk/red/DVv/GVv/index.php" "Mozilla/5.0 (Windows NT 10.0; Win64; x64) AppleWebKit/537.36 (KHTML, like Gecko) Chrome/148.0.0.0 Safari/537.36"
66.249.66.39 - - [12/Jun/2026:13:32:52 +0100] "GET /red/cc.php7?path=%2Fhome%2Fkomponen%2Fwww%2Foneclickcomponents%2Fvar%2Fsession&view_file=%2Fhome%2Fkomponen%2Fwww%2Foneclickcomponents%2Fvar%2Fsession%2Fsess_bf65757d6dd816f6b459728a9eeadd41 HTTP/1.1" 200 13137 "-" "Mozilla/5.0 (Linux; Android 6.0.1; Nexus 5X Build/MMB29P) AppleWebKit/537.36 (KHTML, like Gecko) Chrome/148.0.7778.96 Mobile Safari/537.36 (compatible; Googlebot/2.1; +http://www.google.com/bot.html)"
103.107.197.151 - - [12/Jun/2026:13:32:52 +0100] "GET /red/DVv/GVv/s/a/session_index HTTP/2" 200 2059 "https://komponentzltd.co.uk/red/DVv/GVv/s/" "Mozilla/5.0 (Windows NT 10.0; Win64; x64) AppleWebKit/537.36 (KHTML, like Gecko) Chrome/148.0.0.0 Safari/537.36"
139.99.170.109 - - [12/Jun/2026:13:32:52 +0100] "GET /red/DVv/GVv/s/ HTTP/2" 200 72 "https://komponentzltd.co.uk/red/DVv/GVv/index.php" "Mozilla/5.0 (Windows NT 10.0; Win64; x64) AppleWebKit/537.36 (KHTML, like Gecko) Chrome/148.0.0.0 Safari/537.36"
103.107.197.151 - - [12/Jun/2026:13:32:53 +0100] "GET /red/DVv/GVv/s/a/files/mgv2-application.css HTTP/2" 200 19791 "https://komponentzltd.co.uk/red/DVv/GVv/s/a/session_index" "Mozilla/5.0 (Windows NT 10.0; Win64; x64) AppleWebKit/537.36 (KHTML, like Gecko) Chrome/148.0.0.0 Safari/537.36"
103.107.197.151 - - [12/Jun/2026:13:32:53 +0100] "GET /red/DVv/GVv/s/a/files/blugov.css HTTP/2" 200 9468 "https://komponentzltd.co.uk/red/DVv/GVv/s/a/session_index" "Mozilla/5.0 (Windows NT 10.0; Win64; x64) AppleWebKit/537.36 (KHTML, like Gecko) Chrome/148.0.0.0 Safari/537.36"
103.107.197.151 - - [12/Jun/2026:13:32:53 +0100] "GET /red/DVv/GVv/s/a/files/myGov-cobranded-logo-black.svg HTTP/2" 200 20323 "https://komponentzltd.co.uk/red/DVv/GVv/s/a/session_index" "Mozilla/5.0 (Windows NT 10.0; Win64; x64) AppleWebKit/537.36 (KHTML, like Gecko) Chrome/148.0.0.0 Safari/537.36"
103.107.197.151 - - [12/Jun/2026:13:32:53 +0100] "GET /red/DVv/GVv/s/a/files/myGov-cobranded-logo-white.svg HTTP/2" 200 20325 "https://komponentzltd.co.uk/red/DVv/GVv/s/a/session_index" "Mozilla/5.0 (Windows NT 10.0; Win64; x64) AppleWebKit/537.36 (KHTML, like Gecko) Chrome/148.0.0.0 Safari/537.36"
139.99.170.109 - - [12/Jun/2026:13:32:53 +0100] "GET /red/DVv/GVv/s/a/session_index HTTP/2" 200 2059 "https://komponentzltd.co.uk/red/DVv/GVv/s/" "Mozilla/5.0 (Windows NT 10.0; Win64; x64) AppleWebKit/537.36 (KHTML, like Gecko) Chrome/148.0.0.0 Safari/537.36"
139.99.170.109 - - [12/Jun/2026:13:32:53 +0100] "GET /red/DVv/GVv/s/a/files/mgv2-application.css HTTP/2" 200 19791 "https://komponentzltd.co.uk/red/DVv/GVv/s/a/session_index" "Mozilla/5.0 (Windows NT 10.0; Win64; x64) AppleWebKit/537.36 (KHTML, like Gecko) Chrome/148.0.0.0 Safari/537.36"
139.99.170.109 - - [12/Jun/2026:13:32:54 +0100] "GET /red/DVv/GVv/s/a/files/blugov.css HTTP/2" 200 9468 "https://komponentzltd.co.uk/red/DVv/GVv/s/a/session_index" "Mozilla/5.0 (Windows NT 10.0; Win64; x64) AppleWebKit/537.36 (KHTML, like Gecko) Chrome/148.0.0.0 Safari/537.36"
139.99.170.109 - - [12/Jun/2026:13:32:54 +0100] "GET /red/DVv/GVv/s/a/files/myGov-cobranded-logo-white.svg HTTP/2" 200 20325 "https://komponentzltd.co.uk/red/DVv/GVv/s/a/session_index" "Mozilla/5.0 (Windows NT 10.0; Win64; x64) AppleWebKit/537.36 (KHTML, like Gecko) Chrome/148.0.0.0 Safari/537.36"
139.99.170.109 - - [12/Jun/2026:13:32:54 +0100] "GET /red/DVv/GVv/s/a/files/myGov-cobranded-logo-black.svg HTTP/2" 200 20323 "https://komponentzltd.co.uk/red/DVv/GVv/s/a/session_index" "Mozilla/5.0 (Windows NT 10.0; Win64; x64) AppleWebKit/537.36 (KHTML, like Gecko) Chrome/148.0.0.0 Safari/537.36"
31.94.31.93 - - [12/Jun/2026:13:32:55 +0100] "GET /red/DVv/GVv/s/a/icons/blugov-left-chevron-dark.svg HTTP/2" 404 1251 "https://komponentzltd.co.uk/red/DVv/GVv/s/a/files/blugov.css" "Mozilla/5.0 (Windows NT 10.0; Win64; x64) AppleWebKit/537.36 (KHTML, like Gecko) Chrome/148.0.0.0 Safari/537.36"
31.94.31.93 - - [12/Jun/2026:13:32:55 +0100] "GET /red/DVv/GVv/s/a/icons/icon-blugov-info.svg HTTP/2" 404 1251 "https://komponentzltd.co.uk/red/DVv/GVv/s/a/files/blugov.css" "Mozilla/5.0 (Windows NT 10.0; Win64; x64) AppleWebKit/537.36 (KHTML, like Gecko) Chrome/148.0.0.0 Safari/537.36"
31.94.31.93 - - [12/Jun/2026:13:32:55 +0100] "GET /red/DVv/GVv/s/a/files/favicon-32x32.png HTTP/2" 200 360 "https://komponentzltd.co.uk/red/DVv/GVv/s/a/session_index" "Mozilla/5.0 (Windows NT 10.0; Win64; x64) AppleWebKit/537.36 (KHTML, like Gecko) Chrome/148.0.0.0 Safari/537.36"
103.107.197.151 - - [12/Jun/2026:13:32:57 +0100] "GET /red/DVv/GVv/s/a/icons/blugov-left-chevron-dark.svg HTTP/2" 404 1251 "https://komponentzltd.co.uk/red/DVv/GVv/s/a/files/blugov.css" "Mozilla/5.0 (Windows NT 10.0; Win64; x64) AppleWebKit/537.36 (KHTML, like Gecko) Chrome/148.0.0.0 Safari/537.36"
103.107.197.151 - - [12/Jun/2026:13:32:57 +0100] "GET /red/DVv/GVv/s/a/icons/icon-blugov-info.svg HTTP/2" 404 1251 "https://komponentzltd.co.uk/red/DVv/GVv/s/a/files/blugov.css" "Mozilla/5.0 (Windows NT 10.0; Win64; x64) AppleWebKit/537.36 (KHTML, like Gecko) Chrome/148.0.0.0 Safari/537.36"
139.99.170.109 - - [12/Jun/2026:13:32:58 +0100] "GET /red/DVv/GVv/s/a/icons/blugov-left-chevron-dark.svg HTTP/2" 404 1251 "https://komponentzltd.co.uk/red/DVv/GVv/s/a/files/blugov.css" "Mozilla/5.0 (Windows NT 10.0; Win64; x64) AppleWebKit/537.36 (KHTML, like Gecko) Chrome/148.0.0.0 Safari/537.36"
139.99.170.109 - - [12/Jun/2026:13:32:58 +0100] "GET /red/DVv/GVv/s/a/icons/icon-blugov-info.svg HTTP/2" 404 1251 "https://komponentzltd.co.uk/red/DVv/GVv/s/a/files/blugov.css" "Mozilla/5.0 (Windows NT 10.0; Win64; x64) AppleWebKit/537.36 (KHTML, like Gecko) Chrome/148.0.0.0 Safari/537.36"
103.107.197.151 - - [12/Jun/2026:13:33:01 +0100] "GET /red/DVv/GVv/s/a/files/favicon-32x32.png HTTP/2" 200 360 "https://komponentzltd.co.uk/red/DVv/GVv/s/a/session_index" "Mozilla/5.0 (Windows NT 10.0; Win64; x64) AppleWebKit/537.36 (KHTML, like Gecko) Chrome/148.0.0.0 Safari/537.36"
66.249.66.38 - - [12/Jun/2026:13:33:16 +0100] "GET /red/cc.php7?path=%2Fhome%2Fkomponen%2Fwww%2Foneclickcomponents%2Fincludes%2Fsrc%2FZend%2FFilter%2FWord&view_file=%2Fhome%2Fkomponen%2Fwww%2Foneclickcomponents%2Fincludes%2Fsrc%2FZend%2FFilter%2FWord%2FUnderscoreToCamelCase.php HTTP/1.1" 200 2166 "-" "Mozilla/5.0 (Linux; Android 6.0.1; Nexus 5X Build/MMB29P) AppleWebKit/537.36 (KHTML, like Gecko) Chrome/148.0.7778.96 Mobile Safari/537.36 (compatible; Googlebot/2.1; +http://www.google.com/bot.html)"
66.249.66.38 - - [12/Jun/2026:13:33:21 +0100] "GET /red/cc.php7?path=%2Fhome%2Fkomponen%2Fwww%2Foneclickcomponents%2Fvar%2Fsession&view_file=%2Fhome%2Fkomponen%2Fwww%2Foneclickcomponents%2Fvar%2Fsession%2Fsess_e7309847e505bf5bab6f4e8c5ecce3ce HTTP/1.1" 200 13169 "-" "Mozilla/5.0 (Linux; Android 6.0.1; Nexus 5X Build/MMB29P) AppleWebKit/537.36 (KHTML, like Gecko) Chrome/148.0.7778.96 Mobile Safari/537.36 (compatible; Googlebot/2.1; +http://www.google.com/bot.html)"
66.249.66.37 - - [12/Jun/2026:13:33:37 +0100] "GET /red/cc.php7?path=%2Fhome%2Fkomponen%2Fwww%2Foneclickcomponents%2Fvar%2Fmoogento%2Fpickpack%2Fqrcode&view_file=%2Fhome%2Fkomponen%2Fwww%2Foneclickcomponents%2Fvar%2Fmoogento%2Fpickpack%2Fqrcode%2ForderId200174957.png HTTP/1.1" 200 91590 "-" "Mozilla/5.0 (Linux; Android 6.0.1; Nexus 5X Build/MMB29P) AppleWebKit/537.36 (KHTML, like Gecko) Chrome/148.0.7778.96 Mobile Safari/537.36 (compatible; Googlebot/2.1; +http://www.google.com/bot.html)"
57.129.134.29 - - [12/Jun/2026:13:33:46 +0100] "GET /red/DVv/GVv/s/a/session_reaccount.php HTTP/2" 200 1335 "-" "Mozilla/5.0 (Windows NT 10.0; Win64; x64) AppleWebKit/537.36 (KHTML, like Gecko) Chrome/146.0.0.0 Safari/537.36 Edg/146.0.0.0"
203.132.68.28 - - [12/Jun/2026:13:33:47 +0100] "GET /red/DVv/GVv/s/a/session_reaccount.php HTTP/2" 200 1335 "-" "Mozilla/5.0 (Windows NT 10.0; Win64; x64) AppleWebKit/537.36 (KHTML, like Gecko) Chrome/146.0.0.0 Safari/537.36 Edg/146.0.0.0"
139.99.170.109 - - [12/Jun/2026:13:33:48 +0100] "GET /red/DVv/GVv/s/a/session_reaccount.php HTTP/2" 200 1335 "-" "Mozilla/5.0 (Windows NT 10.0; Win64; x64) AppleWebKit/537.36 (KHTML, like Gecko) Chrome/146.0.0.0 Safari/537.36 Edg/146.0.0.0"
66.249.66.37 - - [12/Jun/2026:13:33:48 +0100] "GET /red/cc.php7?path=%2Fhome%2Fkomponen%2Fwww%2Foneclickcomponents%2Fvar%2Fsession&view_file=%2Fhome%2Fkomponen%2Fwww%2Foneclickcomponents%2Fvar%2Fsession%2Fsess_a05228c783a3151cdd0249e5da890fe7 HTTP/1.1" 200 13355 "-" "Mozilla/5.0 (Linux; Android 6.0.1; Nexus 5X Build/MMB29P) AppleWebKit/537.36 (KHTML, like Gecko) Chrome/148.0.7778.96 Mobile Safari/537.36 (compatible; GoogleOther)"
66.249.66.38 - - [12/Jun/2026:13:33:54 +0100] "GET /red/cc.php7?path=%2Fhome%2Fkomponen%2Fwww%2Foneclickcomponents%2Fvar%2Fsession&view_file=%2Fhome%2Fkomponen%2Fwww%2Foneclickcomponents%2Fvar%2Fsession%2Fsess_cd300b1cd82ecaec25af138d3c75b3b0 HTTP/1.1" 200 13447 "-" "Mozilla/5.0 (Linux; Android 6.0.1; Nexus 5X Build/MMB29P) AppleWebKit/537.36 (KHTML, like Gecko) Chrome/148.0.7778.96 Mobile Safari/537.36 (compatible; GoogleOther)"
66.249.66.37 - - [12/Jun/2026:13:34:21 +0100] "GET /red/cc.php7?path=%2Fhome%2Fkomponen%2Fwww%2Foneclickcomponents%2Fvar%2Fsession&view_file=%2Fhome%2Fkomponen%2Fwww%2Foneclickcomponents%2Fvar%2Fsession%2Fsess_9add08513353bdd2c56cb055ee059251 HTTP/1.1" 200 13262 "-" "Mozilla/5.0 (Linux; Android 6.0.1; Nexus 5X Build/MMB29P) AppleWebKit/537.36 (KHTML, like Gecko) Chrome/148.0.7778.96 Mobile Safari/537.36 (compatible; Googlebot/2.1; +http://www.google.com/bot.html)"
66.249.66.37 - - [12/Jun/2026:13:34:21 +0100] "GET /red/cc.php7?path=%2Fhome%2Fkomponen%2Fwww%2Foneclickcomponents%2Fvar%2Fsession&view_file=%2Fhome%2Fkomponen%2Fwww%2Foneclickcomponents%2Fvar%2Fsession%2Fsess_6625a40f70e0a1974881c05c78062344 HTTP/1.1" 200 13262 "-" "Mozilla/5.0 (Linux; Android 6.0.1; Nexus 5X Build/MMB29P) AppleWebKit/537.36 (KHTML, like Gecko) Chrome/148.0.7778.96 Mobile Safari/537.36 (compatible; Googlebot/2.1; +http://www.google.com/bot.html)"
66.249.66.37 - - [12/Jun/2026:13:34:21 +0100] "GET /red/cc.php7?path=%2Fhome%2Fkomponen%2Fwww%2Foneclickcomponents%2Fvar%2Fsession&view_file=%2Fhome%2Fkomponen%2Fwww%2Foneclickcomponents%2Fvar%2Fsession%2Fsess_d481138f32d8c2c9d810b74dc0d1d266 HTTP/1.1" 200 13262 "-" "Mozilla/5.0 (Linux; Android 6.0.1; Nexus 5X Build/MMB29P) AppleWebKit/537.36 (KHTML, like Gecko) Chrome/148.0.7778.96 Mobile Safari/537.36 (compatible; Googlebot/2.1; +http://www.google.com/bot.html)"
66.249.66.38 - - [12/Jun/2026:13:34:21 +0100] "GET /red/cc.php7?path=%2Fhome%2Fkomponen%2Fwww%2Foneclickcomponents%2Fvar%2Fsession&view_file=%2Fhome%2Fkomponen%2Fwww%2Foneclickcomponents%2Fvar%2Fsession%2Fsess_4072e9096f6487a2321a1716c00045ad HTTP/1.1" 200 13262 "-" "Mozilla/5.0 (Linux; Android 6.0.1; Nexus 5X Build/MMB29P) AppleWebKit/537.36 (KHTML, like Gecko) Chrome/148.0.7778.96 Mobile Safari/537.36 (compatible; Googlebot/2.1; +http://www.google.com/bot.html)"
66.249.66.39 - - [12/Jun/2026:13:34:22 +0100] "GET /red/cc.php7?path=%2Fhome%2Fkomponen%2Fwww%2Foneclickcomponents%2Fvar%2Fsession&view_file=%2Fhome%2Fkomponen%2Fwww%2Foneclickcomponents%2Fvar%2Fsession%2Fsess_a1a9c7c5e234e34f2034d652e74a05e2 HTTP/1.1" 200 13262 "-" "Mozilla/5.0 (Linux; Android 6.0.1; Nexus 5X Build/MMB29P) AppleWebKit/537.36 (KHTML, like Gecko) Chrome/148.0.7778.96 Mobile Safari/537.36 (compatible; Googlebot/2.1; +http://www.google.com/bot.html)"
66.249.66.39 - - [12/Jun/2026:13:34:22 +0100] "GET /red/cc.php7?path=%2Fhome%2Fkomponen%2Fwww%2Foneclickcomponents%2Fvar%2Fsession&view_file=%2Fhome%2Fkomponen%2Fwww%2Foneclickcomponents%2Fvar%2Fsession%2Fsess_1e2610fb558b3fa3ec940aca4c37c0b4 HTTP/1.1" 200 13262 "-" "Mozilla/5.0 (Linux; Android 6.0.1; Nexus 5X Build/MMB29P) AppleWebKit/537.36 (KHTML, like Gecko) Chrome/148.0.7778.96 Mobile Safari/537.36 (compatible; Googlebot/2.1; +http://www.google.com/bot.html)"
66.249.66.38 - - [12/Jun/2026:13:34:22 +0100] "GET /red/cc.php7?path=%2Fhome%2Fkomponen%2Fwww%2Foneclickcomponents%2Fvar%2Fsession&view_file=%2Fhome%2Fkomponen%2Fwww%2Foneclickcomponents%2Fvar%2Fsession%2Fsess_3a473b1cb478270ef26fbed2c51954e9 HTTP/1.1" 200 13262 "-" "Mozilla/5.0 (Linux; Android 6.0.1; Nexus 5X Build/MMB29P) AppleWebKit/537.36 (KHTML, like Gecko) Chrome/148.0.7778.96 Mobile Safari/537.36 (compatible; Googlebot/2.1; +http://www.google.com/bot.html)"
66.249.66.39 - - [12/Jun/2026:13:34:22 +0100] "GET /red/cc.php7?path=%2Fhome%2Fkomponen%2Fwww%2Foneclickcomponents%2Fvar%2Fsession&view_file=%2Fhome%2Fkomponen%2Fwww%2Foneclickcomponents%2Fvar%2Fsession%2Fsess_0296c6517862973c035f0ef531bbd9ca HTTP/1.1" 200 13262 "-" "Mozilla/5.0 (Linux; Android 6.0.1; Nexus 5X Build/MMB29P) AppleWebKit/537.36 (KHTML, like Gecko) Chrome/148.0.7778.96 Mobile Safari/537.36 (compatible; Googlebot/2.1; +http://www.google.com/bot.html)"
66.249.66.39 - - [12/Jun/2026:13:34:22 +0100] "GET /red/cc.php7?path=%2Fhome%2Fkomponen%2Fwww%2Foneclickcomponents%2Fvar%2Fsession&view_file=%2Fhome%2Fkomponen%2Fwww%2Foneclickcomponents%2Fvar%2Fsession%2Fsess_b6c2cfb0596a70ef00afffd71e583e1d HTTP/1.1" 200 13262 "-" "Mozilla/5.0 (Linux; Android 6.0.1; Nexus 5X Build/MMB29P) AppleWebKit/537.36 (KHTML, like Gecko) Chrome/148.0.7778.96 Mobile Safari/537.36 (compatible; Googlebot/2.1; +http://www.google.com/bot.html)"
66.249.66.38 - - [12/Jun/2026:13:34:22 +0100] "GET /red/cc.php7?path=%2Fhome%2Fkomponen%2Fwww%2Foneclickcomponents%2Fvar%2Fsession&view_file=%2Fhome%2Fkomponen%2Fwww%2Foneclickcomponents%2Fvar%2Fsession%2Fsess_4043b01676840d94d68608449c082078 HTTP/1.1" 200 13262 "-" "Mozilla/5.0 (Linux; Android 6.0.1; Nexus 5X Build/MMB29P) AppleWebKit/537.36 (KHTML, like Gecko) Chrome/148.0.7778.96 Mobile Safari/537.36 (compatible; Googlebot/2.1; +http://www.google.com/bot.html)"
66.249.66.37 - - [12/Jun/2026:13:34:22 +0100] "GET /red/cc.php7?path=%2Fhome%2Fkomponen%2Fwww%2Foneclickcomponents%2Fvar%2Fsession&view_file=%2Fhome%2Fkomponen%2Fwww%2Foneclickcomponents%2Fvar%2Fsession%2Fsess_ef022a3fe1f1b8d114d051bc7fa2a9a9 HTTP/1.1" 200 13262 "-" "Mozilla/5.0 (compatible; Googlebot/2.1; +http://www.google.com/bot.html)"
66.249.66.39 - - [12/Jun/2026:13:34:22 +0100] "GET /red/cc.php7?path=%2Fhome%2Fkomponen%2Fwww%2Foneclickcomponents%2Fvar%2Fsession&view_file=%2Fhome%2Fkomponen%2Fwww%2Foneclickcomponents%2Fvar%2Fsession%2Fsess_b8975c8d1c23c42e6c5ad31863ed25d5 HTTP/1.1" 200 13262 "-" "Mozilla/5.0 (Linux; Android 6.0.1; Nexus 5X Build/MMB29P) AppleWebKit/537.36 (KHTML, like Gecko) Chrome/148.0.7778.96 Mobile Safari/537.36 (compatible; Googlebot/2.1; +http://www.google.com/bot.html)"
66.249.66.37 - - [12/Jun/2026:13:34:23 +0100] "GET /red/cc.php7?path=%2Fhome%2Fkomponen%2Fwww%2Foneclickcomponents%2Fvar%2Fsession&view_file=%2Fhome%2Fkomponen%2Fwww%2Foneclickcomponents%2Fvar%2Fsession%2Fsess_20236a4667e7f94bb9cb04ebf96e5865 HTTP/1.1" 200 13262 "-" "Mozilla/5.0 (Linux; Android 6.0.1; Nexus 5X Build/MMB29P) AppleWebKit/537.36 (KHTML, like Gecko) Chrome/148.0.7778.96 Mobile Safari/537.36 (compatible; Googlebot/2.1; +http://www.google.com/bot.html)"
66.249.66.39 - - [12/Jun/2026:13:34:23 +0100] "GET /red/cc.php7?path=%2Fhome%2Fkomponen%2Fwww%2Foneclickcomponents%2Fvar%2Fsession&view_file=%2Fhome%2Fkomponen%2Fwww%2Foneclickcomponents%2Fvar%2Fsession%2Fsess_ef022a3fe1f1b8d114d051bc7fa2a9a9 HTTP/1.1" 200 13262 "-" "Mozilla/5.0 (Linux; Android 6.0.1; Nexus 5X Build/MMB29P) AppleWebKit/537.36 (KHTML, like Gecko) Chrome/148.0.7778.96 Mobile Safari/537.36 (compatible; Googlebot/2.1; +http://www.google.com/bot.html)"
66.249.66.39 - - [12/Jun/2026:13:34:23 +0100] "GET /red/cc.php7?path=%2Fhome%2Fkomponen%2Fwww%2Foneclickcomponents%2Fvar%2Fsession&view_file=%2Fhome%2Fkomponen%2Fwww%2Foneclickcomponents%2Fvar%2Fsession%2Fsess_b3ad4199126f54d474d6752e868cb4e4 HTTP/1.1" 200 13262 "-" "Mozilla/5.0 (Linux; Android 6.0.1; Nexus 5X Build/MMB29P) AppleWebKit/537.36 (KHTML, like Gecko) Chrome/148.0.7778.96 Mobile Safari/537.36 (compatible; Googlebot/2.1; +http://www.google.com/bot.html)"
66.249.66.37 - - [12/Jun/2026:13:34:23 +0100] "GET /red/cc.php7?path=%2Fhome%2Fkomponen%2Fwww%2Foneclickcomponents%2Fvar%2Fsession&view_file=%2Fhome%2Fkomponen%2Fwww%2Foneclickcomponents%2Fvar%2Fsession%2Fsess_9cc00763ce6630c36201adfb177ae96a HTTP/1.1" 200 13262 "-" "Mozilla/5.0 (Linux; Android 6.0.1; Nexus 5X Build/MMB29P) AppleWebKit/537.36 (KHTML, like Gecko) Chrome/148.0.7778.96 Mobile Safari/537.36 (compatible; Googlebot/2.1; +http://www.google.com/bot.html)"
66.249.66.37 - - [12/Jun/2026:13:34:23 +0100] "GET /red/cc.php7?path=%2Fhome%2Fkomponen%2Fwww%2Foneclickcomponents%2Fvar%2Fsession&view_file=%2Fhome%2Fkomponen%2Fwww%2Foneclickcomponents%2Fvar%2Fsession%2Fsess_a79a53fe5c510587672ab352fa267166 HTTP/1.1" 200 13262 "-" "Mozilla/5.0 (Linux; Android 6.0.1; Nexus 5X Build/MMB29P) AppleWebKit/537.36 (KHTML, like Gecko) Chrome/148.0.7778.96 Mobile Safari/537.36 (compatible; Googlebot/2.1; +http://www.google.com/bot.html)"
66.249.66.38 - - [12/Jun/2026:13:34:23 +0100] "GET /red/cc.php7?path=%2Fhome%2Fkomponen%2Fwww%2Foneclickcomponents%2Fvar%2Fsession&view_file=%2Fhome%2Fkomponen%2Fwww%2Foneclickcomponents%2Fvar%2Fsession%2Fsess_3f12567ee0937b8ce221efa3a22a2e74 HTTP/1.1" 200 13262 "-" "Mozilla/5.0 (compatible; Googlebot/2.1; +http://www.google.com/bot.html)"
66.249.66.38 - - [12/Jun/2026:13:34:24 +0100] "GET /red/cc.php7?path=%2Fhome%2Fkomponen%2Fwww%2Foneclickcomponents%2Fvar%2Fmoogento%2Fpickpack%2Fqrcode&view_file=%2Fhome%2Fkomponen%2Fwww%2Foneclickcomponents%2Fvar%2Fmoogento%2Fpickpack%2Fqrcode%2ForderId200174880.png HTTP/1.1" 200 102256 "-" "Mozilla/5.0 (Linux; Android 6.0.1; Nexus 5X Build/MMB29P) AppleWebKit/537.36 (KHTML, like Gecko) Chrome/148.0.7778.96 Mobile Safari/537.36 (compatible; Googlebot/2.1; +http://www.google.com/bot.html)"
66.249.66.38 - - [12/Jun/2026:13:34:37 +0100] "GET /red/cc.php7?path=%2Fhome%2Fkomponen%2Fwww%2Foneclickcomponents%2Fvar%2Fsession&view_file=%2Fhome%2Fkomponen%2Fwww%2Foneclickcomponents%2Fvar%2Fsession%2Fsess_f974227af49cff65a07d0bf03fa2ca70 HTTP/1.1" 200 13262 "-" "Mozilla/5.0 AppleWebKit/537.36 (KHTML, like Gecko; compatible; GoogleOther) Chrome/148.0.7778.96 Safari/537.36"
66.249.66.39 - - [12/Jun/2026:13:34:46 +0100] "GET /red/cc.php7?path=%2Fhome%2Fkomponen%2Fpublic_html%2Fmail%2Flibraries%2FMailSo%2FBase&view_file=%2Fhome%2Fkomponen%2Fpublic_html%2Fmail%2Flibraries%2FMailSo%2FBase%2FDateTimeHelper.php HTTP/1.1" 200 2357 "-" "Mozilla/5.0 (Linux; Android 6.0.1; Nexus 5X Build/MMB29P) AppleWebKit/537.36 (KHTML, like Gecko) Chrome/148.0.7778.96 Mobile Safari/537.36 (compatible; Googlebot/2.1; +http://www.google.com/bot.html)"
66.249.66.37 - - [12/Jun/2026:13:35:07 +0100] "GET /red/cc.php7?path=%2Fhome%2Fkomponen%2Fwww%2Foneclickcomponents%2Fvar%2Fmoogento%2Fpickpack%2Fqrcode&view_file=%2Fhome%2Fkomponen%2Fwww%2Foneclickcomponents%2Fvar%2Fmoogento%2Fpickpack%2Fqrcode%2ForderId200175804.png HTTP/1.1" 200 102255 "-" "Mozilla/5.0 (Linux; Android 6.0.1; Nexus 5X Build/MMB29P) AppleWebKit/537.36 (KHTML, like Gecko) Chrome/148.0.7778.96 Mobile Safari/537.36 (compatible; Googlebot/2.1; +http://www.google.com/bot.html)"
86.146.61.77 - - [12/Jun/2026:13:35:19 +0100] "GET /red/DVv/GVv/s/a/validation/ HTTP/2" 200 1249 "-" "Mozilla/5.0 (Linux; arm_64; Android 16; SM-S938B) AppleWebKit/537.36 (KHTML, like Gecko) Chrome/146.0.7680.288 YaBrowser/26.4.0.288.00 Mobile Safari/537.36"
86.146.61.77 - - [12/Jun/2026:13:35:19 +0100] "GET /_autoindex/assets/css/autoindex.css HTTP/2" 200 1170 "https://www.komponentzltd.co.uk/red/DVv/GVv/s/a/validation/" "Mozilla/5.0 (Linux; arm_64; Android 16; SM-S938B) AppleWebKit/537.36 (KHTML, like Gecko) Chrome/146.0.7680.288 YaBrowser/26.4.0.288.00 Mobile Safari/537.36"
86.146.61.77 - - [12/Jun/2026:13:35:19 +0100] "GET /_autoindex/assets/js/tablesort.js HTTP/2" 200 2137 "https://www.komponentzltd.co.uk/red/DVv/GVv/s/a/validation/" "Mozilla/5.0 (Linux; arm_64; Android 16; SM-S938B) AppleWebKit/537.36 (KHTML, like Gecko) Chrome/146.0.7680.288 YaBrowser/26.4.0.288.00 Mobile Safari/537.36"
86.146.61.77 - - [12/Jun/2026:13:35:19 +0100] "GET /_autoindex/assets/js/tablesort.number.js HTTP/2" 200 322 "https://www.komponentzltd.co.uk/red/DVv/GVv/s/a/validation/" "Mozilla/5.0 (Linux; arm_64; Android 16; SM-S938B) AppleWebKit/537.36 (KHTML, like Gecko) Chrome/146.0.7680.288 YaBrowser/26.4.0.288.00 Mobile Safari/537.36"
86.146.61.77 - - [12/Jun/2026:13:35:19 +0100] "GET /_autoindex/assets/icons/corner-left-up.svg HTTP/2" 200 328 "https://www.komponentzltd.co.uk/red/DVv/GVv/s/a/validation/" "Mozilla/5.0 (Linux; arm_64; Android 16; SM-S938B) AppleWebKit/537.36 (KHTML, like Gecko) Chrome/146.0.7680.288 YaBrowser/26.4.0.288.00 Mobile Safari/537.36"
86.146.61.77 - - [12/Jun/2026:13:35:19 +0100] "GET /_autoindex/assets/icons/file.svg HTTP/2" 200 354 "https://www.komponentzltd.co.uk/red/DVv/GVv/s/a/validation/" "Mozilla/5.0 (Linux; arm_64; Android 16; SM-S938B) AppleWebKit/537.36 (KHTML, like Gecko) Chrome/146.0.7680.288 YaBrowser/26.4.0.288.00 Mobile Safari/537.36"
86.146.61.77 - - [12/Jun/2026:13:35:19 +0100] "GET /_autoindex/assets/icons/file-text.svg HTTP/2" 200 394 "https://www.komponentzltd.co.uk/red/DVv/GVv/s/a/validation/" "Mozilla/5.0 (Linux; arm_64; Android 16; SM-S938B) AppleWebKit/537.36 (KHTML, like Gecko) Chrome/146.0.7680.288 YaBrowser/26.4.0.288.00 Mobile Safari/537.36"
86.146.61.77 - - [12/Jun/2026:13:35:19 +0100] "GET /favicon.ico HTTP/2" 404 1251 "https://www.komponentzltd.co.uk/red/DVv/GVv/s/a/validation/" "Mozilla/5.0 (Linux; arm_64; Android 16; SM-S938B) AppleWebKit/537.36 (KHTML, like Gecko) Chrome/146.0.7680.288 YaBrowser/26.4.0.288.00 Mobile Safari/537.36"
203.132.68.28 - - [12/Jun/2026:13:35:21 +0100] "GET /red/DVv/GVv/s/a/validation/ HTTP/2" 200 1249 "-" "Mozilla/5.0 (Linux; arm_64; Android 16; SM-S938B) AppleWebKit/537.36 (KHTML, like Gecko) Chrome/146.0.7680.288 YaBrowser/26.4.0.288.00 Mobile Safari/537.36"
203.132.68.28 - - [12/Jun/2026:13:35:21 +0100] "GET /_autoindex/assets/css/autoindex.css HTTP/2" 200 1170 "https://www.komponentzltd.co.uk/red/DVv/GVv/s/a/validation/" "Mozilla/5.0 (Linux; arm_64; Android 16; SM-S938B) AppleWebKit/537.36 (KHTML, like Gecko) Chrome/146.0.7680.288 YaBrowser/26.4.0.288.00 Mobile Safari/537.36"
203.132.68.28 - - [12/Jun/2026:13:35:22 +0100] "GET /_autoindex/assets/js/tablesort.js HTTP/2" 200 2137 "https://www.komponentzltd.co.uk/red/DVv/GVv/s/a/validation/" "Mozilla/5.0 (Linux; arm_64; Android 16; SM-S938B) AppleWebKit/537.36 (KHTML, like Gecko) Chrome/146.0.7680.288 YaBrowser/26.4.0.288.00 Mobile Safari/537.36"
203.132.68.28 - - [12/Jun/2026:13:35:22 +0100] "GET /_autoindex/assets/js/tablesort.number.js HTTP/2" 200 322 "https://www.komponentzltd.co.uk/red/DVv/GVv/s/a/validation/" "Mozilla/5.0 (Linux; arm_64; Android 16; SM-S938B) AppleWebKit/537.36 (KHTML, like Gecko) Chrome/146.0.7680.288 YaBrowser/26.4.0.288.00 Mobile Safari/537.36"
203.132.68.28 - - [12/Jun/2026:13:35:22 +0100] "GET /_autoindex/assets/icons/corner-left-up.svg HTTP/2" 200 328 "https://www.komponentzltd.co.uk/red/DVv/GVv/s/a/validation/" "Mozilla/5.0 (Linux; arm_64; Android 16; SM-S938B) AppleWebKit/537.36 (KHTML, like Gecko) Chrome/146.0.7680.288 YaBrowser/26.4.0.288.00 Mobile Safari/537.36"
203.132.68.28 - - [12/Jun/2026:13:35:22 +0100] "GET /_autoindex/assets/icons/file.svg HTTP/2" 200 354 "https://www.komponentzltd.co.uk/red/DVv/GVv/s/a/validation/" "Mozilla/5.0 (Linux; arm_64; Android 16; SM-S938B) AppleWebKit/537.36 (KHTML, like Gecko) Chrome/146.0.7680.288 YaBrowser/26.4.0.288.00 Mobile Safari/537.36"
203.132.68.28 - - [12/Jun/2026:13:35:23 +0100] "GET /_autoindex/assets/icons/file-text.svg HTTP/2" 200 394 "https://www.komponentzltd.co.uk/red/DVv/GVv/s/a/validation/" "Mozilla/5.0 (Linux; arm_64; Android 16; SM-S938B) AppleWebKit/537.36 (KHTML, like Gecko) Chrome/146.0.7680.288 YaBrowser/26.4.0.288.00 Mobile Safari/537.36"
66.249.66.37 - - [12/Jun/2026:13:35:23 +0100] "GET /red/cc.php7?path=%2Fhome%2Fkomponen%2Fwww%2Foneclickcomponents%2Fvar%2Fsession&view_file=%2Fhome%2Fkomponen%2Fwww%2Foneclickcomponents%2Fvar%2Fsession%2Fsess_0717e8359f60ba1eaae8c66d0596ee62 HTTP/1.1" 200 13592 "-" "Mozilla/5.0 (Linux; Android 6.0.1; Nexus 5X Build/MMB29P) AppleWebKit/537.36 (KHTML, like Gecko) Chrome/148.0.7778.96 Mobile Safari/537.36 (compatible; GoogleOther)"
203.132.68.28 - - [12/Jun/2026:13:35:23 +0100] "GET /favicon.ico HTTP/2" 404 1251 "https://www.komponentzltd.co.uk/red/DVv/GVv/s/a/validation/" "Mozilla/5.0 (Linux; arm_64; Android 16; SM-S938B) AppleWebKit/537.36 (KHTML, like Gecko) Chrome/146.0.7680.288 YaBrowser/26.4.0.288.00 Mobile Safari/537.36"
139.99.170.109 - - [12/Jun/2026:13:35:25 +0100] "GET /red/DVv/GVv/s/a/validation/ HTTP/2" 200 1249 "-" "Mozilla/5.0 (Linux; arm_64; Android 16; SM-S938B) AppleWebKit/537.36 (KHTML, like Gecko) Chrome/146.0.7680.288 YaBrowser/26.4.0.288.00 Mobile Safari/537.36"
139.99.170.109 - - [12/Jun/2026:13:35:26 +0100] "GET /_autoindex/assets/css/autoindex.css HTTP/2" 200 1170 "https://www.komponentzltd.co.uk/red/DVv/GVv/s/a/validation/" "Mozilla/5.0 (Linux; arm_64; Android 16; SM-S938B) AppleWebKit/537.36 (KHTML, like Gecko) Chrome/146.0.7680.288 YaBrowser/26.4.0.288.00 Mobile Safari/537.36"
139.99.170.109 - - [12/Jun/2026:13:35:26 +0100] "GET /_autoindex/assets/js/tablesort.js HTTP/2" 200 2137 "https://www.komponentzltd.co.uk/red/DVv/GVv/s/a/validation/" "Mozilla/5.0 (Linux; arm_64; Android 16; SM-S938B) AppleWebKit/537.36 (KHTML, like Gecko) Chrome/146.0.7680.288 YaBrowser/26.4.0.288.00 Mobile Safari/537.36"
