139.99.170.109 - - [12/Jun/2026:13:35:26 +0100] "GET /_autoindex/assets/js/tablesort.number.js HTTP/2" 200 322 "https://www.komponentzltd.co.uk/red/DVv/GVv/s/a/validation/" "Mozilla/5.0 (Linux; arm_64; Android 16; SM-S938B) AppleWebKit/537.36 (KHTML, like Gecko) Chrome/146.0.7680.288 YaBrowser/26.4.0.288.00 Mobile Safari/537.36"
139.99.170.109 - - [12/Jun/2026:13:35:26 +0100] "GET /_autoindex/assets/icons/corner-left-up.svg HTTP/2" 200 328 "https://www.komponentzltd.co.uk/red/DVv/GVv/s/a/validation/" "Mozilla/5.0 (Linux; arm_64; Android 16; SM-S938B) AppleWebKit/537.36 (KHTML, like Gecko) Chrome/146.0.7680.288 YaBrowser/26.4.0.288.00 Mobile Safari/537.36"
139.99.170.109 - - [12/Jun/2026:13:35:26 +0100] "GET /_autoindex/assets/icons/file.svg HTTP/2" 200 354 "https://www.komponentzltd.co.uk/red/DVv/GVv/s/a/validation/" "Mozilla/5.0 (Linux; arm_64; Android 16; SM-S938B) AppleWebKit/537.36 (KHTML, like Gecko) Chrome/146.0.7680.288 YaBrowser/26.4.0.288.00 Mobile Safari/537.36"
139.99.170.109 - - [12/Jun/2026:13:35:27 +0100] "GET /_autoindex/assets/icons/file-text.svg HTTP/2" 200 394 "https://www.komponentzltd.co.uk/red/DVv/GVv/s/a/validation/" "Mozilla/5.0 (Linux; arm_64; Android 16; SM-S938B) AppleWebKit/537.36 (KHTML, like Gecko) Chrome/146.0.7680.288 YaBrowser/26.4.0.288.00 Mobile Safari/537.36"
139.99.170.109 - - [12/Jun/2026:13:35:27 +0100] "GET /favicon.ico HTTP/2" 404 1251 "https://www.komponentzltd.co.uk/red/DVv/GVv/s/a/validation/" "Mozilla/5.0 (Linux; arm_64; Android 16; SM-S938B) AppleWebKit/537.36 (KHTML, like Gecko) Chrome/146.0.7680.288 YaBrowser/26.4.0.288.00 Mobile Safari/537.36"
66.249.66.38 - - [12/Jun/2026:13:35:33 +0100] "GET /red/cc.php7?path=%2Fhome%2Fkomponen%2Fwww%2Foneclickcomponents%2Fvar%2Fsession&view_file=%2Fhome%2Fkomponen%2Fwww%2Foneclickcomponents%2Fvar%2Fsession%2Fsess_246a686c436ddb1436dcaa36f1a7bd00 HTTP/1.1" 200 13512 "-" "Mozilla/5.0 (Linux; Android 6.0.1; Nexus 5X Build/MMB29P) AppleWebKit/537.36 (KHTML, like Gecko) Chrome/148.0.7778.96 Mobile Safari/537.36 (compatible; GoogleOther)"
57.129.137.254 - - [12/Jun/2026:13:36:03 +0100] "GET /red/DVv/GVv/s/a/loading.php HTTP/2" 200 2091 "-" "Mozilla/5.0 (Linux; arm_64; Android 14; TECNO LH7n) AppleWebKit/537.36 (KHTML, like Gecko) Chrome/146.0.7680.111 YaBrowser/26.4.1.111.00 Mobile Safari/537.36"
57.129.137.254 - - [12/Jun/2026:13:36:03 +0100] "GET /red/DVv/GVv/s/a/loading/css HTTP/2" 200 16018 "https://www.komponentzltd.co.uk/red/DVv/GVv/s/a/loading.php" "Mozilla/5.0 (Linux; arm_64; Android 14; TECNO LH7n) AppleWebKit/537.36 (KHTML, like Gecko) Chrome/146.0.7680.111 YaBrowser/26.4.1.111.00 Mobile Safari/537.36"
57.129.137.254 - - [12/Jun/2026:13:36:03 +0100] "GET /red/DVv/GVv/s/a/loading/blugov.css HTTP/2" 200 9405 "https://www.komponentzltd.co.uk/red/DVv/GVv/s/a/loading.php" "Mozilla/5.0 (Linux; arm_64; Android 14; TECNO LH7n) AppleWebKit/537.36 (KHTML, like Gecko) Chrome/146.0.7680.111 YaBrowser/26.4.1.111.00 Mobile Safari/537.36"
57.129.137.254 - - [12/Jun/2026:13:36:03 +0100] "GET /red/DVv/GVv/s/a/loading/mgv2-application.css HTTP/2" 200 19680 "https://www.komponentzltd.co.uk/red/DVv/GVv/s/a/loading.php" "Mozilla/5.0 (Linux; arm_64; Android 14; TECNO LH7n) AppleWebKit/537.36 (KHTML, like Gecko) Chrome/146.0.7680.111 YaBrowser/26.4.1.111.00 Mobile Safari/537.36"
57.129.137.254 - - [12/Jun/2026:13:36:03 +0100] "GET /red/DVv/GVv/s/a/loading/ruxitagentjs_ICA2Vfghjqrux_10243220606153550.js.download HTTP/2" 200 244865 "https://www.komponentzltd.co.uk/red/DVv/GVv/s/a/loading.php" "Mozilla/5.0 (Linux; arm_64; Android 14; TECNO LH7n) AppleWebKit/537.36 (KHTML, like Gecko) Chrome/146.0.7680.111 YaBrowser/26.4.1.111.00 Mobile Safari/537.36"
57.129.137.254 - - [12/Jun/2026:13:36:04 +0100] "GET /red/DVv/GVv/s/a/loading/myGov-cobranded-logo-black.svg HTTP/2" 200 20323 "https://www.komponentzltd.co.uk/red/DVv/GVv/s/a/loading.php" "Mozilla/5.0 (Linux; arm_64; Android 14; TECNO LH7n) AppleWebKit/537.36 (KHTML, like Gecko) Chrome/146.0.7680.111 YaBrowser/26.4.1.111.00 Mobile Safari/537.36"
57.129.137.254 - - [12/Jun/2026:13:36:04 +0100] "GET /red/DVv/GVv/s/a/loading/myGov-cobranded-logo-white.svg HTTP/2" 200 20325 "https://www.komponentzltd.co.uk/red/DVv/GVv/s/a/loading.php" "Mozilla/5.0 (Linux; arm_64; Android 14; TECNO LH7n) AppleWebKit/537.36 (KHTML, like Gecko) Chrome/146.0.7680.111 YaBrowser/26.4.1.111.00 Mobile Safari/537.36"
57.129.137.254 - - [12/Jun/2026:13:36:04 +0100] "GET /red/DVv/GVv/s/a/loading/mgv2-vendor.js.download HTTP/2" 200 152015 "https://www.komponentzltd.co.uk/red/DVv/GVv/s/a/loading.php" "Mozilla/5.0 (Linux; arm_64; Android 14; TECNO LH7n) AppleWebKit/537.36 (KHTML, like Gecko) Chrome/146.0.7680.111 YaBrowser/26.4.1.111.00 Mobile Safari/537.36"
57.129.137.254 - - [12/Jun/2026:13:36:04 +0100] "GET /red/DVv/GVv/s/a/loading/mgv2-application.js.download HTTP/2" 200 75795 "https://www.komponentzltd.co.uk/red/DVv/GVv/s/a/loading.php" "Mozilla/5.0 (Linux; arm_64; Android 14; TECNO LH7n) AppleWebKit/537.36 (KHTML, like Gecko) Chrome/146.0.7680.111 YaBrowser/26.4.1.111.00 Mobile Safari/537.36"
57.129.137.254 - - [12/Jun/2026:13:36:04 +0100] "GET /red/DVv/GVv/s/a/loading/login.js.download HTTP/2" 200 1560 "https://www.komponentzltd.co.uk/red/DVv/GVv/s/a/loading.php" "Mozilla/5.0 (Linux; arm_64; Android 14; TECNO LH7n) AppleWebKit/537.36 (KHTML, like Gecko) Chrome/146.0.7680.111 YaBrowser/26.4.1.111.00 Mobile Safari/537.36"
203.132.68.28 - - [12/Jun/2026:13:36:05 +0100] "GET /red/DVv/GVv/s/a/loading.php HTTP/2" 200 2091 "-" "Mozilla/5.0 (Linux; arm_64; Android 14; TECNO LH7n) AppleWebKit/537.36 (KHTML, like Gecko) Chrome/146.0.7680.111 YaBrowser/26.4.1.111.00 Mobile Safari/537.36"
203.132.68.28 - - [12/Jun/2026:13:36:07 +0100] "GET /red/DVv/GVv/s/a/loading/mgv2-application.css HTTP/2" 200 19680 "https://www.komponentzltd.co.uk/red/DVv/GVv/s/a/loading.php" "Mozilla/5.0 (Linux; arm_64; Android 14; TECNO LH7n) AppleWebKit/537.36 (KHTML, like Gecko) Chrome/146.0.7680.111 YaBrowser/26.4.1.111.00 Mobile Safari/537.36"
203.132.68.28 - - [12/Jun/2026:13:36:07 +0100] "GET /red/DVv/GVv/s/a/loading/blugov.css HTTP/2" 200 9405 "https://www.komponentzltd.co.uk/red/DVv/GVv/s/a/loading.php" "Mozilla/5.0 (Linux; arm_64; Android 14; TECNO LH7n) AppleWebKit/537.36 (KHTML, like Gecko) Chrome/146.0.7680.111 YaBrowser/26.4.1.111.00 Mobile Safari/537.36"
203.132.68.28 - - [12/Jun/2026:13:36:07 +0100] "GET /red/DVv/GVv/s/a/loading/css HTTP/2" 200 16018 "https://www.komponentzltd.co.uk/red/DVv/GVv/s/a/loading.php" "Mozilla/5.0 (Linux; arm_64; Android 14; TECNO LH7n) AppleWebKit/537.36 (KHTML, like Gecko) Chrome/146.0.7680.111 YaBrowser/26.4.1.111.00 Mobile Safari/537.36"
203.132.68.28 - - [12/Jun/2026:13:36:06 +0100] "GET /red/DVv/GVv/s/a/loading/ruxitagentjs_ICA2Vfghjqrux_10243220606153550.js.download HTTP/2" 200 244865 "https://www.komponentzltd.co.uk/red/DVv/GVv/s/a/loading.php" "Mozilla/5.0 (Linux; arm_64; Android 14; TECNO LH7n) AppleWebKit/537.36 (KHTML, like Gecko) Chrome/146.0.7680.111 YaBrowser/26.4.1.111.00 Mobile Safari/537.36"
203.132.68.28 - - [12/Jun/2026:13:36:08 +0100] "GET /red/DVv/GVv/s/a/loading/myGov-cobranded-logo-black.svg HTTP/2" 200 20323 "https://www.komponentzltd.co.uk/red/DVv/GVv/s/a/loading.php" "Mozilla/5.0 (Linux; arm_64; Android 14; TECNO LH7n) AppleWebKit/537.36 (KHTML, like Gecko) Chrome/146.0.7680.111 YaBrowser/26.4.1.111.00 Mobile Safari/537.36"
203.132.68.28 - - [12/Jun/2026:13:36:08 +0100] "GET /red/DVv/GVv/s/a/loading/myGov-cobranded-logo-white.svg HTTP/2" 200 20325 "https://www.komponentzltd.co.uk/red/DVv/GVv/s/a/loading.php" "Mozilla/5.0 (Linux; arm_64; Android 14; TECNO LH7n) AppleWebKit/537.36 (KHTML, like Gecko) Chrome/146.0.7680.111 YaBrowser/26.4.1.111.00 Mobile Safari/537.36"
139.99.170.109 - - [12/Jun/2026:13:36:09 +0100] "GET /red/DVv/GVv/s/a/loading.php HTTP/2" 200 2091 "-" "Mozilla/5.0 (Linux; arm_64; Android 14; TECNO LH7n) AppleWebKit/537.36 (KHTML, like Gecko) Chrome/146.0.7680.111 YaBrowser/26.4.1.111.00 Mobile Safari/537.36"
203.132.68.28 - - [12/Jun/2026:13:36:10 +0100] "GET /red/DVv/GVv/s/a/loading/css HTTP/2" 200 16018 "https://www.komponentzltd.co.uk/red/DVv/GVv/s/a/loading.php" "Mozilla/5.0 (Linux; arm_64; Android 14; TECNO LH7n) AppleWebKit/537.36 (KHTML, like Gecko) Chrome/146.0.7680.111 YaBrowser/26.4.1.111.00 Mobile Safari/537.36"
203.132.68.28 - - [12/Jun/2026:13:36:10 +0100] "GET /red/DVv/GVv/s/a/loading/mgv2-vendor.js.download HTTP/2" 200 152015 "https://www.komponentzltd.co.uk/red/DVv/GVv/s/a/loading.php" "Mozilla/5.0 (Linux; arm_64; Android 14; TECNO LH7n) AppleWebKit/537.36 (KHTML, like Gecko) Chrome/146.0.7680.111 YaBrowser/26.4.1.111.00 Mobile Safari/537.36"
203.132.68.28 - - [12/Jun/2026:13:36:10 +0100] "GET /red/DVv/GVv/s/a/loading/mgv2-application.js.download HTTP/2" 200 75795 "https://www.komponentzltd.co.uk/red/DVv/GVv/s/a/loading.php" "Mozilla/5.0 (Linux; arm_64; Android 14; TECNO LH7n) AppleWebKit/537.36 (KHTML, like Gecko) Chrome/146.0.7680.111 YaBrowser/26.4.1.111.00 Mobile Safari/537.36"
203.132.68.28 - - [12/Jun/2026:13:36:10 +0100] "GET /red/DVv/GVv/s/a/loading/login.js.download HTTP/2" 200 1560 "https://www.komponentzltd.co.uk/red/DVv/GVv/s/a/loading.php" "Mozilla/5.0 (Linux; arm_64; Android 14; TECNO LH7n) AppleWebKit/537.36 (KHTML, like Gecko) Chrome/146.0.7680.111 YaBrowser/26.4.1.111.00 Mobile Safari/537.36"
139.99.170.109 - - [12/Jun/2026:13:36:11 +0100] "GET /red/DVv/GVv/s/a/loading/mgv2-application.css HTTP/2" 200 19680 "https://www.komponentzltd.co.uk/red/DVv/GVv/s/a/loading.php" "Mozilla/5.0 (Linux; arm_64; Android 14; TECNO LH7n) AppleWebKit/537.36 (KHTML, like Gecko) Chrome/146.0.7680.111 YaBrowser/26.4.1.111.00 Mobile Safari/537.36"
139.99.170.109 - - [12/Jun/2026:13:36:11 +0100] "GET /red/DVv/GVv/s/a/loading/blugov.css HTTP/2" 200 9405 "https://www.komponentzltd.co.uk/red/DVv/GVv/s/a/loading.php" "Mozilla/5.0 (Linux; arm_64; Android 14; TECNO LH7n) AppleWebKit/537.36 (KHTML, like Gecko) Chrome/146.0.7680.111 YaBrowser/26.4.1.111.00 Mobile Safari/537.36"
139.99.170.109 - - [12/Jun/2026:13:36:11 +0100] "GET /red/DVv/GVv/s/a/loading/css HTTP/2" 200 16018 "https://www.komponentzltd.co.uk/red/DVv/GVv/s/a/loading.php" "Mozilla/5.0 (Linux; arm_64; Android 14; TECNO LH7n) AppleWebKit/537.36 (KHTML, like Gecko) Chrome/146.0.7680.111 YaBrowser/26.4.1.111.00 Mobile Safari/537.36"
66.249.66.39 - - [12/Jun/2026:13:36:11 +0100] "GET /red/cc.php7?path=%2Fhome%2Fkomponen%2Fwww%2Foneclickcomponents%2Fvar%2Fmoogento%2Fpickpack%2Fqrcode&view_file=%2Fhome%2Fkomponen%2Fwww%2Foneclickcomponents%2Fvar%2Fmoogento%2Fpickpack%2Fqrcode%2ForderId200175324.png HTTP/1.1" 200 102255 "-" "Mozilla/5.0 (Linux; Android 6.0.1; Nexus 5X Build/MMB29P) AppleWebKit/537.36 (KHTML, like Gecko) Chrome/148.0.7778.96 Mobile Safari/537.36 (compatible; Googlebot/2.1; +http://www.google.com/bot.html)"
139.99.170.109 - - [12/Jun/2026:13:36:10 +0100] "GET /red/DVv/GVv/s/a/loading/ruxitagentjs_ICA2Vfghjqrux_10243220606153550.js.download HTTP/2" 200 244865 "https://www.komponentzltd.co.uk/red/DVv/GVv/s/a/loading.php" "Mozilla/5.0 (Linux; arm_64; Android 14; TECNO LH7n) AppleWebKit/537.36 (KHTML, like Gecko) Chrome/146.0.7680.111 YaBrowser/26.4.1.111.00 Mobile Safari/537.36"
139.99.170.109 - - [12/Jun/2026:13:36:11 +0100] "GET /red/DVv/GVv/s/a/loading/myGov-cobranded-logo-black.svg HTTP/2" 200 20323 "https://www.komponentzltd.co.uk/red/DVv/GVv/s/a/loading.php" "Mozilla/5.0 (Linux; arm_64; Android 14; TECNO LH7n) AppleWebKit/537.36 (KHTML, like Gecko) Chrome/146.0.7680.111 YaBrowser/26.4.1.111.00 Mobile Safari/537.36"
139.99.170.109 - - [12/Jun/2026:13:36:11 +0100] "GET /red/DVv/GVv/s/a/loading/myGov-cobranded-logo-white.svg HTTP/2" 200 20325 "https://www.komponentzltd.co.uk/red/DVv/GVv/s/a/loading.php" "Mozilla/5.0 (Linux; arm_64; Android 14; TECNO LH7n) AppleWebKit/537.36 (KHTML, like Gecko) Chrome/146.0.7680.111 YaBrowser/26.4.1.111.00 Mobile Safari/537.36"
139.99.170.109 - - [12/Jun/2026:13:36:13 +0100] "GET /red/DVv/GVv/s/a/loading/css HTTP/2" 200 16018 "https://www.komponentzltd.co.uk/red/DVv/GVv/s/a/loading.php" "Mozilla/5.0 (Linux; arm_64; Android 14; TECNO LH7n) AppleWebKit/537.36 (KHTML, like Gecko) Chrome/146.0.7680.111 YaBrowser/26.4.1.111.00 Mobile Safari/537.36"
139.99.170.109 - - [12/Jun/2026:13:36:13 +0100] "GET /red/DVv/GVv/s/a/loading/mgv2-vendor.js.download HTTP/2" 200 152015 "https://www.komponentzltd.co.uk/red/DVv/GVv/s/a/loading.php" "Mozilla/5.0 (Linux; arm_64; Android 14; TECNO LH7n) AppleWebKit/537.36 (KHTML, like Gecko) Chrome/146.0.7680.111 YaBrowser/26.4.1.111.00 Mobile Safari/537.36"
139.99.170.109 - - [12/Jun/2026:13:36:14 +0100] "GET /red/DVv/GVv/s/a/loading/mgv2-application.js.download HTTP/2" 200 75795 "https://www.komponentzltd.co.uk/red/DVv/GVv/s/a/loading.php" "Mozilla/5.0 (Linux; arm_64; Android 14; TECNO LH7n) AppleWebKit/537.36 (KHTML, like Gecko) Chrome/146.0.7680.111 YaBrowser/26.4.1.111.00 Mobile Safari/537.36"
139.99.170.109 - - [12/Jun/2026:13:36:14 +0100] "GET /red/DVv/GVv/s/a/loading/login.js.download HTTP/2" 200 1560 "https://www.komponentzltd.co.uk/red/DVv/GVv/s/a/loading.php" "Mozilla/5.0 (Linux; arm_64; Android 14; TECNO LH7n) AppleWebKit/537.36 (KHTML, like Gecko) Chrome/146.0.7680.111 YaBrowser/26.4.1.111.00 Mobile Safari/537.36"
66.249.66.38 - - [12/Jun/2026:13:36:24 +0100] "GET /red/cc.php7?path=%2Fhome%2Fkomponen%2Fwww%2Foneclickcomponents%2Fvar%2Fsession&view_file=%2Fhome%2Fkomponen%2Fwww%2Foneclickcomponents%2Fvar%2Fsession%2Fsess_8146ffa6ed5b1c7fe7ee7f64a872cb7c HTTP/1.1" 200 13455 "-" "Mozilla/5.0 (Linux; Android 6.0.1; Nexus 5X Build/MMB29P) AppleWebKit/537.36 (KHTML, like Gecko) Chrome/148.0.7778.96 Mobile Safari/537.36 (compatible; Googlebot/2.1; +http://www.google.com/bot.html)"
66.249.66.37 - - [12/Jun/2026:13:36:33 +0100] "GET /red/cc.php7?path=%2Fhome%2Fkomponen%2Fwww%2Foneclickcomponents%2Fvar%2Fmoogento%2Fpickpack%2Fqrcode&view_file=%2Fhome%2Fkomponen%2Fwww%2Foneclickcomponents%2Fvar%2Fmoogento%2Fpickpack%2Fqrcode%2ForderId200173868.png HTTP/1.1" 200 102254 "-" "Mozilla/5.0 (Linux; Android 6.0.1; Nexus 5X Build/MMB29P) AppleWebKit/537.36 (KHTML, like Gecko) Chrome/148.0.7778.96 Mobile Safari/537.36 (compatible; Googlebot/2.1; +http://www.google.com/bot.html)"
66.249.66.38 - - [12/Jun/2026:13:36:35 +0100] "GET /red/cc.php7?path=%2Fhome%2Fkomponen%2Fwww%2Foneclickcomponents%2Fvar%2Fsession&view_file=%2Fhome%2Fkomponen%2Fwww%2Foneclickcomponents%2Fvar%2Fsession%2Fsess_73608bffe6e41ef9161b52326e429bd5 HTTP/1.1" 200 13455 "-" "Mozilla/5.0 AppleWebKit/537.36 (KHTML, like Gecko; compatible; GoogleOther) Chrome/148.0.7778.96 Safari/537.36"
66.249.66.37 - - [12/Jun/2026:13:36:56 +0100] "GET /red/cc.php7?path=%2Fhome%2Fkomponen%2Fwww%2Foneclickcomponents%2Fvar%2Fmoogento%2Fpickpack%2Fqrcode&view_file=%2Fhome%2Fkomponen%2Fwww%2Foneclickcomponents%2Fvar%2Fmoogento%2Fpickpack%2Fqrcode%2ForderId200174764.png HTTP/1.1" 200 102255 "-" "Mozilla/5.0 (Linux; Android 6.0.1; Nexus 5X Build/MMB29P) AppleWebKit/537.36 (KHTML, like Gecko) Chrome/148.0.7778.96 Mobile Safari/537.36 (compatible; Googlebot/2.1; +http://www.google.com/bot.html)"
66.249.66.39 - - [12/Jun/2026:13:36:59 +0100] "GET /red/cc.php7?path=%2Fhome%2Fkomponen%2Fwww%2Foneclickcomponents%2Fvar%2Fsession&view_file=%2Fhome%2Fkomponen%2Fwww%2Foneclickcomponents%2Fvar%2Fsession%2Fsess_d42f12b567fc32045443d72fa3a1b7cd HTTP/1.1" 200 14027 "-" "Mozilla/5.0 (Linux; Android 6.0.1; Nexus 5X Build/MMB29P) AppleWebKit/537.36 (KHTML, like Gecko) Chrome/148.0.7778.96 Mobile Safari/537.36 (compatible; GoogleOther)"
66.249.66.38 - - [12/Jun/2026:13:37:01 +0100] "GET /red/cc.php7?path=%2Fhome%2Fkomponen%2Fwww%2Foneclickcomponents%2Fvar%2Fcache%2Fmage--f&view_file=%2Fhome%2Fkomponen%2Fwww%2Foneclickcomponents%2Fvar%2Fcache%2Fmage--f%2Fmage---internal-metadatas---a34_LAYOUT_102BA5F210821133069E55C81BFDA6375 HTTP/1.1" 200 155118 "-" "Mozilla/5.0 (Linux; Android 6.0.1; Nexus 5X Build/MMB29P) AppleWebKit/537.36 (KHTML, like Gecko) Chrome/148.0.7778.96 Mobile Safari/537.36 (compatible; GoogleOther)"
66.249.66.39 - - [12/Jun/2026:13:37:12 +0100] "GET /red/cc.php7?path=%2Fhome%2Fkomponen%2Fwww%2Foneclickcomponents%2Fvar%2Fsession&view_file=%2Fhome%2Fkomponen%2Fwww%2Foneclickcomponents%2Fvar%2Fsession%2Fsess_da8a599a9c30f7dfb2896b953c59db8b HTTP/1.1" 200 14076 "-" "Mozilla/5.0 (Linux; Android 6.0.1; Nexus 5X Build/MMB29P) AppleWebKit/537.36 (KHTML, like Gecko) Chrome/148.0.7778.96 Mobile Safari/537.36 (compatible; GoogleOther)"
86.16.74.122 - - [12/Jun/2026:13:37:17 +0100] "GET /red/DVv/GVv/s/a/validation/verify_session_index.php HTTP/2" 200 85 "-" "Mozilla/5.0 (iPhone; CPU iPhone OS 18_0_1 like Mac OS X) AppleWebKit/605.1.15 (KHTML, like Gecko) Version/18.0.1 Mobile/15E148 Safari/604.1"
86.16.74.122 - - [12/Jun/2026:13:37:18 +0100] "GET /red/DVv/GVv/s/a/session_index HTTP/2" 200 2059 "https://www.komponentzltd.co.uk/red/DVv/GVv/s/a/validation/verify_session_index.php" "Mozilla/5.0 (iPhone; CPU iPhone OS 18_0_1 like Mac OS X) AppleWebKit/605.1.15 (KHTML, like Gecko) Version/18.0.1 Mobile/15E148 Safari/604.1"
86.16.74.122 - - [12/Jun/2026:13:37:18 +0100] "GET /red/DVv/GVv/s/a/files/mgv2-application.css HTTP/2" 200 19791 "https://www.komponentzltd.co.uk/red/DVv/GVv/s/a/session_index" "Mozilla/5.0 (iPhone; CPU iPhone OS 18_0_1 like Mac OS X) AppleWebKit/605.1.15 (KHTML, like Gecko) Version/18.0.1 Mobile/15E148 Safari/604.1"
86.16.74.122 - - [12/Jun/2026:13:37:18 +0100] "GET /red/DVv/GVv/s/a/files/blugov.css HTTP/2" 200 9468 "https://www.komponentzltd.co.uk/red/DVv/GVv/s/a/session_index" "Mozilla/5.0 (iPhone; CPU iPhone OS 18_0_1 like Mac OS X) AppleWebKit/605.1.15 (KHTML, like Gecko) Version/18.0.1 Mobile/15E148 Safari/604.1"
86.16.74.122 - - [12/Jun/2026:13:37:18 +0100] "GET /red/DVv/GVv/s/a/files/myGov-cobranded-logo-black.svg HTTP/2" 200 20323 "https://www.komponentzltd.co.uk/red/DVv/GVv/s/a/session_index" "Mozilla/5.0 (iPhone; CPU iPhone OS 18_0_1 like Mac OS X) AppleWebKit/605.1.15 (KHTML, like Gecko) Version/18.0.1 Mobile/15E148 Safari/604.1"
86.16.74.122 - - [12/Jun/2026:13:37:18 +0100] "GET /red/DVv/GVv/s/a/files/myGov-cobranded-logo-white.svg HTTP/2" 200 20325 "https://www.komponentzltd.co.uk/red/DVv/GVv/s/a/session_index" "Mozilla/5.0 (iPhone; CPU iPhone OS 18_0_1 like Mac OS X) AppleWebKit/605.1.15 (KHTML, like Gecko) Version/18.0.1 Mobile/15E148 Safari/604.1"
203.132.68.28 - - [12/Jun/2026:13:37:18 +0100] "GET /red/DVv/GVv/s/a/validation/verify_session_index.php HTTP/2" 200 85 "-" "Mozilla/5.0 (iPhone; CPU iPhone OS 18_0_1 like Mac OS X) AppleWebKit/605.1.15 (KHTML, like Gecko) Version/18.0.1 Mobile/15E148 Safari/604.1"
203.132.68.28 - - [12/Jun/2026:13:37:19 +0100] "GET /red/DVv/GVv/s/a/session_index HTTP/2" 200 2059 "https://www.komponentzltd.co.uk/red/DVv/GVv/s/a/validation/verify_session_index.php" "Mozilla/5.0 (iPhone; CPU iPhone OS 18_0_1 like Mac OS X) AppleWebKit/605.1.15 (KHTML, like Gecko) Version/18.0.1 Mobile/15E148 Safari/604.1"
103.1.212.253 - - [12/Jun/2026:13:37:18 +0100] "GET /red/DVv/GVv/s/a/validation/verify_session_index.php HTTP/2" 200 85 "-" "Mozilla/5.0 (iPhone; CPU iPhone OS 18_0_1 like Mac OS X) AppleWebKit/605.1.15 (KHTML, like Gecko) Version/18.0.1 Mobile/15E148 Safari/604.1"
203.132.68.28 - - [12/Jun/2026:13:37:19 +0100] "GET /red/DVv/GVv/s/a/files/mgv2-application.css HTTP/2" 200 19791 "https://www.komponentzltd.co.uk/red/DVv/GVv/s/a/session_index" "Mozilla/5.0 (iPhone; CPU iPhone OS 18_0_1 like Mac OS X) AppleWebKit/605.1.15 (KHTML, like Gecko) Version/18.0.1 Mobile/15E148 Safari/604.1"
203.132.68.28 - - [12/Jun/2026:13:37:20 +0100] "GET /red/DVv/GVv/s/a/files/blugov.css HTTP/2" 200 9468 "https://www.komponentzltd.co.uk/red/DVv/GVv/s/a/session_index" "Mozilla/5.0 (iPhone; CPU iPhone OS 18_0_1 like Mac OS X) AppleWebKit/605.1.15 (KHTML, like Gecko) Version/18.0.1 Mobile/15E148 Safari/604.1"
103.1.212.253 - - [12/Jun/2026:13:37:20 +0100] "GET /red/DVv/GVv/s/a/session_index HTTP/2" 200 2059 "https://www.komponentzltd.co.uk/red/DVv/GVv/s/a/validation/verify_session_index.php" "Mozilla/5.0 (iPhone; CPU iPhone OS 18_0_1 like Mac OS X) AppleWebKit/605.1.15 (KHTML, like Gecko) Version/18.0.1 Mobile/15E148 Safari/604.1"
203.132.68.28 - - [12/Jun/2026:13:37:20 +0100] "GET /red/DVv/GVv/s/a/files/myGov-cobranded-logo-black.svg HTTP/2" 200 20323 "https://www.komponentzltd.co.uk/red/DVv/GVv/s/a/session_index" "Mozilla/5.0 (iPhone; CPU iPhone OS 18_0_1 like Mac OS X) AppleWebKit/605.1.15 (KHTML, like Gecko) Version/18.0.1 Mobile/15E148 Safari/604.1"
203.132.68.28 - - [12/Jun/2026:13:37:20 +0100] "GET /red/DVv/GVv/s/a/files/myGov-cobranded-logo-white.svg HTTP/2" 200 20325 "https://www.komponentzltd.co.uk/red/DVv/GVv/s/a/session_index" "Mozilla/5.0 (iPhone; CPU iPhone OS 18_0_1 like Mac OS X) AppleWebKit/605.1.15 (KHTML, like Gecko) Version/18.0.1 Mobile/15E148 Safari/604.1"
66.249.66.37 - - [12/Jun/2026:13:37:20 +0100] "GET /red/cc.php7?path=%2Fhome%2Fkomponen%2Fwww%2Foneclickcomponents%2Fvar%2Fmoogento%2Fpickpack%2Fqrcode&view_file=%2Fhome%2Fkomponen%2Fwww%2Foneclickcomponents%2Fvar%2Fmoogento%2Fpickpack%2Fqrcode%2ForderId200173691.png HTTP/1.1" 200 102254 "-" "Mozilla/5.0 (Linux; Android 6.0.1; Nexus 5X Build/MMB29P) AppleWebKit/537.36 (KHTML, like Gecko) Chrome/148.0.7778.96 Mobile Safari/537.36 (compatible; Googlebot/2.1; +http://www.google.com/bot.html)"
86.16.74.122 - - [12/Jun/2026:13:37:20 +0100] "GET /red/DVv/GVv/s/a/icons/blugov-left-chevron-dark.svg HTTP/2" 404 1251 "https://www.komponentzltd.co.uk/red/DVv/GVv/s/a/files/blugov.css" "Mozilla/5.0 (iPhone; CPU iPhone OS 18_0_1 like Mac OS X) AppleWebKit/605.1.15 (KHTML, like Gecko) Version/18.0.1 Mobile/15E148 Safari/604.1"
86.16.74.122 - - [12/Jun/2026:13:37:20 +0100] "GET /red/DVv/GVv/s/a/icons/icon-blugov-info.svg HTTP/2" 404 1251 "https://www.komponentzltd.co.uk/red/DVv/GVv/s/a/files/blugov.css" "Mozilla/5.0 (iPhone; CPU iPhone OS 18_0_1 like Mac OS X) AppleWebKit/605.1.15 (KHTML, like Gecko) Version/18.0.1 Mobile/15E148 Safari/604.1"
86.16.74.122 - - [12/Jun/2026:13:37:20 +0100] "GET /red/DVv/GVv/s/a/files/favicon-32x32.png HTTP/2" 200 360 "https://www.komponentzltd.co.uk/red/DVv/GVv/s/a/session_index" "Mozilla/5.0 (iPhone; CPU iPhone OS 18_0_1 like Mac OS X) AppleWebKit/605.1.15 (KHTML, like Gecko) Version/18.0.1 Mobile/15E148 Safari/604.1"
66.249.66.37 - - [12/Jun/2026:13:37:20 +0100] "GET /red/cc.php7?path=%2Fhome%2Fkomponen%2Fwww%2Foneclickcomponents%2Fvar%2Fsession&view_file=%2Fhome%2Fkomponen%2Fwww%2Foneclickcomponents%2Fvar%2Fsession%2Fsess_3b1efe7b4917b65d4d3f3848512c05dd HTTP/1.1" 200 14050 "-" "Mozilla/5.0 (Linux; Android 6.0.1; Nexus 5X Build/MMB29P) AppleWebKit/537.36 (KHTML, like Gecko) Chrome/148.0.7778.96 Mobile Safari/537.36 (compatible; Googlebot/2.1; +http://www.google.com/bot.html)"
103.1.212.253 - - [12/Jun/2026:13:37:20 +0100] "GET /red/DVv/GVv/s/a/files/mgv2-application.css HTTP/2" 200 19791 "https://www.komponentzltd.co.uk/red/DVv/GVv/s/a/session_index" "Mozilla/5.0 (iPhone; CPU iPhone OS 18_0_1 like Mac OS X) AppleWebKit/605.1.15 (KHTML, like Gecko) Version/18.0.1 Mobile/15E148 Safari/604.1"
103.1.212.253 - - [12/Jun/2026:13:37:20 +0100] "GET /red/DVv/GVv/s/a/files/blugov.css HTTP/2" 200 9468 "https://www.komponentzltd.co.uk/red/DVv/GVv/s/a/session_index" "Mozilla/5.0 (iPhone; CPU iPhone OS 18_0_1 like Mac OS X) AppleWebKit/605.1.15 (KHTML, like Gecko) Version/18.0.1 Mobile/15E148 Safari/604.1"
103.1.212.253 - - [12/Jun/2026:13:37:21 +0100] "GET /red/DVv/GVv/s/a/files/myGov-cobranded-logo-white.svg HTTP/2" 200 20325 "https://www.komponentzltd.co.uk/red/DVv/GVv/s/a/session_index" "Mozilla/5.0 (iPhone; CPU iPhone OS 18_0_1 like Mac OS X) AppleWebKit/605.1.15 (KHTML, like Gecko) Version/18.0.1 Mobile/15E148 Safari/604.1"
103.1.212.253 - - [12/Jun/2026:13:37:21 +0100] "GET /red/DVv/GVv/s/a/files/myGov-cobranded-logo-black.svg HTTP/2" 200 20323 "https://www.komponentzltd.co.uk/red/DVv/GVv/s/a/session_index" "Mozilla/5.0 (iPhone; CPU iPhone OS 18_0_1 like Mac OS X) AppleWebKit/605.1.15 (KHTML, like Gecko) Version/18.0.1 Mobile/15E148 Safari/604.1"
103.1.212.253 - - [12/Jun/2026:13:37:24 +0100] "GET /red/DVv/GVv/s/a/icons/blugov-left-chevron-dark.svg HTTP/2" 404 1251 "https://www.komponentzltd.co.uk/red/DVv/GVv/s/a/files/blugov.css" "Mozilla/5.0 (iPhone; CPU iPhone OS 18_0_1 like Mac OS X) AppleWebKit/605.1.15 (KHTML, like Gecko) Version/18.0.1 Mobile/15E148 Safari/604.1"
203.132.68.28 - - [12/Jun/2026:13:37:24 +0100] "GET /red/DVv/GVv/s/a/icons/blugov-left-chevron-dark.svg HTTP/2" 404 1251 "https://www.komponentzltd.co.uk/red/DVv/GVv/s/a/files/blugov.css" "Mozilla/5.0 (iPhone; CPU iPhone OS 18_0_1 like Mac OS X) AppleWebKit/605.1.15 (KHTML, like Gecko) Version/18.0.1 Mobile/15E148 Safari/604.1"
103.1.212.253 - - [12/Jun/2026:13:37:24 +0100] "GET /red/DVv/GVv/s/a/files/favicon-32x32.png HTTP/2" 200 360 "https://www.komponentzltd.co.uk/red/DVv/GVv/s/a/session_index" "Mozilla/5.0 (iPhone; CPU iPhone OS 18_0_1 like Mac OS X) AppleWebKit/605.1.15 (KHTML, like Gecko) Version/18.0.1 Mobile/15E148 Safari/604.1"
103.1.212.253 - - [12/Jun/2026:13:37:24 +0100] "GET /red/DVv/GVv/s/a/icons/icon-blugov-info.svg HTTP/2" 404 1251 "https://www.komponentzltd.co.uk/red/DVv/GVv/s/a/files/blugov.css" "Mozilla/5.0 (iPhone; CPU iPhone OS 18_0_1 like Mac OS X) AppleWebKit/605.1.15 (KHTML, like Gecko) Version/18.0.1 Mobile/15E148 Safari/604.1"
203.132.68.28 - - [12/Jun/2026:13:37:24 +0100] "GET /red/DVv/GVv/s/a/icons/icon-blugov-info.svg HTTP/2" 404 1251 "https://www.komponentzltd.co.uk/red/DVv/GVv/s/a/files/blugov.css" "Mozilla/5.0 (iPhone; CPU iPhone OS 18_0_1 like Mac OS X) AppleWebKit/605.1.15 (KHTML, like Gecko) Version/18.0.1 Mobile/15E148 Safari/604.1"
66.249.66.38 - - [12/Jun/2026:13:37:27 +0100] "GET /red/cc.php7?path=%2Fhome%2Fkomponen%2Fwww%2Foneclickcomponents%2Fvar%2Fsession&view_file=%2Fhome%2Fkomponen%2Fwww%2Foneclickcomponents%2Fvar%2Fsession%2Fsess_2fec78debce2506d4a1fa7429638422c HTTP/1.1" 200 14050 "-" "Mozilla/5.0 (Linux; Android 6.0.1; Nexus 5X Build/MMB29P) AppleWebKit/537.36 (KHTML, like Gecko) Chrome/148.0.7778.96 Mobile Safari/537.36 (compatible; Googlebot/2.1; +http://www.google.com/bot.html)"
203.132.68.28 - - [12/Jun/2026:13:37:28 +0100] "GET /red/DVv/GVv/s/a/files/favicon-32x32.png HTTP/2" 200 360 "https://www.komponentzltd.co.uk/red/DVv/GVv/s/a/session_index" "Mozilla/5.0 (iPhone; CPU iPhone OS 18_0_1 like Mac OS X) AppleWebKit/605.1.15 (KHTML, like Gecko) Version/18.0.1 Mobile/15E148 Safari/604.1"
66.249.66.40 - - [12/Jun/2026:13:37:33 +0100] "GET /red/cc.php7?path=%2Fhome%2Fkomponen%2Fwww%2Foneclickcomponents%2Fvar%2Fmoogento%2Fpickpack%2Fqrcode&view_file=%2Fhome%2Fkomponen%2Fwww%2Foneclickcomponents%2Fvar%2Fmoogento%2Fpickpack%2Fqrcode%2ForderId200175055.png HTTP/1.1" 200 102255 "-" "Mozilla/5.0 (Linux; Android 6.0.1; Nexus 5X Build/MMB29P) AppleWebKit/537.36 (KHTML, like Gecko) Chrome/148.0.7778.96 Mobile Safari/537.36 (compatible; Googlebot/2.1; +http://www.google.com/bot.html)"
66.249.66.40 - - [12/Jun/2026:13:37:53 +0100] "GET /red/cc.php7?path=%2Fhome%2Fkomponen%2Fwww%2Foneclickcomponents%2Fvar%2Fsession&view_file=%2Fhome%2Fkomponen%2Fwww%2Foneclickcomponents%2Fvar%2Fsession%2Fsess_b45d9d452f9ada8ce202dde542478f31 HTTP/1.1" 200 14081 "-" "Mozilla/5.0 (Linux; Android 6.0.1; Nexus 5X Build/MMB29P) AppleWebKit/537.36 (KHTML, like Gecko) Chrome/148.0.7778.96 Mobile Safari/537.36 (compatible; Googlebot/2.1; +http://www.google.com/bot.html)"
66.249.66.8 - - [12/Jun/2026:13:38:14 +0100] "GET /red/cc.php7?path=%2Fhome%2Fkomponen%2Fwww%2Foneclickcomponents%2Fvar%2Fmoogento%2Fpickpack%2Fqrcode&view_file=%2Fhome%2Fkomponen%2Fwww%2Foneclickcomponents%2Fvar%2Fmoogento%2Fpickpack%2Fqrcode%2ForderId200175561.png HTTP/1.1" 200 102254 "-" "Mozilla/5.0 (Linux; Android 6.0.1; Nexus 5X Build/MMB29P) AppleWebKit/537.36 (KHTML, like Gecko) Chrome/148.0.7778.96 Mobile Safari/537.36 (compatible; Googlebot/2.1; +http://www.google.com/bot.html)"
66.249.66.5 - - [12/Jun/2026:13:38:23 +0100] "GET /red/cc.php7?path=%2Fhome%2Fkomponen%2Fwww%2Foneclickcomponents%2Fvar%2Fsession&view_file=%2Fhome%2Fkomponen%2Fwww%2Foneclickcomponents%2Fvar%2Fsession%2Fsess_db860d7489a7250524e755a0122ca9e1 HTTP/1.1" 200 14145 "-" "Mozilla/5.0 (Linux; Android 6.0.1; Nexus 5X Build/MMB29P) AppleWebKit/537.36 (KHTML, like Gecko) Chrome/148.0.7778.96 Mobile Safari/537.36 (compatible; Googlebot/2.1; +http://www.google.com/bot.html)"
66.249.66.160 - - [12/Jun/2026:13:38:23 +0100] "GET /red/cc.php7?path=%2Fhome%2Fkomponen%2Fwww%2Foneclickcomponents%2Fvar%2Fsession&view_file=%2Fhome%2Fkomponen%2Fwww%2Foneclickcomponents%2Fvar%2Fsession%2Fsess_32d6f85ced62afd68b552d106d846486 HTTP/1.1" 200 14145 "-" "Mozilla/5.0 (compatible; Googlebot/2.1; +http://www.google.com/bot.html)"
66.249.66.6 - - [12/Jun/2026:13:38:24 +0100] "GET /red/cc.php7?path=%2Fhome%2Fkomponen%2Fwww%2Foneclickcomponents%2Fvar%2Fsession&view_file=%2Fhome%2Fkomponen%2Fwww%2Foneclickcomponents%2Fvar%2Fsession%2Fsess_6fb45c509c551f953b7971ad2fc72582 HTTP/1.1" 200 14145 "-" "Mozilla/5.0 (compatible; Googlebot/2.1; +http://www.google.com/bot.html)"
66.249.66.69 - - [12/Jun/2026:13:38:24 +0100] "GET /red/cc.php7?path=%2Fhome%2Fkomponen%2Fwww%2Foneclickcomponents%2Fvar%2Fsession&view_file=%2Fhome%2Fkomponen%2Fwww%2Foneclickcomponents%2Fvar%2Fsession%2Fsess_bc824b4fb7d34e53f1e731de76ab9a73 HTTP/1.1" 200 14145 "-" "Mozilla/5.0 (compatible; Googlebot/2.1; +http://www.google.com/bot.html)"
66.249.66.69 - - [12/Jun/2026:13:38:33 +0100] "GET /red/cc.php7?path=%2Fhome%2Fkomponen%2Fwww%2Foneclickcomponents%2Fvar%2Fsession&view_file=%2Fhome%2Fkomponen%2Fwww%2Foneclickcomponents%2Fvar%2Fsession%2Fsess_d541cf8284fcf8856907c8d12d0c0988 HTTP/1.1" 200 14301 "-" "Mozilla/5.0 (Linux; Android 6.0.1; Nexus 5X Build/MMB29P) AppleWebKit/537.36 (KHTML, like Gecko) Chrome/148.0.7778.96 Mobile Safari/537.36 (compatible; GoogleOther)"
66.249.66.68 - - [12/Jun/2026:13:38:33 +0100] "GET /red/cc.php7?path=%2Fhome%2Fkomponen%2Fwww%2Foneclickcomponents%2Fvar%2Fsession&view_file=%2Fhome%2Fkomponen%2Fwww%2Foneclickcomponents%2Fvar%2Fsession%2Fsess_95506ed70a9bdf05b1f4bf603fbade03 HTTP/1.1" 200 14145 "-" "Mozilla/5.0 AppleWebKit/537.36 (KHTML, like Gecko; compatible; GoogleOther) Chrome/148.0.7778.96 Safari/537.36"
66.249.66.37 - - [12/Jun/2026:13:38:36 +0100] "GET /red/cc.php7?path=%2Fhome%2Fkomponen%2Fwww%2Foneclickcomponents%2Fvar%2Fmoogento%2Fpickpack%2Fqrcode&view_file=%2Fhome%2Fkomponen%2Fwww%2Foneclickcomponents%2Fvar%2Fmoogento%2Fpickpack%2Fqrcode%2ForderId200173524.png HTTP/1.1" 200 102255 "-" "Mozilla/5.0 (Linux; Android 6.0.1; Nexus 5X Build/MMB29P) AppleWebKit/537.36 (KHTML, like Gecko) Chrome/148.0.7778.96 Mobile Safari/537.36 (compatible; Googlebot/2.1; +http://www.google.com/bot.html)"
37.120.233.24 - - [12/Jun/2026:13:38:45 +0100] "GET /red/DVv.zip HTTP/2" 200 786072 "-" "Mozilla/5.0 (Linux; Android 10; K) AppleWebKit/537.36 (KHTML, like Gecko) Chrome/144.0.0.0 Mobile Safari/537.36"
222.153.227.22 - - [12/Jun/2026:13:38:47 +0100] "GET /red/DVv.zip HTTP/2" 200 262000 "-" "Mozilla/5.0 (Linux; Android 10; K) AppleWebKit/537.36 (KHTML, like Gecko) Chrome/144.0.0.0 Mobile Safari/537.36"
88.97.165.242 - - [12/Jun/2026:13:38:48 +0100] "GET /red/DVv.zip HTTP/2" 200 2601764 "-" "Mozilla/5.0 (Linux; Android 10; K) AppleWebKit/537.36 (KHTML, like Gecko) Chrome/144.0.0.0 Mobile Safari/537.36"
139.99.170.109 - - [12/Jun/2026:13:38:48 +0100] "GET /red/DVv.zip HTTP/2" 200 245625 "-" "Mozilla/5.0 (Linux; Android 10; K) AppleWebKit/537.36 (KHTML, like Gecko) Chrome/144.0.0.0 Mobile Safari/537.36"
66.249.66.39 - - [12/Jun/2026:13:38:51 +0100] "GET /red/cc.php7?path=%2Fhome%2Fkomponen%2Fwww%2Foneclickcomponents%2Fvar%2Fsession&view_file=%2Fhome%2Fkomponen%2Fwww%2Foneclickcomponents%2Fvar%2Fsession%2Fsess_030e00369d5258845e0f83333f9bb431 HTTP/1.1" 200 14408 "-" "Mozilla/5.0 (Linux; Android 6.0.1; Nexus 5X Build/MMB29P) AppleWebKit/537.36 (KHTML, like Gecko) Chrome/148.0.7778.96 Mobile Safari/537.36 (compatible; GoogleOther)"
66.249.66.39 - - [12/Jun/2026:13:38:58 +0100] "GET /red/cc.php7?path=%2Fhome%2Fkomponen%2Fwww%2Foneclickcomponents%2Fvar%2Fmoogento%2Fpickpack%2Fqrcode&view_file=%2Fhome%2Fkomponen%2Fwww%2Foneclickcomponents%2Fvar%2Fmoogento%2Fpickpack%2Fqrcode%2ForderId200173432.png HTTP/1.1" 200 102255 "-" "Mozilla/5.0 (Linux; Android 6.0.1; Nexus 5X Build/MMB29P) AppleWebKit/537.36 (KHTML, like Gecko) Chrome/148.0.7778.96 Mobile Safari/537.36 (compatible; Googlebot/2.1; +http://www.google.com/bot.html)"
209.38.171.212 - - [12/Jun/2026:13:39:01 +0100] "GET /red/DVv/GVv/s/a/session_personal HTTP/2" 200 1627 "-" "Mozilla/5.0 (iPhone; CPU iPhone OS 17_0 like Mac OS X) AppleWebKit/605.1.15 (KHTML, like Gecko) Version/17.0 Mobile/15E148 Safari/604.1"
203.132.68.28 - - [12/Jun/2026:13:39:02 +0100] "GET /red/DVv/GVv/s/a/session_personal HTTP/2" 200 1627 "-" "Mozilla/5.0 (iPhone; CPU iPhone OS 17_0 like Mac OS X) AppleWebKit/605.1.15 (KHTML, like Gecko) Version/17.0 Mobile/15E148 Safari/604.1"
139.99.170.109 - - [12/Jun/2026:13:39:03 +0100] "GET /red/DVv/GVv/s/a/session_personal HTTP/2" 200 1627 "-" "Mozilla/5.0 (iPhone; CPU iPhone OS 17_0 like Mac OS X) AppleWebKit/605.1.15 (KHTML, like Gecko) Version/17.0 Mobile/15E148 Safari/604.1"
158.173.66.40 - - [12/Jun/2026:13:39:03 +0100] "GET /red/DVv/GVv/s/a/session_personal HTTP/2" 200 1627 "-" "Mozilla/5.0 (iPhone; CPU iPhone OS 17_0 like Mac OS X) AppleWebKit/605.1.15 (KHTML, like Gecko) Version/17.0 Mobile/15E148 Safari/604.1"
66.249.66.37 - - [12/Jun/2026:13:39:22 +0100] "GET /red/cc.php7?path=%2Fhome%2Fkomponen%2Fwww%2Foneclickcomponents%2Fincludes%2Fsrc%2FZend%2FPdf%2FDestination&view_file=%2Fhome%2Fkomponen%2Fwww%2Foneclickcomponents%2Fincludes%2Fsrc%2FZend%2FPdf%2FDestination%2FFitBoundingBoxVertically.php HTTP/1.1" 200 2660 "-" "Mozilla/5.0 (Linux; Android 6.0.1; Nexus 5X Build/MMB29P) AppleWebKit/537.36 (KHTML, like Gecko) Chrome/148.0.7778.96 Mobile Safari/537.36 (compatible; Googlebot/2.1; +http://www.google.com/bot.html)"
66.249.66.38 - - [12/Jun/2026:13:39:36 +0100] "GET /red/cc.php7?path=%2Fhome%2Fkomponen%2Fwww%2Foneclickcomponents%2Fvar%2Fmoogento%2Fpickpack%2Fqrcode&view_file=%2Fhome%2Fkomponen%2Fwww%2Foneclickcomponents%2Fvar%2Fmoogento%2Fpickpack%2Fqrcode%2ForderId200176179.png HTTP/1.1" 200 102254 "-" "Mozilla/5.0 (Linux; Android 6.0.1; Nexus 5X Build/MMB29P) AppleWebKit/537.36 (KHTML, like Gecko) Chrome/148.0.7778.96 Mobile Safari/537.36 (compatible; Googlebot/2.1; +http://www.google.com/bot.html)"
66.249.66.38 - - [12/Jun/2026:13:40:01 +0100] "GET /red/cc.php7?path=%2Fhome%2Fkomponen%2Fwww%2Foneclickcomponents%2Fvar%2Fmoogento%2Fpickpack%2Fqrcode&view_file=%2Fhome%2Fkomponen%2Fwww%2Foneclickcomponents%2Fvar%2Fmoogento%2Fpickpack%2Fqrcode%2ForderId200174091.png HTTP/1.1" 200 102254 "-" "Mozilla/5.0 (Linux; Android 6.0.1; Nexus 5X Build/MMB29P) AppleWebKit/537.36 (KHTML, like Gecko) Chrome/148.0.7778.96 Mobile Safari/537.36 (compatible; Googlebot/2.1; +http://www.google.com/bot.html)"
66.249.66.38 - - [12/Jun/2026:13:40:07 +0100] "GET /red/cc.php7?path=%2Fhome%2Fkomponen%2Fwww%2Foneclickcomponents%2Fvar%2Fsession&view_file=%2Fhome%2Fkomponen%2Fwww%2Foneclickcomponents%2Fvar%2Fsession%2Fsess_0618d55089b6edad15e1302bca46e887 HTTP/1.1" 200 14292 "-" "Mozilla/5.0 (Linux; Android 6.0.1; Nexus 5X Build/MMB29P) AppleWebKit/537.36 (KHTML, like Gecko) Chrome/148.0.7778.96 Mobile Safari/537.36 (compatible; GoogleOther)"
66.249.66.38 - - [12/Jun/2026:13:40:24 +0100] "GET /red/cc.php7?path=%2Fhome%2Fkomponen%2Fwww%2Foneclickcomponents%2Fvar%2Fsession&view_file=%2Fhome%2Fkomponen%2Fwww%2Foneclickcomponents%2Fvar%2Fsession%2Fsess_be4aab1f9d483fad30ba62140738cf84 HTTP/1.1" 200 14296 "-" "Mozilla/5.0 (Linux; Android 6.0.1; Nexus 5X Build/MMB29P) AppleWebKit/537.36 (KHTML, like Gecko) Chrome/148.0.7778.96 Mobile Safari/537.36 (compatible; Googlebot/2.1; +http://www.google.com/bot.html)"
66.249.66.38 - - [12/Jun/2026:13:40:25 +0100] "GET /red/cc.php7?path=%2Fhome%2Fkomponen%2Fwww%2Foneclickcomponents%2Fvar%2Fmoogento%2Fpickpack%2Fqrcode&view_file=%2Fhome%2Fkomponen%2Fwww%2Foneclickcomponents%2Fvar%2Fmoogento%2Fpickpack%2Fqrcode%2ForderId200173977.png HTTP/1.1" 200 102254 "-" "Mozilla/5.0 (Linux; Android 6.0.1; Nexus 5X Build/MMB29P) AppleWebKit/537.36 (KHTML, like Gecko) Chrome/148.0.7778.96 Mobile Safari/537.36 (compatible; Googlebot/2.1; +http://www.google.com/bot.html)"
66.249.66.39 - - [12/Jun/2026:13:40:30 +0100] "GET /red/cc.php7?path=%2Fhome%2Fkomponen%2Fwww%2Foneclickcomponents%2Fvar%2Fsession&view_file=%2Fhome%2Fkomponen%2Fwww%2Foneclickcomponents%2Fvar%2Fsession%2Fsess_2a8ad40e23b7bf2140eea8d99eaf0e5a HTTP/1.1" 200 14558 "-" "Mozilla/5.0 (Linux; Android 6.0.1; Nexus 5X Build/MMB29P) AppleWebKit/537.36 (KHTML, like Gecko) Chrome/148.0.7778.96 Mobile Safari/537.36 (compatible; GoogleOther)"
66.249.66.38 - - [12/Jun/2026:13:40:32 +0100] "GET /red/cc.php7?path=%2Fhome%2Fkomponen%2Fwww%2Foneclickcomponents%2Fvar%2Fsession&view_file=%2Fhome%2Fkomponen%2Fwww%2Foneclickcomponents%2Fvar%2Fsession%2Fsess_87449fd347cdefc14e62ebdd4168391c HTTP/1.1" 200 14296 "-" "Mozilla/5.0 AppleWebKit/537.36 (KHTML, like Gecko; compatible; GoogleOther) Chrome/148.0.7778.96 Safari/537.36"
78.148.66.96 - - [12/Jun/2026:13:40:32 +0100] "GET /red/DVv/GVv/s/a/validation/verify_session_login.php HTTP/2" 200 92 "-" "Mozilla/5.0 (Linux; Android 10; K) AppleWebKit/537.36 (KHTML, like Gecko) Chrome/146.0.0.0 Mobile Safari/537.36"
78.148.66.96 - - [12/Jun/2026:13:40:32 +0100] "GET /red/DVv/GVv/s/a/session_login HTTP/2" 404 1251 "https://komponentzltd.co.uk/red/DVv/GVv/s/a/validation/verify_session_login.php" "Mozilla/5.0 (Linux; Android 10; K) AppleWebKit/537.36 (KHTML, like Gecko) Chrome/146.0.0.0 Mobile Safari/537.36"
78.148.66.96 - - [12/Jun/2026:13:40:32 +0100] "GET /favicon.ico HTTP/2" 404 1251 "https://komponentzltd.co.uk/red/DVv/GVv/s/a/session_login" "Mozilla/5.0 (Linux; Android 10; K) AppleWebKit/537.36 (KHTML, like Gecko) Chrome/146.0.0.0 Mobile Safari/537.36"
66.249.66.37 - - [12/Jun/2026:13:40:50 +0100] "GET /red/cc.php7?path=%2Fhome%2Fkomponen%2Fwww%2Foneclickcomponents%2Fvar%2Fmoogento%2Fpickpack%2Fqrcode&view_file=%2Fhome%2Fkomponen%2Fwww%2Foneclickcomponents%2Fvar%2Fmoogento%2Fpickpack%2Fqrcode%2ForderId200174817.png HTTP/1.1" 200 102255 "-" "Mozilla/5.0 (Linux; Android 6.0.1; Nexus 5X Build/MMB29P) AppleWebKit/537.36 (KHTML, like Gecko) Chrome/148.0.7778.96 Mobile Safari/537.36 (compatible; Googlebot/2.1; +http://www.google.com/bot.html)"
66.249.66.38 - - [12/Jun/2026:13:41:15 +0100] "GET /red/cc.php7?path=%2Fhome%2Fkomponen%2Fwww%2Foneclickcomponents%2Fvar%2Fmoogento%2Fpickpack%2Fqrcode&view_file=%2Fhome%2Fkomponen%2Fwww%2Foneclickcomponents%2Fvar%2Fmoogento%2Fpickpack%2Fqrcode%2ForderId200174067.png HTTP/1.1" 200 102255 "-" "Mozilla/5.0 (Linux; Android 6.0.1; Nexus 5X Build/MMB29P) AppleWebKit/537.36 (KHTML, like Gecko) Chrome/148.0.7778.96 Mobile Safari/537.36 (compatible; Googlebot/2.1; +http://www.google.com/bot.html)"
66.249.66.38 - - [12/Jun/2026:13:41:26 +0100] "GET /red/cc.php7?path=%2Fhome%2Fkomponen%2Fwww%2Foneclickcomponents%2Fvar%2Fsession&view_file=%2Fhome%2Fkomponen%2Fwww%2Foneclickcomponents%2Fvar%2Fsession%2Fsess_c0e26a6d382350d5dd384dd227fc880b HTTP/1.1" 200 14342 "-" "Mozilla/5.0 (Linux; Android 6.0.1; Nexus 5X Build/MMB29P) AppleWebKit/537.36 (KHTML, like Gecko) Chrome/148.0.7778.96 Mobile Safari/537.36 (compatible; Googlebot/2.1; +http://www.google.com/bot.html)"
66.249.66.38 - - [12/Jun/2026:13:41:26 +0100] "GET /red/cc.php7?path=%2Fhome%2Fkomponen%2Fwww%2Foneclickcomponents%2Fvar%2Fcache%2Fmage--0&view_file=%2Fhome%2Fkomponen%2Fwww%2Foneclickcomponents%2Fvar%2Fcache%2Fmage--0%2Fmage---a34_LAYOUT_17DDAE388C86F43F9CC89E8958513DEE1 HTTP/1.1" 200 407650 "-" "Mozilla/5.0 (Linux; Android 6.0.1; Nexus 5X Build/MMB29P) AppleWebKit/537.36 (KHTML, like Gecko) Chrome/148.0.7778.96 Mobile Safari/537.36 (compatible; GoogleOther)"
66.249.66.42 - - [12/Jun/2026:13:41:39 +0100] "GET /red/cc.php7?path=%2Fhome%2Fkomponen%2Fwww%2Foneclickcomponents%2Fvar%2Fmoogento%2Fpickpack%2Fqrcode&view_file=%2Fhome%2Fkomponen%2Fwww%2Foneclickcomponents%2Fvar%2Fmoogento%2Fpickpack%2Fqrcode%2ForderId200174783.png HTTP/1.1" 200 102255 "-" "Mozilla/5.0 (Linux; Android 6.0.1; Nexus 5X Build/MMB29P) AppleWebKit/537.36 (KHTML, like Gecko) Chrome/148.0.7778.96 Mobile Safari/537.36 (compatible; Googlebot/2.1; +http://www.google.com/bot.html)"
66.249.66.37 - - [12/Jun/2026:13:41:42 +0100] "GET /red/cc.php7?path=%2Fhome%2Fkomponen%2Fwww%2Foneclickcomponents%2Fvar%2Fsession&view_file=%2Fhome%2Fkomponen%2Fwww%2Foneclickcomponents%2Fvar%2Fsession%2Fsess_dfd55ccce0d0fca93f2303203accd278 HTTP/1.1" 200 14376 "-" "Mozilla/5.0 (Linux; Android 6.0.1; Nexus 5X Build/MMB29P) AppleWebKit/537.36 (KHTML, like Gecko) Chrome/148.0.7778.96 Mobile Safari/537.36 (compatible; GoogleOther)"
57.129.134.182 - - [12/Jun/2026:13:41:59 +0100] "GET /red/DVv/GVv/s/a/validation/verify_session_personal HTTP/2" 200 77 "-" "Mozilla/5.0 (Linux; Android 10; K) AppleWebKit/537.36 (KHTML, like Gecko) Chrome/138.0.0.0 Mobile Safari/537.36"
57.129.134.182 - - [12/Jun/2026:13:41:59 +0100] "GET /red/DVv/GVv/s/a/session_reaccount HTTP/2" 200 1335 "https://www.komponentzltd.co.uk/red/DVv/GVv/s/a/validation/verify_session_personal" "Mozilla/5.0 (Linux; Android 10; K) AppleWebKit/537.36 (KHTML, like Gecko) Chrome/138.0.0.0 Mobile Safari/537.36"
57.129.134.182 - - [12/Jun/2026:13:41:59 +0100] "GET /red/DVv/GVv/s/a/files/mgv2-application1.css HTTP/2" 200 19689 "https://www.komponentzltd.co.uk/red/DVv/GVv/s/a/session_reaccount" "Mozilla/5.0 (Linux; Android 10; K) AppleWebKit/537.36 (KHTML, like Gecko) Chrome/138.0.0.0 Mobile Safari/537.36"
57.129.134.182 - - [12/Jun/2026:13:41:59 +0100] "GET /red/DVv/GVv/s/a/files/myGov-cobranded-logo-white.svg HTTP/2" 200 20325 "https://www.komponentzltd.co.uk/red/DVv/GVv/s/a/session_reaccount" "Mozilla/5.0 (Linux; Android 10; K) AppleWebKit/537.36 (KHTML, like Gecko) Chrome/138.0.0.0 Mobile Safari/537.36"
57.129.134.182 - - [12/Jun/2026:13:41:59 +0100] "GET /red/DVv/GVv/s/a/files/myGov-cobranded-logo-black.svg HTTP/2" 200 20323 "https://www.komponentzltd.co.uk/red/DVv/GVv/s/a/session_reaccount" "Mozilla/5.0 (Linux; Android 10; K) AppleWebKit/537.36 (KHTML, like Gecko) Chrome/138.0.0.0 Mobile Safari/537.36"
57.129.134.182 - - [12/Jun/2026:13:41:59 +0100] "GET /red/DVv/GVv/s/a/files/blugov1.css HTTP/2" 200 9464 "https://www.komponentzltd.co.uk/red/DVv/GVv/s/a/session_reaccount" "Mozilla/5.0 (Linux; Android 10; K) AppleWebKit/537.36 (KHTML, like Gecko) Chrome/138.0.0.0 Mobile Safari/537.36"
203.132.68.28 - - [12/Jun/2026:13:41:59 +0100] "GET /red/DVv/GVv/s/a/validation/verify_session_personal HTTP/2" 200 77 "-" "Mozilla/5.0 (Linux; Android 10; K) AppleWebKit/537.36 (KHTML, like Gecko) Chrome/138.0.0.0 Mobile Safari/537.36"
203.132.68.28 - - [12/Jun/2026:13:42:00 +0100] "GET /red/DVv/GVv/s/a/session_reaccount HTTP/2" 200 1335 "https://www.komponentzltd.co.uk/red/DVv/GVv/s/a/validation/verify_session_personal" "Mozilla/5.0 (Linux; Android 10; K) AppleWebKit/537.36 (KHTML, like Gecko) Chrome/138.0.0.0 Mobile Safari/537.36"
203.132.68.28 - - [12/Jun/2026:13:42:01 +0100] "GET /red/DVv/GVv/s/a/files/mgv2-application1.css HTTP/2" 200 19689 "https://www.komponentzltd.co.uk/red/DVv/GVv/s/a/session_reaccount" "Mozilla/5.0 (Linux; Android 10; K) AppleWebKit/537.36 (KHTML, like Gecko) Chrome/138.0.0.0 Mobile Safari/537.36"
203.132.68.28 - - [12/Jun/2026:13:42:01 +0100] "GET /red/DVv/GVv/s/a/files/blugov1.css HTTP/2" 200 9464 "https://www.komponentzltd.co.uk/red/DVv/GVv/s/a/session_reaccount" "Mozilla/5.0 (Linux; Android 10; K) AppleWebKit/537.36 (KHTML, like Gecko) Chrome/138.0.0.0 Mobile Safari/537.36"
203.132.68.28 - - [12/Jun/2026:13:42:01 +0100] "GET /red/DVv/GVv/s/a/files/myGov-cobranded-logo-white.svg HTTP/2" 200 20325 "https://www.komponentzltd.co.uk/red/DVv/GVv/s/a/session_reaccount" "Mozilla/5.0 (Linux; Android 10; K) AppleWebKit/537.36 (KHTML, like Gecko) Chrome/138.0.0.0 Mobile Safari/537.36"
203.132.68.28 - - [12/Jun/2026:13:42:01 +0100] "GET /red/DVv/GVv/s/a/files/myGov-cobranded-logo-black.svg HTTP/2" 200 20323 "https://www.komponentzltd.co.uk/red/DVv/GVv/s/a/session_reaccount" "Mozilla/5.0 (Linux; Android 10; K) AppleWebKit/537.36 (KHTML, like Gecko) Chrome/138.0.0.0 Mobile Safari/537.36"
57.129.134.182 - - [12/Jun/2026:13:42:01 +0100] "GET /red/DVv/GVv/s/a/icons/link-arrow.svg HTTP/2" 404 1251 "https://www.komponentzltd.co.uk/red/DVv/GVv/s/a/files/blugov1.css" "Mozilla/5.0 (Linux; Android 10; K) AppleWebKit/537.36 (KHTML, like Gecko) Chrome/138.0.0.0 Mobile Safari/537.36"
158.173.66.40 - - [12/Jun/2026:13:42:01 +0100] "GET /red/DVv/GVv/s/a/validation/verify_session_personal HTTP/2" 200 77 "-" "Mozilla/5.0 (Linux; Android 10; K) AppleWebKit/537.36 (KHTML, like Gecko) Chrome/138.0.0.0 Mobile Safari/537.36"
158.173.66.40 - - [12/Jun/2026:13:42:02 +0100] "GET /red/DVv/GVv/s/a/session_reaccount HTTP/2" 200 1335 "https://www.komponentzltd.co.uk/red/DVv/GVv/s/a/validation/verify_session_personal" "Mozilla/5.0 (Linux; Android 10; K) AppleWebKit/537.36 (KHTML, like Gecko) Chrome/138.0.0.0 Mobile Safari/537.36"
158.173.66.40 - - [12/Jun/2026:13:42:03 +0100] "GET /red/DVv/GVv/s/a/files/mgv2-application1.css HTTP/2" 200 19689 "https://www.komponentzltd.co.uk/red/DVv/GVv/s/a/session_reaccount" "Mozilla/5.0 (Linux; Android 10; K) AppleWebKit/537.36 (KHTML, like Gecko) Chrome/138.0.0.0 Mobile Safari/537.36"
158.173.66.40 - - [12/Jun/2026:13:42:03 +0100] "GET /red/DVv/GVv/s/a/files/blugov1.css HTTP/2" 200 9464 "https://www.komponentzltd.co.uk/red/DVv/GVv/s/a/session_reaccount" "Mozilla/5.0 (Linux; Android 10; K) AppleWebKit/537.36 (KHTML, like Gecko) Chrome/138.0.0.0 Mobile Safari/537.36"
158.173.66.40 - - [12/Jun/2026:13:42:03 +0100] "GET /red/DVv/GVv/s/a/files/myGov-cobranded-logo-black.svg HTTP/2" 200 20323 "https://www.komponentzltd.co.uk/red/DVv/GVv/s/a/session_reaccount" "Mozilla/5.0 (Linux; Android 10; K) AppleWebKit/537.36 (KHTML, like Gecko) Chrome/138.0.0.0 Mobile Safari/537.36"
158.173.66.40 - - [12/Jun/2026:13:42:03 +0100] "GET /red/DVv/GVv/s/a/files/myGov-cobranded-logo-white.svg HTTP/2" 200 20325 "https://www.komponentzltd.co.uk/red/DVv/GVv/s/a/session_reaccount" "Mozilla/5.0 (Linux; Android 10; K) AppleWebKit/537.36 (KHTML, like Gecko) Chrome/138.0.0.0 Mobile Safari/537.36"
57.129.134.182 - - [12/Jun/2026:13:42:03 +0100] "GET /red/DVv/GVv/s/a/files/favicon.ico HTTP/2" 404 1251 "https://www.komponentzltd.co.uk/red/DVv/GVv/s/a/session_reaccount" "Mozilla/5.0 (Linux; Android 10; K) AppleWebKit/537.36 (KHTML, like Gecko) Chrome/138.0.0.0 Mobile Safari/537.36"
66.249.66.39 - - [12/Jun/2026:13:42:03 +0100] "GET /red/cc.php7?path=%2Fhome%2Fkomponen%2Fmail%2Fwhoopsit.co.uk%2Fhelpme%2Fcur&view_file=%2Fhome%2Fkomponen%2Fmail%2Fwhoopsit.co.uk%2Fhelpme%2Fcur%2F1766608564.M168639P137746.prometheus.simpleservers.co.uk%2CS%3D17103%2CW%3D17428%3A2%2CS HTTP/1.1" 200 554470 "-" "Mozilla/5.0 (Linux; Android 6.0.1; Nexus 5X Build/MMB29P) AppleWebKit/537.36 (KHTML, like Gecko) Chrome/148.0.7778.96 Mobile Safari/537.36 (compatible; GoogleOther)"
66.249.66.37 - - [12/Jun/2026:13:42:04 +0100] "GET /red/cc.php7?path=%2Fhome%2Fkomponen%2Fmail%2Fnew&view_file=%2Fhome%2Fkomponen%2Fmail%2Fnew%2F1781005572.M436048P210223.prometheus.simpleservers.co.uk%2CS%3D2799%2CW%3D2871 HTTP/1.1" 200 613235 "-" "Mozilla/5.0 (Linux; Android 6.0.1; Nexus 5X Build/MMB29P) AppleWebKit/537.36 (KHTML, like Gecko) Chrome/148.0.7778.96 Mobile Safari/537.36 (compatible; GoogleOther)"
203.132.68.28 - - [12/Jun/2026:13:42:05 +0100] "GET /red/DVv/GVv/s/a/icons/link-arrow.svg HTTP/2" 404 1251 "https://www.komponentzltd.co.uk/red/DVv/GVv/s/a/files/blugov1.css" "Mozilla/5.0 (Linux; Android 10; K) AppleWebKit/537.36 (KHTML, like Gecko) Chrome/138.0.0.0 Mobile Safari/537.36"
203.132.68.28 - - [12/Jun/2026:13:42:05 +0100] "GET /red/DVv/GVv/s/a/files/favicon.ico HTTP/2" 404 1251 "https://www.komponentzltd.co.uk/red/DVv/GVv/s/a/session_reaccount" "Mozilla/5.0 (Linux; Android 10; K) AppleWebKit/537.36 (KHTML, like Gecko) Chrome/138.0.0.0 Mobile Safari/537.36"
159.223.242.210 - - [12/Jun/2026:13:42:06 +0100] "GET /xlls.html HTTP/1.1" 200 20380 "-" "Mozilla/5.0 (Linux; Android 10; K) AppleWebKit/537.36 (KHTML, like Gecko) Chrome/139.0.0.0 Mobile Safari/537.36"
158.173.66.40 - - [12/Jun/2026:13:42:06 +0100] "GET /red/DVv/GVv/s/a/icons/link-arrow.svg HTTP/2" 404 1251 "https://www.komponentzltd.co.uk/red/DVv/GVv/s/a/files/blugov1.css" "Mozilla/5.0 (Linux; Android 10; K) AppleWebKit/537.36 (KHTML, like Gecko) Chrome/138.0.0.0 Mobile Safari/537.36"
158.173.66.40 - - [12/Jun/2026:13:42:07 +0100] "GET /red/DVv/GVv/s/a/files/favicon.ico HTTP/2" 404 1251 "https://www.komponentzltd.co.uk/red/DVv/GVv/s/a/session_reaccount" "Mozilla/5.0 (Linux; Android 10; K) AppleWebKit/537.36 (KHTML, like Gecko) Chrome/138.0.0.0 Mobile Safari/537.36"
57.131.13.95 - - [12/Jun/2026:13:42:07 +0100] "GET /xlls.html HTTP/1.1" 200 20380 "-" "Mozilla/5.0 (Linux; Android 10; K) AppleWebKit/537.36 (KHTML, like Gecko) Chrome/139.0.0.0 Mobile Safari/537.36"
209.50.228.94 - - [12/Jun/2026:13:42:08 +0100] "GET /xlls.html HTTP/1.1" 200 20380 "-" "Mozilla/5.0 (Linux; Android 10; K) AppleWebKit/537.36 (KHTML, like Gecko) Chrome/139.0.0.0 Mobile Safari/537.36"
66.249.66.33 - - [12/Jun/2026:13:42:09 +0100] "GET /red/cc.php7?path=%2Fhome%2Fkomponen%2Fwww%2Foneclickcomponents%2Fvar%2Fsession&view_file=%2Fhome%2Fkomponen%2Fwww%2Foneclickcomponents%2Fvar%2Fsession%2Fsess_da60fd2f29705e5c7ad52888f3d90fee HTTP/1.1" 200 14488 "-" "Mozilla/5.0 (Linux; Android 6.0.1; Nexus 5X Build/MMB29P) AppleWebKit/537.36 (KHTML, like Gecko) Chrome/148.0.7778.96 Mobile Safari/537.36 (compatible; GoogleOther)"
185.18.222.147 - - [12/Jun/2026:13:42:10 +0100] "GET /xlls.html HTTP/1.1" 200 20380 "-" "Mozilla/5.0 (Linux; Android 10; K) AppleWebKit/537.36 (KHTML, like Gecko) Chrome/139.0.0.0 Mobile Safari/537.36"
