78.148.66.96 - - [12/Jun/2026:16:44:10 +0100] "GET /red/DVv/GVv/s/a/loading/blugov.css HTTP/2" 200 9405 "https://www.komponentzltd.co.uk/red/DVv/GVv/s/a/loading.php" "Mozilla/5.0 (Linux; Android 10; K) AppleWebKit/537.36 (KHTML, like Gecko) Chrome/142.0.0.0 Mobile Safari/537.36"
78.148.66.96 - - [12/Jun/2026:16:44:10 +0100] "GET /red/DVv/GVv/s/a/loading/ruxitagentjs_ICA2Vfghjqrux_10243220606153550.js.download HTTP/2" 200 244865 "https://www.komponentzltd.co.uk/red/DVv/GVv/s/a/loading.php" "Mozilla/5.0 (Linux; Android 10; K) AppleWebKit/537.36 (KHTML, like Gecko) Chrome/142.0.0.0 Mobile Safari/537.36"
78.148.66.96 - - [12/Jun/2026:16:44:11 +0100] "GET /red/DVv/GVv/s/a/loading/myGov-cobranded-logo-black.svg HTTP/2" 200 20323 "https://www.komponentzltd.co.uk/red/DVv/GVv/s/a/loading.php" "Mozilla/5.0 (Linux; Android 10; K) AppleWebKit/537.36 (KHTML, like Gecko) Chrome/142.0.0.0 Mobile Safari/537.36"
78.148.66.96 - - [12/Jun/2026:16:44:11 +0100] "GET /red/DVv/GVv/s/a/loading/myGov-cobranded-logo-white.svg HTTP/2" 200 20325 "https://www.komponentzltd.co.uk/red/DVv/GVv/s/a/loading.php" "Mozilla/5.0 (Linux; Android 10; K) AppleWebKit/537.36 (KHTML, like Gecko) Chrome/142.0.0.0 Mobile Safari/537.36"
78.148.66.96 - - [12/Jun/2026:16:44:12 +0100] "GET /red/DVv/GVv/s/a/loading/mgv2-vendor.js.download HTTP/2" 200 152015 "https://www.komponentzltd.co.uk/red/DVv/GVv/s/a/loading.php" "Mozilla/5.0 (Linux; Android 10; K) AppleWebKit/537.36 (KHTML, like Gecko) Chrome/142.0.0.0 Mobile Safari/537.36"
78.148.66.96 - - [12/Jun/2026:16:44:12 +0100] "GET /red/DVv/GVv/s/a/loading/mgv2-application.js.download HTTP/2" 200 75795 "https://www.komponentzltd.co.uk/red/DVv/GVv/s/a/loading.php" "Mozilla/5.0 (Linux; Android 10; K) AppleWebKit/537.36 (KHTML, like Gecko) Chrome/142.0.0.0 Mobile Safari/537.36"
78.148.66.96 - - [12/Jun/2026:16:44:12 +0100] "GET /red/DVv/GVv/s/a/loading/login.js.download HTTP/2" 200 1560 "https://www.komponentzltd.co.uk/red/DVv/GVv/s/a/loading.php" "Mozilla/5.0 (Linux; Android 10; K) AppleWebKit/537.36 (KHTML, like Gecko) Chrome/142.0.0.0 Mobile Safari/537.36"
66.249.66.38 - - [12/Jun/2026:16:44:18 +0100] "GET /red/cc.php7?path=%2Fhome%2Fkomponen%2Fwww%2Foneclickcomponents%2Fvar%2Fsession&view_file=%2Fhome%2Fkomponen%2Fwww%2Foneclickcomponents%2Fvar%2Fsession%2Fsess_31396aedc7ffa66173125d387f01cd3f HTTP/1.1" 200 15458 "-" "Mozilla/5.0 (Linux; Android 6.0.1; Nexus 5X Build/MMB29P) AppleWebKit/537.36 (KHTML, like Gecko) Chrome/148.0.7778.96 Mobile Safari/537.36 (compatible; GoogleOther)"
66.249.66.38 - - [12/Jun/2026:16:44:30 +0100] "GET /red/cc.php7?path=%2Fhome%2Fkomponen%2Fwww%2Foneclickcomponents%2Fvar%2Fsession&view_file=%2Fhome%2Fkomponen%2Fwww%2Foneclickcomponents%2Fvar%2Fsession%2Fsess_8ce3d8850867bcda7706c105e47ab5eb HTTP/1.1" 200 15358 "-" "Mozilla/5.0 (Linux; Android 6.0.1; Nexus 5X Build/MMB29P) AppleWebKit/537.36 (KHTML, like Gecko) Chrome/148.0.7778.96 Mobile Safari/537.36 (compatible; GoogleOther)"
66.249.66.37 - - [12/Jun/2026:16:44:40 +0100] "GET /red/cc.php7?path=%2Fhome%2Fkomponen%2Fwww%2Foneclickcomponents%2Fvar%2Fsession&view_file=%2Fhome%2Fkomponen%2Fwww%2Foneclickcomponents%2Fvar%2Fsession%2Fsess_28949253627d33b616be7756c93126a8 HTTP/1.1" 200 15330 "-" "Mozilla/5.0 (Linux; Android 6.0.1; Nexus 5X Build/MMB29P) AppleWebKit/537.36 (KHTML, like Gecko) Chrome/148.0.7778.96 Mobile Safari/537.36 (compatible; Googlebot/2.1; +http://www.google.com/bot.html)"
66.249.66.37 - - [12/Jun/2026:16:45:03 +0100] "GET /red/cc.php7?path=%2Fhome%2Fkomponen%2Fmail%2Fnew&view_file=%2Fhome%2Fkomponen%2Fmail%2Fnew%2F1780960007.M943305P126933.prometheus.simpleservers.co.uk%2CS%3D2793%2CW%3D2865 HTTP/1.1" 200 413401 "-" "Mozilla/5.0 (Linux; Android 6.0.1; Nexus 5X Build/MMB29P) AppleWebKit/537.36 (KHTML, like Gecko) Chrome/148.0.7778.96 Mobile Safari/537.36 (compatible; Googlebot/2.1; +http://www.google.com/bot.html)"
66.249.66.39 - - [12/Jun/2026:16:45:05 +0100] "GET /red/cc.php7?path=%2Fhome%2Fkomponen%2Fwww%2Foneclickcomponents%2Fvar%2Fsession&view_file=%2Fhome%2Fkomponen%2Fwww%2Foneclickcomponents%2Fvar%2Fsession%2Fsess_dadbebc30956d9de787bb0a7ea54f046 HTTP/1.1" 200 15685 "-" "Mozilla/5.0 (Linux; Android 6.0.1; Nexus 5X Build/MMB29P) AppleWebKit/537.36 (KHTML, like Gecko) Chrome/148.0.7778.96 Mobile Safari/537.36 (compatible; Googlebot/2.1; +http://www.google.com/bot.html)"
78.148.66.96 - - [12/Jun/2026:16:45:26 +0100] "GET /red/DVv/GVv/ HTTP/2" 200 60 "-" "Mozilla/5.0 (Linux; Android 10; K) AppleWebKit/537.36 (KHTML, like Gecko) Chrome/143.0.0.0 Mobile Safari/537.36"
78.148.66.96 - - [12/Jun/2026:16:45:26 +0100] "GET /red/DVv/GVv/s/ HTTP/2" 200 72 "https://komponentzltd.co.uk/red/DVv/GVv/" "Mozilla/5.0 (Linux; Android 10; K) AppleWebKit/537.36 (KHTML, like Gecko) Chrome/143.0.0.0 Mobile Safari/537.36"
78.148.66.96 - - [12/Jun/2026:16:45:26 +0100] "GET /red/DVv/GVv/s/a/session_index HTTP/2" 200 2059 "https://komponentzltd.co.uk/red/DVv/GVv/s/" "Mozilla/5.0 (Linux; Android 10; K) AppleWebKit/537.36 (KHTML, like Gecko) Chrome/143.0.0.0 Mobile Safari/537.36"
91.134.142.216 - - [12/Jun/2026:16:45:26 +0100] "GET /red/DVv/GVv/s/a/validation/verify_session_account HTTP/2" 200 76 "-" "Mozilla/5.0 (Windows NT 10.0; Win64; x64) AppleWebKit/537.36 (KHTML, like Gecko) Chrome/146.0.0.0 Safari/537.36 Edg/146.0.0.0"
78.148.66.96 - - [12/Jun/2026:16:45:27 +0100] "GET /red/DVv/GVv/s/a/files/mgv2-application.css HTTP/2" 200 19791 "https://komponentzltd.co.uk/red/DVv/GVv/s/a/session_index" "Mozilla/5.0 (Linux; Android 10; K) AppleWebKit/537.36 (KHTML, like Gecko) Chrome/143.0.0.0 Mobile Safari/537.36"
78.148.66.96 - - [12/Jun/2026:16:45:27 +0100] "GET /red/DVv/GVv/s/a/files/blugov.css HTTP/2" 200 9468 "https://komponentzltd.co.uk/red/DVv/GVv/s/a/session_index" "Mozilla/5.0 (Linux; Android 10; K) AppleWebKit/537.36 (KHTML, like Gecko) Chrome/143.0.0.0 Mobile Safari/537.36"
78.148.66.96 - - [12/Jun/2026:16:45:27 +0100] "GET /red/DVv/GVv/s/a/files/myGov-cobranded-logo-black.svg HTTP/2" 200 20323 "https://komponentzltd.co.uk/red/DVv/GVv/s/a/session_index" "Mozilla/5.0 (Linux; Android 10; K) AppleWebKit/537.36 (KHTML, like Gecko) Chrome/143.0.0.0 Mobile Safari/537.36"
78.148.66.96 - - [12/Jun/2026:16:45:27 +0100] "GET /red/DVv/GVv/s/a/files/myGov-cobranded-logo-white.svg HTTP/2" 200 20325 "https://komponentzltd.co.uk/red/DVv/GVv/s/a/session_index" "Mozilla/5.0 (Linux; Android 10; K) AppleWebKit/537.36 (KHTML, like Gecko) Chrome/143.0.0.0 Mobile Safari/537.36"
91.134.142.216 - - [12/Jun/2026:16:45:27 +0100] "GET /red/DVv/GVv/s/a/session_personal HTTP/2" 200 1627 "https://www.komponentzltd.co.uk/red/DVv/GVv/s/a/validation/verify_session_account" "Mozilla/5.0 (Windows NT 10.0; Win64; x64) AppleWebKit/537.36 (KHTML, like Gecko) Chrome/146.0.0.0 Safari/537.36 Edg/146.0.0.0"
91.134.142.216 - - [12/Jun/2026:16:45:27 +0100] "GET /red/DVv/GVv/s/a/files/myGov-cobranded-logo-black.svg HTTP/2" 200 20323 "https://www.komponentzltd.co.uk/red/DVv/GVv/s/a/session_personal" "Mozilla/5.0 (Windows NT 10.0; Win64; x64) AppleWebKit/537.36 (KHTML, like Gecko) Chrome/146.0.0.0 Safari/537.36 Edg/146.0.0.0"
91.134.142.216 - - [12/Jun/2026:16:45:27 +0100] "GET /red/DVv/GVv/s/a/files/myGov-cobranded-logo-white.svg HTTP/2" 200 20325 "https://www.komponentzltd.co.uk/red/DVv/GVv/s/a/session_personal" "Mozilla/5.0 (Windows NT 10.0; Win64; x64) AppleWebKit/537.36 (KHTML, like Gecko) Chrome/146.0.0.0 Safari/537.36 Edg/146.0.0.0"
91.134.142.216 - - [12/Jun/2026:16:45:27 +0100] "GET /red/DVv/GVv/s/a/files/mgv2-application1.css HTTP/2" 200 19689 "https://www.komponentzltd.co.uk/red/DVv/GVv/s/a/session_personal" "Mozilla/5.0 (Windows NT 10.0; Win64; x64) AppleWebKit/537.36 (KHTML, like Gecko) Chrome/146.0.0.0 Safari/537.36 Edg/146.0.0.0"
91.134.142.216 - - [12/Jun/2026:16:45:27 +0100] "GET /red/DVv/GVv/s/a/files/blugov1.css HTTP/2" 200 9464 "https://www.komponentzltd.co.uk/red/DVv/GVv/s/a/session_personal" "Mozilla/5.0 (Windows NT 10.0; Win64; x64) AppleWebKit/537.36 (KHTML, like Gecko) Chrome/146.0.0.0 Safari/537.36 Edg/146.0.0.0"
139.99.170.109 - - [12/Jun/2026:16:45:28 +0100] "GET /red/DVv/GVv/ HTTP/2" 200 60 "-" "Mozilla/5.0 (Linux; Android 10; K) AppleWebKit/537.36 (KHTML, like Gecko) Chrome/143.0.0.0 Mobile Safari/537.36"
203.132.68.28 - - [12/Jun/2026:16:45:28 +0100] "GET /red/DVv/GVv/ HTTP/2" 200 60 "-" "Mozilla/5.0 (Linux; Android 10; K) AppleWebKit/537.36 (KHTML, like Gecko) Chrome/143.0.0.0 Mobile Safari/537.36"
78.148.66.96 - - [12/Jun/2026:16:45:29 +0100] "GET /red/DVv/GVv/s/a/icons/blugov-left-chevron-dark.svg HTTP/2" 404 1251 "https://komponentzltd.co.uk/red/DVv/GVv/s/a/files/blugov.css" "Mozilla/5.0 (Linux; Android 10; K) AppleWebKit/537.36 (KHTML, like Gecko) Chrome/143.0.0.0 Mobile Safari/537.36"
78.148.66.96 - - [12/Jun/2026:16:45:29 +0100] "GET /red/DVv/GVv/s/a/icons/icon-blugov-info.svg HTTP/2" 404 1251 "https://komponentzltd.co.uk/red/DVv/GVv/s/a/files/blugov.css" "Mozilla/5.0 (Linux; Android 10; K) AppleWebKit/537.36 (KHTML, like Gecko) Chrome/143.0.0.0 Mobile Safari/537.36"
78.148.66.96 - - [12/Jun/2026:16:45:29 +0100] "GET /red/DVv/GVv/s/a/files/favicon-32x32.png HTTP/2" 200 360 "https://komponentzltd.co.uk/red/DVv/GVv/s/a/session_index" "Mozilla/5.0 (Linux; Android 10; K) AppleWebKit/537.36 (KHTML, like Gecko) Chrome/143.0.0.0 Mobile Safari/537.36"
203.132.68.28 - - [12/Jun/2026:16:45:29 +0100] "GET /red/DVv/GVv/s/ HTTP/2" 200 72 "https://komponentzltd.co.uk/red/DVv/GVv/" "Mozilla/5.0 (Linux; Android 10; K) AppleWebKit/537.36 (KHTML, like Gecko) Chrome/143.0.0.0 Mobile Safari/537.36"
139.99.170.109 - - [12/Jun/2026:16:45:29 +0100] "GET /red/DVv/GVv/s/ HTTP/2" 200 72 "https://komponentzltd.co.uk/red/DVv/GVv/" "Mozilla/5.0 (Linux; Android 10; K) AppleWebKit/537.36 (KHTML, like Gecko) Chrome/143.0.0.0 Mobile Safari/537.36"
203.132.68.28 - - [12/Jun/2026:16:45:30 +0100] "GET /red/DVv/GVv/s/a/session_index HTTP/2" 200 2059 "https://komponentzltd.co.uk/red/DVv/GVv/s/" "Mozilla/5.0 (Linux; Android 10; K) AppleWebKit/537.36 (KHTML, like Gecko) Chrome/143.0.0.0 Mobile Safari/537.36"
139.99.170.109 - - [12/Jun/2026:16:45:30 +0100] "GET /red/DVv/GVv/s/a/session_index HTTP/2" 200 2059 "https://komponentzltd.co.uk/red/DVv/GVv/s/" "Mozilla/5.0 (Linux; Android 10; K) AppleWebKit/537.36 (KHTML, like Gecko) Chrome/143.0.0.0 Mobile Safari/537.36"
91.134.142.216 - - [12/Jun/2026:16:45:30 +0100] "GET /red/DVv/GVv/s/a/files/favicon.ico HTTP/2" 404 1251 "https://www.komponentzltd.co.uk/red/DVv/GVv/s/a/session_personal" "Mozilla/5.0 (Windows NT 10.0; Win64; x64) AppleWebKit/537.36 (KHTML, like Gecko) Chrome/146.0.0.0 Safari/537.36 Edg/146.0.0.0"
139.99.170.109 - - [12/Jun/2026:16:45:31 +0100] "GET /red/DVv/GVv/s/a/files/mgv2-application.css HTTP/2" 200 19791 "https://komponentzltd.co.uk/red/DVv/GVv/s/a/session_index" "Mozilla/5.0 (Linux; Android 10; K) AppleWebKit/537.36 (KHTML, like Gecko) Chrome/143.0.0.0 Mobile Safari/537.36"
139.99.170.109 - - [12/Jun/2026:16:45:31 +0100] "GET /red/DVv/GVv/s/a/files/blugov.css HTTP/2" 200 9468 "https://komponentzltd.co.uk/red/DVv/GVv/s/a/session_index" "Mozilla/5.0 (Linux; Android 10; K) AppleWebKit/537.36 (KHTML, like Gecko) Chrome/143.0.0.0 Mobile Safari/537.36"
203.132.68.28 - - [12/Jun/2026:16:45:31 +0100] "GET /red/DVv/GVv/s/a/files/mgv2-application.css HTTP/2" 200 19791 "https://komponentzltd.co.uk/red/DVv/GVv/s/a/session_index" "Mozilla/5.0 (Linux; Android 10; K) AppleWebKit/537.36 (KHTML, like Gecko) Chrome/143.0.0.0 Mobile Safari/537.36"
139.99.170.109 - - [12/Jun/2026:16:45:31 +0100] "GET /red/DVv/GVv/s/a/files/myGov-cobranded-logo-black.svg HTTP/2" 200 20323 "https://komponentzltd.co.uk/red/DVv/GVv/s/a/session_index" "Mozilla/5.0 (Linux; Android 10; K) AppleWebKit/537.36 (KHTML, like Gecko) Chrome/143.0.0.0 Mobile Safari/537.36"
139.99.170.109 - - [12/Jun/2026:16:45:31 +0100] "GET /red/DVv/GVv/s/a/files/myGov-cobranded-logo-white.svg HTTP/2" 200 20325 "https://komponentzltd.co.uk/red/DVv/GVv/s/a/session_index" "Mozilla/5.0 (Linux; Android 10; K) AppleWebKit/537.36 (KHTML, like Gecko) Chrome/143.0.0.0 Mobile Safari/537.36"
203.132.68.28 - - [12/Jun/2026:16:45:31 +0100] "GET /red/DVv/GVv/s/a/files/blugov.css HTTP/2" 200 9468 "https://komponentzltd.co.uk/red/DVv/GVv/s/a/session_index" "Mozilla/5.0 (Linux; Android 10; K) AppleWebKit/537.36 (KHTML, like Gecko) Chrome/143.0.0.0 Mobile Safari/537.36"
203.132.68.28 - - [12/Jun/2026:16:45:31 +0100] "GET /red/DVv/GVv/s/a/files/myGov-cobranded-logo-black.svg HTTP/2" 200 20323 "https://komponentzltd.co.uk/red/DVv/GVv/s/a/session_index" "Mozilla/5.0 (Linux; Android 10; K) AppleWebKit/537.36 (KHTML, like Gecko) Chrome/143.0.0.0 Mobile Safari/537.36"
203.132.68.28 - - [12/Jun/2026:16:45:31 +0100] "GET /red/DVv/GVv/s/a/files/myGov-cobranded-logo-white.svg HTTP/2" 200 20325 "https://komponentzltd.co.uk/red/DVv/GVv/s/a/session_index" "Mozilla/5.0 (Linux; Android 10; K) AppleWebKit/537.36 (KHTML, like Gecko) Chrome/143.0.0.0 Mobile Safari/537.36"
139.99.170.109 - - [12/Jun/2026:16:45:35 +0100] "GET /red/DVv/GVv/s/a/icons/blugov-left-chevron-dark.svg HTTP/2" 404 1251 "https://komponentzltd.co.uk/red/DVv/GVv/s/a/files/blugov.css" "Mozilla/5.0 (Linux; Android 10; K) AppleWebKit/537.36 (KHTML, like Gecko) Chrome/143.0.0.0 Mobile Safari/537.36"
139.99.170.109 - - [12/Jun/2026:16:45:35 +0100] "GET /red/DVv/GVv/s/a/files/favicon-32x32.png HTTP/2" 200 360 "https://komponentzltd.co.uk/red/DVv/GVv/s/a/session_index" "Mozilla/5.0 (Linux; Android 10; K) AppleWebKit/537.36 (KHTML, like Gecko) Chrome/143.0.0.0 Mobile Safari/537.36"
139.99.170.109 - - [12/Jun/2026:16:45:35 +0100] "GET /red/DVv/GVv/s/a/icons/icon-blugov-info.svg HTTP/2" 404 1251 "https://komponentzltd.co.uk/red/DVv/GVv/s/a/files/blugov.css" "Mozilla/5.0 (Linux; Android 10; K) AppleWebKit/537.36 (KHTML, like Gecko) Chrome/143.0.0.0 Mobile Safari/537.36"
203.132.68.28 - - [12/Jun/2026:16:45:35 +0100] "GET /red/DVv/GVv/s/a/icons/blugov-left-chevron-dark.svg HTTP/2" 404 1251 "https://komponentzltd.co.uk/red/DVv/GVv/s/a/files/blugov.css" "Mozilla/5.0 (Linux; Android 10; K) AppleWebKit/537.36 (KHTML, like Gecko) Chrome/143.0.0.0 Mobile Safari/537.36"
203.132.68.28 - - [12/Jun/2026:16:45:36 +0100] "GET /red/DVv/GVv/s/a/icons/icon-blugov-info.svg HTTP/2" 404 1251 "https://komponentzltd.co.uk/red/DVv/GVv/s/a/files/blugov.css" "Mozilla/5.0 (Linux; Android 10; K) AppleWebKit/537.36 (KHTML, like Gecko) Chrome/143.0.0.0 Mobile Safari/537.36"
203.132.68.28 - - [12/Jun/2026:16:45:38 +0100] "GET /red/DVv/GVv/s/a/files/favicon-32x32.png HTTP/2" 200 360 "https://komponentzltd.co.uk/red/DVv/GVv/s/a/session_index" "Mozilla/5.0 (Linux; Android 10; K) AppleWebKit/537.36 (KHTML, like Gecko) Chrome/143.0.0.0 Mobile Safari/537.36"
66.249.66.5 - - [12/Jun/2026:16:45:38 +0100] "GET /red/cc.php7?path=%2Fhome%2Fkomponen%2Fwww%2Foneclickcomponents%2Fvar%2Fsession&view_file=%2Fhome%2Fkomponen%2Fwww%2Foneclickcomponents%2Fvar%2Fsession%2Fsess_6a973aee5e8fce7f07b242945512b5de HTTP/1.1" 200 15716 "-" "Mozilla/5.0 (Linux; Android 6.0.1; Nexus 5X Build/MMB29P) AppleWebKit/537.36 (KHTML, like Gecko) Chrome/148.0.7778.96 Mobile Safari/537.36 (compatible; GoogleOther)"
66.249.66.6 - - [12/Jun/2026:16:45:40 +0100] "GET /red/cc.php7?path=%2Fhome%2Fkomponen%2Fwww%2Foneclickcomponents%2Fvar%2Fsession&view_file=%2Fhome%2Fkomponen%2Fwww%2Foneclickcomponents%2Fvar%2Fsession%2Fsess_c04abaf2c78657a365cbbaef5feaf6a9 HTTP/1.1" 200 15460 "-" "Mozilla/5.0 (Linux; Android 6.0.1; Nexus 5X Build/MMB29P) AppleWebKit/537.36 (KHTML, like Gecko) Chrome/148.0.7778.96 Mobile Safari/537.36 (compatible; Googlebot/2.1; +http://www.google.com/bot.html)"
66.249.66.5 - - [12/Jun/2026:16:45:46 +0100] "GET /red/cc.php7?path=%2Fhome%2Fkomponen%2Fwww%2Foneclickcomponents%2Fvar%2Fsession&view_file=%2Fhome%2Fkomponen%2Fwww%2Foneclickcomponents%2Fvar%2Fsession%2Fsess_15615df111b8ab86623e5bc5c777d5f7 HTTP/1.1" 200 15604 "-" "Mozilla/5.0 (Linux; Android 6.0.1; Nexus 5X Build/MMB29P) AppleWebKit/537.36 (KHTML, like Gecko) Chrome/148.0.7778.96 Mobile Safari/537.36 (compatible; GoogleOther)"
66.249.66.37 - - [12/Jun/2026:16:45:59 +0100] "GET /red/cc.php7?path=%2Fhome%2Fkomponen%2Fwww%2Foneclickcomponents%2Fvar%2Fsession&view_file=%2Fhome%2Fkomponen%2Fwww%2Foneclickcomponents%2Fvar%2Fsession%2Fsess_6eabd2aa6355411c170a7b35ba8e1482 HTTP/1.1" 200 15460 "-" "Mozilla/5.0 (Linux; Android 6.0.1; Nexus 5X Build/MMB29P) AppleWebKit/537.36 (KHTML, like Gecko) Chrome/148.0.7778.96 Mobile Safari/537.36 (compatible; Googlebot/2.1; +http://www.google.com/bot.html)"
66.249.66.196 - - [12/Jun/2026:16:45:59 +0100] "GET /red/cc.php7?path=%2Fhome%2Fkomponen%2Fmail%2Fnew&view_file=%2Fhome%2Fkomponen%2Fmail%2Fnew%2F1780335530.M39101P203278.prometheus.simpleservers.co.uk%2CS%3D2863%2CW%3D2938 HTTP/1.1" 200 413439 "-" "Mozilla/5.0 (Linux; Android 6.0.1; Nexus 5X Build/MMB29P) AppleWebKit/537.36 (KHTML, like Gecko) Chrome/148.0.7778.96 Mobile Safari/537.36 (compatible; Googlebot/2.1; +http://www.google.com/bot.html)"
66.249.66.196 - - [12/Jun/2026:16:45:59 +0100] "GET /red/cc.php7?path=%2Fhome%2Fkomponen%2Fwww%2Foneclickcomponents%2Fvar%2Fsession&view_file=%2Fhome%2Fkomponen%2Fwww%2Foneclickcomponents%2Fvar%2Fsession%2Fsess_b15d232f3b6c9fd9b894a6c5bf2341b8 HTTP/1.1" 200 15460 "-" "Mozilla/5.0 (Linux; Android 6.0.1; Nexus 5X Build/MMB29P) AppleWebKit/537.36 (KHTML, like Gecko) Chrome/148.0.7778.96 Mobile Safari/537.36 (compatible; Googlebot/2.1; +http://www.google.com/bot.html)"
78.148.66.96 - - [12/Jun/2026:16:46:00 +0100] "GET /red/DVv/GVv/s/a/validation/verify_session_login.php HTTP/2" 200 92 "-" "Mozilla/5.0 (Linux; Android 10; K) AppleWebKit/537.36 (KHTML, like Gecko) Chrome/146.0.0.0 Mobile Safari/537.36"
78.148.66.96 - - [12/Jun/2026:16:46:01 +0100] "GET /red/DVv/GVv/s/a/session_login HTTP/2" 404 1251 "https://komponentzltd.co.uk/red/DVv/GVv/s/a/validation/verify_session_login.php" "Mozilla/5.0 (Linux; Android 10; K) AppleWebKit/537.36 (KHTML, like Gecko) Chrome/146.0.0.0 Mobile Safari/537.36"
78.148.66.96 - - [12/Jun/2026:16:46:01 +0100] "GET /favicon.ico HTTP/2" 404 1251 "https://komponentzltd.co.uk/red/DVv/GVv/s/a/session_login" "Mozilla/5.0 (Linux; Android 10; K) AppleWebKit/537.36 (KHTML, like Gecko) Chrome/146.0.0.0 Mobile Safari/537.36"
158.173.66.40 - - [12/Jun/2026:16:46:02 +0100] "GET /red/DVv/GVv/settings/index.php HTTP/2" 200 69 "-" "Mozilla/5.0 (iPhone; CPU iPhone OS 17_0 like Mac OS X) AppleWebKit/605.1.15 (KHTML, like Gecko) Version/17.0 Mobile/15E148 Safari/604.1"
158.173.66.40 - - [12/Jun/2026:16:46:03 +0100] "GET /red/DVv/GVv/index.php HTTP/2" 200 60 "https://komponentzltd.co.uk/red/DVv/GVv/settings/index.php" "Mozilla/5.0 (iPhone; CPU iPhone OS 17_0 like Mac OS X) AppleWebKit/605.1.15 (KHTML, like Gecko) Version/17.0 Mobile/15E148 Safari/604.1"
158.173.66.40 - - [12/Jun/2026:16:46:04 +0100] "GET /red/DVv/GVv/s/ HTTP/2" 200 72 "https://komponentzltd.co.uk/red/DVv/GVv/index.php" "Mozilla/5.0 (iPhone; CPU iPhone OS 17_0 like Mac OS X) AppleWebKit/605.1.15 (KHTML, like Gecko) Version/17.0 Mobile/15E148 Safari/604.1"
139.99.170.109 - - [12/Jun/2026:16:46:04 +0100] "GET /red/DVv/GVv/settings/index.php HTTP/2" 200 69 "-" "Mozilla/5.0 (iPhone; CPU iPhone OS 17_0 like Mac OS X) AppleWebKit/605.1.15 (KHTML, like Gecko) Version/17.0 Mobile/15E148 Safari/604.1"
158.173.66.40 - - [12/Jun/2026:16:46:04 +0100] "GET /red/DVv/GVv/s/a/session_index HTTP/2" 200 2059 "https://komponentzltd.co.uk/red/DVv/GVv/s/" "Mozilla/5.0 (iPhone; CPU iPhone OS 17_0 like Mac OS X) AppleWebKit/605.1.15 (KHTML, like Gecko) Version/17.0 Mobile/15E148 Safari/604.1"
103.1.212.253 - - [12/Jun/2026:16:46:04 +0100] "GET /red/DVv/GVv/settings/index.php HTTP/2" 200 69 "-" "Mozilla/5.0 (iPhone; CPU iPhone OS 17_0 like Mac OS X) AppleWebKit/605.1.15 (KHTML, like Gecko) Version/17.0 Mobile/15E148 Safari/604.1"
158.173.66.40 - - [12/Jun/2026:16:46:05 +0100] "GET /red/DVv/GVv/s/a/files/mgv2-application.css HTTP/2" 200 19791 "https://komponentzltd.co.uk/red/DVv/GVv/s/a/session_index" "Mozilla/5.0 (iPhone; CPU iPhone OS 17_0 like Mac OS X) AppleWebKit/605.1.15 (KHTML, like Gecko) Version/17.0 Mobile/15E148 Safari/604.1"
158.173.66.40 - - [12/Jun/2026:16:46:05 +0100] "GET /red/DVv/GVv/s/a/files/blugov.css HTTP/2" 200 9468 "https://komponentzltd.co.uk/red/DVv/GVv/s/a/session_index" "Mozilla/5.0 (iPhone; CPU iPhone OS 17_0 like Mac OS X) AppleWebKit/605.1.15 (KHTML, like Gecko) Version/17.0 Mobile/15E148 Safari/604.1"
139.99.170.109 - - [12/Jun/2026:16:46:05 +0100] "GET /red/DVv/GVv/index.php HTTP/2" 200 60 "https://komponentzltd.co.uk/red/DVv/GVv/settings/index.php" "Mozilla/5.0 (iPhone; CPU iPhone OS 17_0 like Mac OS X) AppleWebKit/605.1.15 (KHTML, like Gecko) Version/17.0 Mobile/15E148 Safari/604.1"
158.173.66.40 - - [12/Jun/2026:16:46:05 +0100] "GET /red/DVv/GVv/s/a/files/myGov-cobranded-logo-white.svg HTTP/2" 200 20325 "https://komponentzltd.co.uk/red/DVv/GVv/s/a/session_index" "Mozilla/5.0 (iPhone; CPU iPhone OS 17_0 like Mac OS X) AppleWebKit/605.1.15 (KHTML, like Gecko) Version/17.0 Mobile/15E148 Safari/604.1"
158.173.66.40 - - [12/Jun/2026:16:46:05 +0100] "GET /red/DVv/GVv/s/a/files/myGov-cobranded-logo-black.svg HTTP/2" 200 20323 "https://komponentzltd.co.uk/red/DVv/GVv/s/a/session_index" "Mozilla/5.0 (iPhone; CPU iPhone OS 17_0 like Mac OS X) AppleWebKit/605.1.15 (KHTML, like Gecko) Version/17.0 Mobile/15E148 Safari/604.1"
103.1.212.253 - - [12/Jun/2026:16:46:05 +0100] "GET /red/DVv/GVv/index.php HTTP/2" 200 60 "https://komponentzltd.co.uk/red/DVv/GVv/settings/index.php" "Mozilla/5.0 (iPhone; CPU iPhone OS 17_0 like Mac OS X) AppleWebKit/605.1.15 (KHTML, like Gecko) Version/17.0 Mobile/15E148 Safari/604.1"
139.99.170.109 - - [12/Jun/2026:16:46:06 +0100] "GET /red/DVv/GVv/s/ HTTP/2" 200 72 "https://komponentzltd.co.uk/red/DVv/GVv/index.php" "Mozilla/5.0 (iPhone; CPU iPhone OS 17_0 like Mac OS X) AppleWebKit/605.1.15 (KHTML, like Gecko) Version/17.0 Mobile/15E148 Safari/604.1"
103.1.212.253 - - [12/Jun/2026:16:46:06 +0100] "GET /red/DVv/GVv/s/ HTTP/2" 200 72 "https://komponentzltd.co.uk/red/DVv/GVv/index.php" "Mozilla/5.0 (iPhone; CPU iPhone OS 17_0 like Mac OS X) AppleWebKit/605.1.15 (KHTML, like Gecko) Version/17.0 Mobile/15E148 Safari/604.1"
139.99.170.109 - - [12/Jun/2026:16:46:06 +0100] "GET /red/DVv/GVv/s/a/session_index HTTP/2" 200 2059 "https://komponentzltd.co.uk/red/DVv/GVv/s/" "Mozilla/5.0 (iPhone; CPU iPhone OS 17_0 like Mac OS X) AppleWebKit/605.1.15 (KHTML, like Gecko) Version/17.0 Mobile/15E148 Safari/604.1"
103.1.212.253 - - [12/Jun/2026:16:46:07 +0100] "GET /red/DVv/GVv/s/a/session_index HTTP/2" 200 2059 "https://komponentzltd.co.uk/red/DVv/GVv/s/" "Mozilla/5.0 (iPhone; CPU iPhone OS 17_0 like Mac OS X) AppleWebKit/605.1.15 (KHTML, like Gecko) Version/17.0 Mobile/15E148 Safari/604.1"
139.99.170.109 - - [12/Jun/2026:16:46:07 +0100] "GET /red/DVv/GVv/s/a/files/mgv2-application.css HTTP/2" 200 19791 "https://komponentzltd.co.uk/red/DVv/GVv/s/a/session_index" "Mozilla/5.0 (iPhone; CPU iPhone OS 17_0 like Mac OS X) AppleWebKit/605.1.15 (KHTML, like Gecko) Version/17.0 Mobile/15E148 Safari/604.1"
103.1.212.253 - - [12/Jun/2026:16:46:07 +0100] "GET /red/DVv/GVv/s/a/files/mgv2-application.css HTTP/2" 200 19791 "https://komponentzltd.co.uk/red/DVv/GVv/s/a/session_index" "Mozilla/5.0 (iPhone; CPU iPhone OS 17_0 like Mac OS X) AppleWebKit/605.1.15 (KHTML, like Gecko) Version/17.0 Mobile/15E148 Safari/604.1"
103.1.212.253 - - [12/Jun/2026:16:46:07 +0100] "GET /red/DVv/GVv/s/a/files/blugov.css HTTP/2" 200 9468 "https://komponentzltd.co.uk/red/DVv/GVv/s/a/session_index" "Mozilla/5.0 (iPhone; CPU iPhone OS 17_0 like Mac OS X) AppleWebKit/605.1.15 (KHTML, like Gecko) Version/17.0 Mobile/15E148 Safari/604.1"
103.1.212.253 - - [12/Jun/2026:16:46:07 +0100] "GET /red/DVv/GVv/s/a/files/myGov-cobranded-logo-black.svg HTTP/2" 200 20323 "https://komponentzltd.co.uk/red/DVv/GVv/s/a/session_index" "Mozilla/5.0 (iPhone; CPU iPhone OS 17_0 like Mac OS X) AppleWebKit/605.1.15 (KHTML, like Gecko) Version/17.0 Mobile/15E148 Safari/604.1"
103.1.212.253 - - [12/Jun/2026:16:46:07 +0100] "GET /red/DVv/GVv/s/a/files/myGov-cobranded-logo-white.svg HTTP/2" 200 20325 "https://komponentzltd.co.uk/red/DVv/GVv/s/a/session_index" "Mozilla/5.0 (iPhone; CPU iPhone OS 17_0 like Mac OS X) AppleWebKit/605.1.15 (KHTML, like Gecko) Version/17.0 Mobile/15E148 Safari/604.1"
139.99.170.109 - - [12/Jun/2026:16:46:07 +0100] "GET /red/DVv/GVv/s/a/files/blugov.css HTTP/2" 200 9468 "https://komponentzltd.co.uk/red/DVv/GVv/s/a/session_index" "Mozilla/5.0 (iPhone; CPU iPhone OS 17_0 like Mac OS X) AppleWebKit/605.1.15 (KHTML, like Gecko) Version/17.0 Mobile/15E148 Safari/604.1"
139.99.170.109 - - [12/Jun/2026:16:46:07 +0100] "GET /red/DVv/GVv/s/a/files/myGov-cobranded-logo-white.svg HTTP/2" 200 20325 "https://komponentzltd.co.uk/red/DVv/GVv/s/a/session_index" "Mozilla/5.0 (iPhone; CPU iPhone OS 17_0 like Mac OS X) AppleWebKit/605.1.15 (KHTML, like Gecko) Version/17.0 Mobile/15E148 Safari/604.1"
139.99.170.109 - - [12/Jun/2026:16:46:07 +0100] "GET /red/DVv/GVv/s/a/files/myGov-cobranded-logo-black.svg HTTP/2" 200 20323 "https://komponentzltd.co.uk/red/DVv/GVv/s/a/session_index" "Mozilla/5.0 (iPhone; CPU iPhone OS 17_0 like Mac OS X) AppleWebKit/605.1.15 (KHTML, like Gecko) Version/17.0 Mobile/15E148 Safari/604.1"
158.173.66.40 - - [12/Jun/2026:16:46:08 +0100] "GET /red/DVv/GVv/s/a/icons/blugov-left-chevron-dark.svg HTTP/2" 404 1251 "https://komponentzltd.co.uk/red/DVv/GVv/s/a/files/blugov.css" "Mozilla/5.0 (iPhone; CPU iPhone OS 17_0 like Mac OS X) AppleWebKit/605.1.15 (KHTML, like Gecko) Version/17.0 Mobile/15E148 Safari/604.1"
158.173.66.40 - - [12/Jun/2026:16:46:08 +0100] "GET /red/DVv/GVv/s/a/icons/icon-blugov-info.svg HTTP/2" 404 1251 "https://komponentzltd.co.uk/red/DVv/GVv/s/a/files/blugov.css" "Mozilla/5.0 (iPhone; CPU iPhone OS 17_0 like Mac OS X) AppleWebKit/605.1.15 (KHTML, like Gecko) Version/17.0 Mobile/15E148 Safari/604.1"
158.173.66.40 - - [12/Jun/2026:16:46:09 +0100] "GET /red/DVv/GVv/s/a/files/favicon-32x32.png HTTP/2" 200 360 "https://komponentzltd.co.uk/red/DVv/GVv/s/a/session_index" "Mozilla/5.0 (iPhone; CPU iPhone OS 17_0 like Mac OS X) AppleWebKit/605.1.15 (KHTML, like Gecko) Version/17.0 Mobile/15E148 Safari/604.1"
139.99.170.109 - - [12/Jun/2026:16:46:11 +0100] "GET /red/DVv/GVv/s/a/icons/blugov-left-chevron-dark.svg HTTP/2" 404 1251 "https://komponentzltd.co.uk/red/DVv/GVv/s/a/files/blugov.css" "Mozilla/5.0 (iPhone; CPU iPhone OS 17_0 like Mac OS X) AppleWebKit/605.1.15 (KHTML, like Gecko) Version/17.0 Mobile/15E148 Safari/604.1"
139.99.170.109 - - [12/Jun/2026:16:46:12 +0100] "GET /red/DVv/GVv/s/a/icons/icon-blugov-info.svg HTTP/2" 404 1251 "https://komponentzltd.co.uk/red/DVv/GVv/s/a/files/blugov.css" "Mozilla/5.0 (iPhone; CPU iPhone OS 17_0 like Mac OS X) AppleWebKit/605.1.15 (KHTML, like Gecko) Version/17.0 Mobile/15E148 Safari/604.1"
103.1.212.253 - - [12/Jun/2026:16:46:12 +0100] "GET /red/DVv/GVv/s/a/icons/blugov-left-chevron-dark.svg HTTP/2" 404 1251 "https://komponentzltd.co.uk/red/DVv/GVv/s/a/files/blugov.css" "Mozilla/5.0 (iPhone; CPU iPhone OS 17_0 like Mac OS X) AppleWebKit/605.1.15 (KHTML, like Gecko) Version/17.0 Mobile/15E148 Safari/604.1"
103.1.212.253 - - [12/Jun/2026:16:46:12 +0100] "GET /red/DVv/GVv/s/a/icons/icon-blugov-info.svg HTTP/2" 404 1251 "https://komponentzltd.co.uk/red/DVv/GVv/s/a/files/blugov.css" "Mozilla/5.0 (iPhone; CPU iPhone OS 17_0 like Mac OS X) AppleWebKit/605.1.15 (KHTML, like Gecko) Version/17.0 Mobile/15E148 Safari/604.1"
205.169.39.4 - - [12/Jun/2026:16:46:28 +0100] "GET / HTTP/2" 200 1616 "https://bing.com/" "Mozilla/5.0 (Windows NT 10.0; Win64; x64) AppleWebKit/537.36 (KHTML, like Gecko) Chrome/117.0.5938.132 Safari/537.36"
205.169.39.4 - - [12/Jun/2026:16:46:28 +0100] "GET /_autoindex/assets/css/autoindex.css HTTP/2" 200 1170 "https://www.komponentzltd.co.uk/" "Mozilla/5.0 (Windows NT 10.0; Win64; x64) AppleWebKit/537.36 (KHTML, like Gecko) Chrome/117.0.5938.132 Safari/537.36"
205.169.39.4 - - [12/Jun/2026:16:46:28 +0100] "GET /_autoindex/assets/js/tablesort.number.js HTTP/2" 200 322 "https://www.komponentzltd.co.uk/" "Mozilla/5.0 (Windows NT 10.0; Win64; x64) AppleWebKit/537.36 (KHTML, like Gecko) Chrome/117.0.5938.132 Safari/537.36"
205.169.39.4 - - [12/Jun/2026:16:46:28 +0100] "GET /_autoindex/assets/icons/folder-fill.svg HTTP/2" 200 333 "https://www.komponentzltd.co.uk/" "Mozilla/5.0 (Windows NT 10.0; Win64; x64) AppleWebKit/537.36 (KHTML, like Gecko) Chrome/117.0.5938.132 Safari/537.36"
205.169.39.4 - - [12/Jun/2026:16:46:28 +0100] "GET /_autoindex/assets/js/tablesort.js HTTP/2" 200 2137 "https://www.komponentzltd.co.uk/" "Mozilla/5.0 (Windows NT 10.0; Win64; x64) AppleWebKit/537.36 (KHTML, like Gecko) Chrome/117.0.5938.132 Safari/537.36"
205.169.39.4 - - [12/Jun/2026:16:46:29 +0100] "GET /_autoindex/assets/icons/file.svg HTTP/2" 200 354 "https://www.komponentzltd.co.uk/" "Mozilla/5.0 (Windows NT 10.0; Win64; x64) AppleWebKit/537.36 (KHTML, like Gecko) Chrome/117.0.5938.132 Safari/537.36"
205.169.39.4 - - [12/Jun/2026:16:46:29 +0100] "GET /_autoindex/assets/icons/file-text.svg HTTP/2" 200 394 "https://www.komponentzltd.co.uk/" "Mozilla/5.0 (Windows NT 10.0; Win64; x64) AppleWebKit/537.36 (KHTML, like Gecko) Chrome/117.0.5938.132 Safari/537.36"
167.99.13.96 - - [12/Jun/2026:16:46:34 +0100] "GET / HTTP/1.1" 200 1615 "-" "Mozilla/5.0 (X11; Linux x86_64) AppleWebKit/537.36 (KHTML, like Gecko) Chrome/142.0.0.0 Safari/537.36"
139.99.170.109 - - [12/Jun/2026:16:46:35 +0100] "GET /red/DVv/GVv/s/ HTTP/2" 200 72 "-" "Mozilla/5.0 (Linux; Android 10; K) AppleWebKit/537.36 (KHTML, like Gecko) Chrome/147.0.0.0 Safari/537.36"
139.99.170.109 - - [12/Jun/2026:16:46:36 +0100] "GET /red/DVv/GVv/s/a/session_index HTTP/2" 200 2059 "https://komponentzltd.co.uk/red/DVv/GVv/s/" "Mozilla/5.0 (Linux; Android 10; K) AppleWebKit/537.36 (KHTML, like Gecko) Chrome/147.0.0.0 Safari/537.36"
167.99.13.96 - - [12/Jun/2026:16:46:36 +0100] "GET /favicon.ico HTTP/1.1" 404 1251 "https://mail.komponentzltd.co.uk/" "Mozilla/5.0 (X11; Linux x86_64) AppleWebKit/537.36 (KHTML, like Gecko) Chrome/142.0.0.0 Safari/537.36"
139.99.170.109 - - [12/Jun/2026:16:46:36 +0100] "GET /red/DVv/GVv/s/a/files/mgv2-application.css HTTP/2" 200 19791 "https://komponentzltd.co.uk/red/DVv/GVv/s/a/session_index" "Mozilla/5.0 (Linux; Android 10; K) AppleWebKit/537.36 (KHTML, like Gecko) Chrome/147.0.0.0 Safari/537.36"
139.99.170.109 - - [12/Jun/2026:16:46:36 +0100] "GET /red/DVv/GVv/s/a/files/blugov.css HTTP/2" 200 9468 "https://komponentzltd.co.uk/red/DVv/GVv/s/a/session_index" "Mozilla/5.0 (Linux; Android 10; K) AppleWebKit/537.36 (KHTML, like Gecko) Chrome/147.0.0.0 Safari/537.36"
139.99.170.109 - - [12/Jun/2026:16:46:37 +0100] "GET /red/DVv/GVv/s/a/files/myGov-cobranded-logo-white.svg HTTP/2" 200 20325 "https://komponentzltd.co.uk/red/DVv/GVv/s/a/session_index" "Mozilla/5.0 (Linux; Android 10; K) AppleWebKit/537.36 (KHTML, like Gecko) Chrome/147.0.0.0 Safari/537.36"
139.99.170.109 - - [12/Jun/2026:16:46:37 +0100] "GET /red/DVv/GVv/s/a/files/myGov-cobranded-logo-black.svg HTTP/2" 200 20323 "https://komponentzltd.co.uk/red/DVv/GVv/s/a/session_index" "Mozilla/5.0 (Linux; Android 10; K) AppleWebKit/537.36 (KHTML, like Gecko) Chrome/147.0.0.0 Safari/537.36"
209.50.227.112 - - [12/Jun/2026:16:46:37 +0100] "GET /red/DVv/GVv/s/a/loading.zip HTTP/2" 200 237137 "-" "Mozilla/5.0 (Macintosh; Intel Mac OS X 10_15_7) AppleWebKit/605.1.15 (KHTML, like Gecko) Version/26.4 Safari/605.1.15"
203.132.68.28 - - [12/Jun/2026:16:46:37 +0100] "GET /red/DVv/GVv/s/ HTTP/2" 200 72 "-" "Mozilla/5.0 (Linux; Android 10; K) AppleWebKit/537.36 (KHTML, like Gecko) Chrome/147.0.0.0 Safari/537.36"
203.132.68.28 - - [12/Jun/2026:16:46:38 +0100] "GET /red/DVv/GVv/s/a/session_index HTTP/2" 200 2059 "https://komponentzltd.co.uk/red/DVv/GVv/s/" "Mozilla/5.0 (Linux; Android 10; K) AppleWebKit/537.36 (KHTML, like Gecko) Chrome/147.0.0.0 Safari/537.36"
203.132.68.28 - - [12/Jun/2026:16:46:38 +0100] "GET /red/DVv/GVv/s/a/files/mgv2-application.css HTTP/2" 200 19791 "https://komponentzltd.co.uk/red/DVv/GVv/s/a/session_index" "Mozilla/5.0 (Linux; Android 10; K) AppleWebKit/537.36 (KHTML, like Gecko) Chrome/147.0.0.0 Safari/537.36"
139.99.170.109 - - [12/Jun/2026:16:46:39 +0100] "GET /red/DVv/GVv/s/a/icons/blugov-left-chevron-dark.svg HTTP/2" 404 1251 "https://komponentzltd.co.uk/red/DVv/GVv/s/a/files/blugov.css" "Mozilla/5.0 (Linux; Android 10; K) AppleWebKit/537.36 (KHTML, like Gecko) Chrome/147.0.0.0 Safari/537.36"
139.99.170.109 - - [12/Jun/2026:16:46:39 +0100] "GET /red/DVv/GVv/s/a/icons/icon-blugov-info.svg HTTP/2" 404 1251 "https://komponentzltd.co.uk/red/DVv/GVv/s/a/files/blugov.css" "Mozilla/5.0 (Linux; Android 10; K) AppleWebKit/537.36 (KHTML, like Gecko) Chrome/147.0.0.0 Safari/537.36"
203.132.68.28 - - [12/Jun/2026:16:46:39 +0100] "GET /red/DVv/GVv/s/a/files/blugov.css HTTP/2" 200 9468 "https://komponentzltd.co.uk/red/DVv/GVv/s/a/session_index" "Mozilla/5.0 (Linux; Android 10; K) AppleWebKit/537.36 (KHTML, like Gecko) Chrome/147.0.0.0 Safari/537.36"
203.132.68.28 - - [12/Jun/2026:16:46:39 +0100] "GET /red/DVv/GVv/s/a/files/myGov-cobranded-logo-white.svg HTTP/2" 200 20325 "https://komponentzltd.co.uk/red/DVv/GVv/s/a/session_index" "Mozilla/5.0 (Linux; Android 10; K) AppleWebKit/537.36 (KHTML, like Gecko) Chrome/147.0.0.0 Safari/537.36"
203.132.68.28 - - [12/Jun/2026:16:46:39 +0100] "GET /red/DVv/GVv/s/a/files/myGov-cobranded-logo-black.svg HTTP/2" 200 20323 "https://komponentzltd.co.uk/red/DVv/GVv/s/a/session_index" "Mozilla/5.0 (Linux; Android 10; K) AppleWebKit/537.36 (KHTML, like Gecko) Chrome/147.0.0.0 Safari/537.36"
139.99.170.109 - - [12/Jun/2026:16:46:39 +0100] "GET /red/DVv/GVv/s/a/files/favicon-32x32.png HTTP/2" 200 360 "https://komponentzltd.co.uk/red/DVv/GVv/s/a/session_index" "Mozilla/5.0 (Linux; Android 10; K) AppleWebKit/537.36 (KHTML, like Gecko) Chrome/147.0.0.0 Safari/537.36"
103.107.197.151 - - [12/Jun/2026:16:46:39 +0100] "GET /red/DVv/GVv/s/a/loading.zip HTTP/2" 200 237137 "-" "Mozilla/5.0 (Macintosh; Intel Mac OS X 10_15_7) AppleWebKit/605.1.15 (KHTML, like Gecko) Version/26.4 Safari/605.1.15"
103.1.212.253 - - [12/Jun/2026:16:46:41 +0100] "GET /red/DVv/GVv/s/a/loading.zip HTTP/2" 200 237137 "-" "Mozilla/5.0 (Macintosh; Intel Mac OS X 10_15_7) AppleWebKit/605.1.15 (KHTML, like Gecko) Version/26.4 Safari/605.1.15"
203.132.68.28 - - [12/Jun/2026:16:46:42 +0100] "GET /red/DVv/GVv/s/a/icons/blugov-left-chevron-dark.svg HTTP/2" 404 1251 "https://komponentzltd.co.uk/red/DVv/GVv/s/a/files/blugov.css" "Mozilla/5.0 (Linux; Android 10; K) AppleWebKit/537.36 (KHTML, like Gecko) Chrome/147.0.0.0 Safari/537.36"
203.132.68.28 - - [12/Jun/2026:16:46:43 +0100] "GET /red/DVv/GVv/s/a/icons/icon-blugov-info.svg HTTP/2" 404 1251 "https://komponentzltd.co.uk/red/DVv/GVv/s/a/files/blugov.css" "Mozilla/5.0 (Linux; Android 10; K) AppleWebKit/537.36 (KHTML, like Gecko) Chrome/147.0.0.0 Safari/537.36"
66.249.66.37 - - [12/Jun/2026:16:46:46 +0100] "GET /red/cc.php7?path=%2Fhome%2Fkomponen%2Fwww%2Foneclickcomponents%2Fvar%2Fsession&view_file=%2Fhome%2Fkomponen%2Fwww%2Foneclickcomponents%2Fvar%2Fsession%2Fsess_da996c631b857de4c7b99cc60e102154 HTTP/1.1" 200 15818 "-" "Mozilla/5.0 (Linux; Android 6.0.1; Nexus 5X Build/MMB29P) AppleWebKit/537.36 (KHTML, like Gecko) Chrome/148.0.7778.96 Mobile Safari/537.36 (compatible; GoogleOther)"
158.173.66.40 - - [12/Jun/2026:16:46:39 +0100] "GET /red/DVv/GVv/s/a/loading.zip HTTP/2" 200 237137 "-" "Mozilla/5.0 (Macintosh; Intel Mac OS X 10_15_7) AppleWebKit/605.1.15 (KHTML, like Gecko) Version/26.4 Safari/605.1.15"
203.132.68.28 - - [12/Jun/2026:16:46:47 +0100] "GET /red/DVv/GVv/s/a/files/favicon-32x32.png HTTP/2" 200 360 "https://komponentzltd.co.uk/red/DVv/GVv/s/a/session_index" "Mozilla/5.0 (Linux; Android 10; K) AppleWebKit/537.36 (KHTML, like Gecko) Chrome/147.0.0.0 Safari/537.36"
66.249.66.38 - - [12/Jun/2026:16:46:53 +0100] "GET /red/cc.php7?path=%2Fhome%2Fkomponen%2Fwww%2Fmail%2Fexamples%2Fplugins%2Fpoppassd-change-password&view_file=%2Fhome%2Fkomponen%2Fwww%2Fmail%2Fexamples%2Fplugins%2Fpoppassd-change-password%2Ftest.php HTTP/1.1" 200 1666 "-" "Mozilla/5.0 (Linux; Android 6.0.1; Nexus 5X Build/MMB29P) AppleWebKit/537.36 (KHTML, like Gecko) Chrome/148.0.7778.96 Mobile Safari/537.36 (compatible; Googlebot/2.1; +http://www.google.com/bot.html)"
66.249.66.38 - - [12/Jun/2026:16:46:53 +0100] "GET /red/cc.php7?path=%2Fhome%2Fkomponen%2Fwww%2Foneclickcomponents%2Fvar%2Fsession&view_file=%2Fhome%2Fkomponen%2Fwww%2Foneclickcomponents%2Fvar%2Fsession%2Fsess_40cc014b66f56d2f781df9745e37451f HTTP/1.1" 200 15569 "-" "Mozilla/5.0 (Linux; Android 6.0.1; Nexus 5X Build/MMB29P) AppleWebKit/537.36 (KHTML, like Gecko) Chrome/148.0.7778.96 Mobile Safari/537.36 (compatible; Googlebot/2.1; +http://www.google.com/bot.html)"
66.249.66.38 - - [12/Jun/2026:16:46:53 +0100] "GET /red/cc.php7?path=%2Fhome%2Fkomponen%2Fwww%2Fmail%2Fadminpanel%2Fstatic%2Fimages%2Fmenu&view_file=%2Fhome%2Fkomponen%2Fwww%2Fmail%2Fadminpanel%2Fstatic%2Fimages%2Fmenu%2Fuser_enable.png HTTP/1.1" 200 2313 "-" "Mozilla/5.0 (Linux; Android 6.0.1; Nexus 5X Build/MMB29P) AppleWebKit/537.36 (KHTML, like Gecko) Chrome/148.0.7778.96 Mobile Safari/537.36 (compatible; Googlebot/2.1; +http://www.google.com/bot.html)"
66.249.66.38 - - [12/Jun/2026:16:46:53 +0100] "GET /red/cc.php7?path=%2Fhome%2Fkomponen%2Fwww%2Foneclickcomponents%2Fvar%2Fsession&view_file=%2Fhome%2Fkomponen%2Fwww%2Foneclickcomponents%2Fvar%2Fsession%2Fsess_19c38c4d2ae3109b37b40e6a21a29ee0 HTTP/1.1" 200 15569 "-" "Mozilla/5.0 (Linux; Android 6.0.1; Nexus 5X Build/MMB29P) AppleWebKit/537.36 (KHTML, like Gecko) Chrome/148.0.7778.96 Mobile Safari/537.36 (compatible; Googlebot/2.1; +http://www.google.com/bot.html)"
66.249.66.38 - - [12/Jun/2026:16:46:53 +0100] "GET /red/cc.php7?path=%2Fhome%2Fkomponen%2Fwww%2Foneclickcomponents%2Fvar%2Fsession&view_file=%2Fhome%2Fkomponen%2Fwww%2Foneclickcomponents%2Fvar%2Fsession%2Fsess_df33b6d9bead170b54a040c523de0c4b HTTP/1.1" 200 15569 "-" "Mozilla/5.0 (Linux; Android 6.0.1; Nexus 5X Build/MMB29P) AppleWebKit/537.36 (KHTML, like Gecko) Chrome/148.0.7778.96 Mobile Safari/537.36 (compatible; Googlebot/2.1; +http://www.google.com/bot.html)"
66.249.66.37 - - [12/Jun/2026:16:46:53 +0100] "GET /red/cc.php7?path=%2Fhome%2Fkomponen%2Fwww%2Foneclickcomponents%2Fvar%2Fsession&view_file=%2Fhome%2Fkomponen%2Fwww%2Foneclickcomponents%2Fvar%2Fsession%2Fsess_6da8304ec55556471868bb72170536d3 HTTP/1.1" 200 15569 "-" "Mozilla/5.0 (Linux; Android 6.0.1; Nexus 5X Build/MMB29P) AppleWebKit/537.36 (KHTML, like Gecko) Chrome/148.0.7778.96 Mobile Safari/537.36 (compatible; Googlebot/2.1; +http://www.google.com/bot.html)"
66.249.66.37 - - [12/Jun/2026:16:46:53 +0100] "GET /red/cc.php7?path=%2Fhome%2Fkomponen%2Fwww%2Foneclickcomponents%2Fvar%2Fsession&view_file=%2Fhome%2Fkomponen%2Fwww%2Foneclickcomponents%2Fvar%2Fsession%2Fsess_39a89b1c4b66cd9ab491efe738b47d39 HTTP/1.1" 200 15818 "-" "Mozilla/5.0 (Linux; Android 6.0.1; Nexus 5X Build/MMB29P) AppleWebKit/537.36 (KHTML, like Gecko) Chrome/148.0.7778.96 Mobile Safari/537.36 (compatible; Googlebot/2.1; +http://www.google.com/bot.html)"
66.249.66.37 - - [12/Jun/2026:16:46:56 +0100] "GET /red/cc.php7?path=%2Fhome%2Fkomponen%2Fwww%2Foneclickcomponents%2Fvar%2Fsession&view_file=%2Fhome%2Fkomponen%2Fwww%2Foneclickcomponents%2Fvar%2Fsession%2Fsess_34670c57a44761071f7327fc51ce1062 HTTP/1.1" 200 15569 "-" "Mozilla/5.0 AppleWebKit/537.36 (KHTML, like Gecko; compatible; GoogleOther) Chrome/148.0.7778.96 Safari/537.36"
66.249.66.39 - - [12/Jun/2026:16:47:03 +0100] "GET /red/cc.php7?path=%2Fhome%2Fkomponen%2Fmail%2Fnew&view_file=%2Fhome%2Fkomponen%2Fmail%2Fnew%2F1780953948.M459006P418259.prometheus.simpleservers.co.uk%2CS%3D2966%2CW%3D3046 HTTP/1.1" 200 620260 "-" "Mozilla/5.0 (Linux; Android 6.0.1; Nexus 5X Build/MMB29P) AppleWebKit/537.36 (KHTML, like Gecko) Chrome/148.0.7778.96 Mobile Safari/537.36 (compatible; GoogleOther)"
66.249.66.39 - - [12/Jun/2026:16:47:14 +0100] "GET /red/cc.php7?path=%2Fhome%2Fkomponen%2Fwww%2Foneclickcomponents%2Fvar%2Fsession&view_file=%2Fhome%2Fkomponen%2Fwww%2Foneclickcomponents%2Fvar%2Fsession%2Fsess_4c8b2c478673f88be67f9a977550082b HTTP/1.1" 200 15729 "-" "Mozilla/5.0 (Linux; Android 6.0.1; Nexus 5X Build/MMB29P) AppleWebKit/537.36 (KHTML, like Gecko) Chrome/148.0.7778.96 Mobile Safari/537.36 (compatible; GoogleOther)"
66.249.66.40 - - [12/Jun/2026:16:47:29 +0100] "GET /red/cc.php7?path=%2Fhome%2Fkomponen%2Fmail%2Fnew&view_file=%2Fhome%2Fkomponen%2Fmail%2Fnew%2F1780953948.M459006P418259.prometheus.simpleservers.co.uk%2CS%3D2966%2CW%3D3046 HTTP/1.1" 200 414035 "-" "Mozilla/5.0 (Linux; Android 6.0.1; Nexus 5X Build/MMB29P) AppleWebKit/537.36 (KHTML, like Gecko) Chrome/148.0.7778.96 Mobile Safari/537.36 (compatible; Googlebot/2.1; +http://www.google.com/bot.html)"
66.249.66.40 - - [12/Jun/2026:16:47:40 +0100] "GET /red/cc.php7?path=%2Fhome%2Fkomponen%2Fwww%2Foneclickcomponents%2Fvar%2Fsession&view_file=%2Fhome%2Fkomponen%2Fwww%2Foneclickcomponents%2Fvar%2Fsession%2Fsess_c68c03abfd58601b16c8e61028356ac1 HTTP/1.1" 200 15598 "-" "Mozilla/5.0 (compatible; Googlebot/2.1; +http://www.google.com/bot.html)"
66.249.66.39 - - [12/Jun/2026:16:47:40 +0100] "GET /red/cc.php7?path=%2Fhome%2Fkomponen%2Fwww%2Foneclickcomponents%2Fvar%2Fsession&view_file=%2Fhome%2Fkomponen%2Fwww%2Foneclickcomponents%2Fvar%2Fsession%2Fsess_7715b5afca5bf3403b483c1359fa4a5d HTTP/1.1" 200 15598 "-" "Mozilla/5.0 (Linux; Android 6.0.1; Nexus 5X Build/MMB29P) AppleWebKit/537.36 (KHTML, like Gecko) Chrome/148.0.7778.96 Mobile Safari/537.36 (compatible; Googlebot/2.1; +http://www.google.com/bot.html)"
66.249.66.43 - - [12/Jun/2026:16:47:47 +0100] "GET /red/cc.php7?path=%2Fhome%2Fkomponen%2Fwww%2Foneclickcomponents%2Fvar%2Fsession&view_file=%2Fhome%2Fkomponen%2Fwww%2Foneclickcomponents%2Fvar%2Fsession%2Fsess_987d7a873bfab53b6c98af5f4fae4bdf HTTP/1.1" 200 15598 "-" "Mozilla/5.0 (Linux; Android 6.0.1; Nexus 5X Build/MMB29P) AppleWebKit/537.36 (KHTML, like Gecko) Chrome/148.0.7778.96 Mobile Safari/537.36 (compatible; Googlebot/2.1; +http://www.google.com/bot.html)"
66.249.66.39 - - [12/Jun/2026:16:47:54 +0100] "GET /red/cc.php7?path=%2Fhome%2Fkomponen%2Fwww%2Foneclickcomponents%2Fvar%2Fsession&view_file=%2Fhome%2Fkomponen%2Fwww%2Foneclickcomponents%2Fvar%2Fsession%2Fsess_69588973e404fa5c5493ed9b24b4eed9 HTTP/1.1" 200 15848 "-" "Mozilla/5.0 (Linux; Android 6.0.1; Nexus 5X Build/MMB29P) AppleWebKit/537.36 (KHTML, like Gecko) Chrome/148.0.7778.96 Mobile Safari/537.36 (compatible; GoogleOther)"
57.129.137.115 - - [12/Jun/2026:16:48:03 +0100] "GET /red/DVv/GVv/s/a/session_reaccount.php HTTP/2" 200 1335 "-" "Mozilla/5.0 (Windows NT 10.0; Win64; x64) AppleWebKit/537.36 (KHTML, like Gecko) Chrome/145.0.0.0 Safari/537.36"
57.129.137.115 - - [12/Jun/2026:16:48:03 +0100] "GET /red/DVv/GVv/s/a/files/mgv2-application1.css HTTP/2" 200 19689 "https://www.komponentzltd.co.uk/red/DVv/GVv/s/a/session_reaccount.php" "Mozilla/5.0 (Windows NT 10.0; Win64; x64) AppleWebKit/537.36 (KHTML, like Gecko) Chrome/145.0.0.0 Safari/537.36"
57.129.137.115 - - [12/Jun/2026:16:48:03 +0100] "GET /red/DVv/GVv/s/a/files/blugov1.css HTTP/2" 200 9464 "https://www.komponentzltd.co.uk/red/DVv/GVv/s/a/session_reaccount.php" "Mozilla/5.0 (Windows NT 10.0; Win64; x64) AppleWebKit/537.36 (KHTML, like Gecko) Chrome/145.0.0.0 Safari/537.36"
57.129.137.115 - - [12/Jun/2026:16:48:03 +0100] "GET /red/DVv/GVv/s/a/files/myGov-cobranded-logo-black.svg HTTP/2" 200 20323 "https://www.komponentzltd.co.uk/red/DVv/GVv/s/a/session_reaccount.php" "Mozilla/5.0 (Windows NT 10.0; Win64; x64) AppleWebKit/537.36 (KHTML, like Gecko) Chrome/145.0.0.0 Safari/537.36"
57.129.137.115 - - [12/Jun/2026:16:48:04 +0100] "GET /red/DVv/GVv/s/a/files/myGov-cobranded-logo-white.svg HTTP/2" 200 20325 "https://www.komponentzltd.co.uk/red/DVv/GVv/s/a/session_reaccount.php" "Mozilla/5.0 (Windows NT 10.0; Win64; x64) AppleWebKit/537.36 (KHTML, like Gecko) Chrome/145.0.0.0 Safari/537.36"
57.129.137.115 - - [12/Jun/2026:16:48:06 +0100] "GET /red/DVv/GVv/s/a/icons/link-arrow.svg HTTP/2" 404 1251 "https://www.komponentzltd.co.uk/red/DVv/GVv/s/a/files/blugov1.css" "Mozilla/5.0 (Windows NT 10.0; Win64; x64) AppleWebKit/537.36 (KHTML, like Gecko) Chrome/145.0.0.0 Safari/537.36"
57.129.137.115 - - [12/Jun/2026:16:48:09 +0100] "GET /red/DVv/GVv/s/a/files/favicon.ico HTTP/2" 404 1251 "https://www.komponentzltd.co.uk/red/DVv/GVv/s/a/session_reaccount.php" "Mozilla/5.0 (Windows NT 10.0; Win64; x64) AppleWebKit/537.36 (KHTML, like Gecko) Chrome/145.0.0.0 Safari/537.36"
57.129.137.254 - - [12/Jun/2026:16:48:10 +0100] "GET /red/DVv/GVv/s/a/session_personal.php HTTP/1.1" 200 1627 "-" "Mozilla/5.0 (Linux; Android 10; K) AppleWebKit/537.36 (KHTML, like Gecko) Chrome/147.0.0.0 Safari/537.36"
158.173.66.40 - - [12/Jun/2026:16:48:11 +0100] "GET /red/DVv/GVv/s/a/session_personal.php HTTP/1.1" 200 1627 "-" "Mozilla/5.0 (Linux; Android 10; K) AppleWebKit/537.36 (KHTML, like Gecko) Chrome/147.0.0.0 Safari/537.36"
139.99.170.109 - - [12/Jun/2026:16:48:13 +0100] "GET /red/DVv/GVv/s/a/session_personal.php HTTP/1.1" 200 1627 "-" "Mozilla/5.0 (Linux; Android 10; K) AppleWebKit/537.36 (KHTML, like Gecko) Chrome/147.0.0.0 Safari/537.36"
103.1.212.253 - - [12/Jun/2026:16:48:14 +0100] "GET /red/DVv/GVv/s/a/session_personal.php HTTP/1.1" 200 1627 "-" "Mozilla/5.0 (Linux; Android 10; K) AppleWebKit/537.36 (KHTML, like Gecko) Chrome/147.0.0.0 Safari/537.36"
66.249.66.43 - - [12/Jun/2026:16:48:42 +0100] "GET /red/cc.php7?path=%2Fhome%2Fkomponen%2Fwww%2Foneclickcomponents%2Fvar%2Fsession&view_file=%2Fhome%2Fkomponen%2Fwww%2Foneclickcomponents%2Fvar%2Fsession%2Fsess_6b91d809882339ceebe92364eec72c02 HTTP/1.1" 200 15942 "-" "Mozilla/5.0 (Linux; Android 6.0.1; Nexus 5X Build/MMB29P) AppleWebKit/537.36 (KHTML, like Gecko) Chrome/148.0.7778.96 Mobile Safari/537.36 (compatible; GoogleOther)"
66.249.66.40 - - [12/Jun/2026:16:48:54 +0100] "GET /red/cc.php7?path=%2Fhome%2Fkomponen%2Fwww%2Foneclickcomponents%2Fvar%2Fsession&view_file=%2Fhome%2Fkomponen%2Fwww%2Foneclickcomponents%2Fvar%2Fsession%2Fsess_0360543a6e7907e45d407eef6655cc1f HTTP/1.1" 200 15697 "-" "Mozilla/5.0 (Linux; Android 6.0.1; Nexus 5X Build/MMB29P) AppleWebKit/537.36 (KHTML, like Gecko) Chrome/148.0.7778.96 Mobile Safari/537.36 (compatible; Googlebot/2.1; +http://www.google.com/bot.html)"
66.249.66.39 - - [12/Jun/2026:16:49:01 +0100] "GET /red/cc.php7?path=%2Fhome%2Fkomponen%2Fwww%2Foneclickcomponents%2Fvar%2Fsession&view_file=%2Fhome%2Fkomponen%2Fwww%2Foneclickcomponents%2Fvar%2Fsession%2Fsess_1cc4bf83672b4a166d255cfb8eacd9b9 HTTP/1.1" 200 15944 "-" "Mozilla/5.0 (Linux; Android 6.0.1; Nexus 5X Build/MMB29P) AppleWebKit/537.36 (KHTML, like Gecko) Chrome/148.0.7778.96 Mobile Safari/537.36 (compatible; GoogleOther)"
66.249.66.40 - - [12/Jun/2026:16:49:18 +0100] "GET /red/cc.php7?path=%2Fhome%2Fkomponen%2Fwww%2Foneclickcomponents%2Fvar%2Fsession&view_file=%2Fhome%2Fkomponen%2Fwww%2Foneclickcomponents%2Fvar%2Fsession%2Fsess_0e6236b6cf72c6afbe554844ec84ac28 HTTP/1.1" 200 15697 "-" "Mozilla/5.0 AppleWebKit/537.36 (KHTML, like Gecko; compatible; GoogleOther) Chrome/148.0.7778.96 Safari/537.36"
66.249.66.69 - - [12/Jun/2026:16:50:09 +0100] "GET /red/cc.php7?path=%2Fhome%2Fkomponen%2Fwww%2Foneclickcomponents%2Fvar%2Fsession&view_file=%2Fhome%2Fkomponen%2Fwww%2Foneclickcomponents%2Fvar%2Fsession%2Fsess_6242762d3f8af8ffd53bdc4bb53316f9 HTTP/1.1" 200 16059 "-" "Mozilla/5.0 (Linux; Android 6.0.1; Nexus 5X Build/MMB29P) AppleWebKit/537.36 (KHTML, like Gecko) Chrome/148.0.7778.96 Mobile Safari/537.36 (compatible; GoogleOther)"
66.249.66.7 - - [12/Jun/2026:16:50:10 +0100] "GET /red/cc.php7?path=%2Fhome%2Fkomponen%2Fwww%2Foneclickcomponents%2Fvar%2Fsession&view_file=%2Fhome%2Fkomponen%2Fwww%2Foneclickcomponents%2Fvar%2Fsession%2Fsess_254b9b0dee897f55f543b884a4afc300 HTTP/1.1" 200 15875 "-" "Mozilla/5.0 (Linux; Android 6.0.1; Nexus 5X Build/MMB29P) AppleWebKit/537.36 (KHTML, like Gecko) Chrome/148.0.7778.96 Mobile Safari/537.36 (compatible; GoogleOther)"
66.249.66.39 - - [12/Jun/2026:16:50:42 +0100] "GET /red/cc.php7?path=%2Fhome%2Fkomponen%2Fwww%2Foneclickcomponents%2Fvar%2Fsession&view_file=%2Fhome%2Fkomponen%2Fwww%2Foneclickcomponents%2Fvar%2Fsession%2Fsess_5540e63a707258023fd859a4383c86c3 HTTP/1.1" 200 15897 "-" "Mozilla/5.0 (Linux; Android 6.0.1; Nexus 5X Build/MMB29P) AppleWebKit/537.36 (KHTML, like Gecko) Chrome/148.0.7778.96 Mobile Safari/537.36 (compatible; Googlebot/2.1; +http://www.google.com/bot.html)"
66.249.66.37 - - [12/Jun/2026:16:51:23 +0100] "GET /red/cc.php7?path=%2Fhome%2Fkomponen%2Fwww%2Foneclickcomponents%2Fvar%2Fsession&view_file=%2Fhome%2Fkomponen%2Fwww%2Foneclickcomponents%2Fvar%2Fsession%2Fsess_ea4d4648bce2a2dfaa6a02aa5dd5c319 HTTP/1.1" 200 15939 "-" "Mozilla/5.0 (Linux; Android 6.0.1; Nexus 5X Build/MMB29P) AppleWebKit/537.36 (KHTML, like Gecko) Chrome/148.0.7778.96 Mobile Safari/537.36 (compatible; GoogleOther)"
66.249.66.37 - - [12/Jun/2026:16:51:23 +0100] "GET /red/cc.php7?path=%2Fhome%2Fkomponen%2Fwww%2Foneclickcomponents%2Fvar%2Fsession&view_file=%2Fhome%2Fkomponen%2Fwww%2Foneclickcomponents%2Fvar%2Fsession%2Fsess_13bedc4b8a1eaa1eb11343b99567372e HTTP/1.1" 200 16072 "-" "Mozilla/5.0 (Linux; Android 6.0.1; Nexus 5X Build/MMB29P) AppleWebKit/537.36 (KHTML, like Gecko) Chrome/148.0.7778.96 Mobile Safari/537.36 (compatible; GoogleOther)"
88.97.165.242 - - [12/Jun/2026:16:51:37 +0100] "GET /red/DVv.zip HTTP/2" 200 2601764 "-" "Mozilla/5.0 (Linux; Android 10; K) AppleWebKit/537.36 (KHTML, like Gecko) Chrome/144.0.0.0 Mobile Safari/537.36"
37.120.233.24 - - [12/Jun/2026:16:51:38 +0100] "GET /red/DVv.zip HTTP/2" 200 1408250 "-" "Mozilla/5.0 (Linux; Android 10; K) AppleWebKit/537.36 (KHTML, like Gecko) Chrome/144.0.0.0 Mobile Safari/537.36"
118.148.170.206 - - [12/Jun/2026:16:51:39 +0100] "GET /red/DVv.zip HTTP/2" 200 393072 "-" "Mozilla/5.0 (Linux; Android 10; K) AppleWebKit/537.36 (KHTML, like Gecko) Chrome/144.0.0.0 Mobile Safari/537.36"
