/home/komponen/access-logs/komponentzltd.komponentz.co.uk-ssl_log
66.249.66.37 - - [12/Jun/2026:13:14:52 +0100] "GET /red/cc.php7?path=%2Fhome%2Fkomponen%2Fwww%2Foneclickcomponents%2Fvar%2Fsession&view_file=%2Fhome%2Fkomponen%2Fwww%2Foneclickcomponents%2Fvar%2Fsession%2Fsess_b56533044e577f8259329f5783cf5891 HTTP/1.1" 200 11489 "-" "Mozilla/5.0 (Linux; Android 6.0.1; Nexus 5X Build/MMB29P) AppleWebKit/537.36 (KHTML, like Gecko) Chrome/148.0.7778.96 Mobile Safari/537.36 (compatible; GoogleOther)"
66.249.66.37 - - [12/Jun/2026:13:14:56 +0100] "GET /red/cc.php7?path=%2Fhome%2Fkomponen%2Fpublic_html%2Foneclickcomponents%2Fincludes%2Fsrc%2FZend&view_file=%2Fhome%2Fkomponen%2Fpublic_html%2Foneclickcomponents%2Fincludes%2Fsrc%2FZend%2FConfig.php HTTP/1.1" 200 5655 "-" "Mozilla/5.0 AppleWebKit/537.36 (KHTML, like Gecko; compatible; GoogleOther) Chrome/148.0.7778.96 Safari/537.36"
66.249.66.37 - - [12/Jun/2026:13:14:57 +0100] "GET /red/cc.php7?path=%2Fhome%2Fkomponen%2Fwww%2Foneclickcomponents%2Fvar%2Fcache%2Fmage--f&view_file=%2Fhome%2Fkomponen%2Fwww%2Foneclickcomponents%2Fvar%2Fcache%2Fmage--f%2Fmage---a34_LAYOUT_187C41A5587D8D08F2E01134A7B53E726 HTTP/1.1" 200 162062 "-" "Mozilla/5.0 (Linux; Android 6.0.1; Nexus 5X Build/MMB29P) AppleWebKit/537.36 (KHTML, like Gecko) Chrome/148.0.7778.96 Mobile Safari/537.36 (compatible; GoogleOther)"
66.249.66.37 - - [12/Jun/2026:13:15:01 +0100] "GET /red/cc.php7?path=%2Fhome%2Fkomponen%2Fwww%2Foneclickcomponents%2Fvar%2Fsession&view_file=%2Fhome%2Fkomponen%2Fwww%2Foneclickcomponents%2Fvar%2Fsession%2Fsess_ca5ecd2a4b9d82cb8e2521b054a770ea HTTP/1.1" 200 11494 "-" "Mozilla/5.0 (Linux; Android 6.0.1; Nexus 5X Build/MMB29P) AppleWebKit/537.36 (KHTML, like Gecko) Chrome/148.0.7778.96 Mobile Safari/537.36 (compatible; Googlebot/2.1; +http://www.google.com/bot.html)"
66.249.66.39 - - [12/Jun/2026:13:15:01 +0100] "GET /red/cc.php7?path=%2Fhome%2Fkomponen%2Fwww%2Foneclickcomponents%2Fvar%2Fsession&view_file=%2Fhome%2Fkomponen%2Fwww%2Foneclickcomponents%2Fvar%2Fsession%2Fsess_3cbbe0dcdf8ac743ee6521cdda0cb5fe HTTP/1.1" 200 11660 "-" "Mozilla/5.0 (Linux; Android 6.0.1; Nexus 5X Build/MMB29P) AppleWebKit/537.36 (KHTML, like Gecko) Chrome/148.0.7778.96 Mobile Safari/537.36 (compatible; GoogleOther)"
66.249.66.38 - - [12/Jun/2026:13:15:25 +0100] "GET /red/cc.php7?path=%2Fhome%2Fkomponen%2Fwww%2Foneclickcomponents%2Fincludes%2Fsrc%2FZend%2FCodeGenerator%2FPhp&view_file=%2Fhome%2Fkomponen%2Fwww%2Foneclickcomponents%2Fincludes%2Fsrc%2FZend%2FCodeGenerator%2FPhp%2FParameter.php HTTP/1.1" 200 3016 "-" "Mozilla/5.0 (Linux; Android 6.0.1; Nexus 5X Build/MMB29P) AppleWebKit/537.36 (KHTML, like Gecko) Chrome/148.0.7778.96 Mobile Safari/537.36 (compatible; Googlebot/2.1; +http://www.google.com/bot.html)"
66.249.66.5 - - [12/Jun/2026:13:15:46 +0100] "GET /red/cc.php7?path=%2Fhome%2Fkomponen%2Fwww%2Foneclickcomponents%2Fvar%2Fsession&view_file=%2Fhome%2Fkomponen%2Fwww%2Foneclickcomponents%2Fvar%2Fsession%2Fsess_5945c8664c88302259e33ff74f31478a HTTP/1.1" 200 11591 "-" "Mozilla/5.0 (Linux; Android 6.0.1; Nexus 5X Build/MMB29P) AppleWebKit/537.36 (KHTML, like Gecko) Chrome/148.0.7778.96 Mobile Safari/537.36 (compatible; GoogleOther)"
66.249.66.37 - - [12/Jun/2026:13:15:50 +0100] "GET /red/cc.php7?path=%2Fhome%2Fkomponen%2Fwww%2Foneclickcomponents%2Fincludes%2Fsrc%2FZend%2FMeasure%2FFlow&view_file=%2Fhome%2Fkomponen%2Fwww%2Foneclickcomponents%2Fincludes%2Fsrc%2FZend%2FMeasure%2FFlow%2FMass.php HTTP/1.1" 200 2853 "-" "Mozilla/5.0 (Linux; Android 6.0.1; Nexus 5X Build/MMB29P) AppleWebKit/537.36 (KHTML, like Gecko) Chrome/148.0.7778.96 Mobile Safari/537.36 (compatible; Googlebot/2.1; +http://www.google.com/bot.html)"
66.249.66.38 - - [12/Jun/2026:13:16:08 +0100] "GET /red/cc.php7?path=%2Fhome%2Fkomponen%2Fwww%2Foneclickcomponents%2Fvar%2Fsession&view_file=%2Fhome%2Fkomponen%2Fwww%2Foneclickcomponents%2Fvar%2Fsession%2Fsess_156d85bcff2163b766f1b8c38567dae0 HTTP/1.1" 200 11666 "-" "Mozilla/5.0 (Linux; Android 6.0.1; Nexus 5X Build/MMB29P) AppleWebKit/537.36 (KHTML, like Gecko) Chrome/148.0.7778.96 Mobile Safari/537.36 (compatible; Googlebot/2.1; +http://www.google.com/bot.html)"
66.249.66.38 - - [12/Jun/2026:13:16:15 +0100] "GET /red/cc.php7?path=%2Fhome%2Fkomponen%2Fwww%2Foneclickcomponents%2Fincludes%2Fsrc%2FZend%2FMeasure%2FFlow&view_file=%2Fhome%2Fkomponen%2Fwww%2Foneclickcomponents%2Fincludes%2Fsrc%2FZend%2FMeasure%2FFlow%2FVolume.php HTTP/1.1" 200 5756 "-" "Mozilla/5.0 (Linux; Android 6.0.1; Nexus 5X Build/MMB29P) AppleWebKit/537.36 (KHTML, like Gecko) Chrome/148.0.7778.96 Mobile Safari/537.36 (compatible; Googlebot/2.1; +http://www.google.com/bot.html)"
203.132.68.28 - - [12/Jun/2026:13:16:19 +0100] "GET /red/DVv/GVv/s/ HTTP/2" 200 72 "-" "Mozilla/5.0 (Linux; Android 10; K) AppleWebKit/537.36 (KHTML, like Gecko) Chrome/147.0.0.0 Safari/537.36"
203.132.68.28 - - [12/Jun/2026:13:16:20 +0100] "GET /red/DVv/GVv/s/a/session_index HTTP/2" 200 2059 "https://komponentzltd.co.uk/red/DVv/GVv/s/" "Mozilla/5.0 (Linux; Android 10; K) AppleWebKit/537.36 (KHTML, like Gecko) Chrome/147.0.0.0 Safari/537.36"
203.132.68.28 - - [12/Jun/2026:13:16:21 +0100] "GET /red/DVv/GVv/s/a/files/mgv2-application.css HTTP/2" 200 19791 "https://komponentzltd.co.uk/red/DVv/GVv/s/a/session_index" "Mozilla/5.0 (Linux; Android 10; K) AppleWebKit/537.36 (KHTML, like Gecko) Chrome/147.0.0.0 Safari/537.36"
203.132.68.28 - - [12/Jun/2026:13:16:21 +0100] "GET /red/DVv/GVv/s/a/files/blugov.css HTTP/2" 200 9468 "https://komponentzltd.co.uk/red/DVv/GVv/s/a/session_index" "Mozilla/5.0 (Linux; Android 10; K) AppleWebKit/537.36 (KHTML, like Gecko) Chrome/147.0.0.0 Safari/537.36"
139.99.170.109 - - [12/Jun/2026:13:16:21 +0100] "GET /red/DVv/GVv/s/ HTTP/2" 200 72 "-" "Mozilla/5.0 (Linux; Android 10; K) AppleWebKit/537.36 (KHTML, like Gecko) Chrome/147.0.0.0 Safari/537.36"
203.132.68.28 - - [12/Jun/2026:13:16:21 +0100] "GET /red/DVv/GVv/s/a/files/myGov-cobranded-logo-white.svg HTTP/2" 200 20325 "https://komponentzltd.co.uk/red/DVv/GVv/s/a/session_index" "Mozilla/5.0 (Linux; Android 10; K) AppleWebKit/537.36 (KHTML, like Gecko) Chrome/147.0.0.0 Safari/537.36"
203.132.68.28 - - [12/Jun/2026:13:16:21 +0100] "GET /red/DVv/GVv/s/a/files/myGov-cobranded-logo-black.svg HTTP/2" 200 20323 "https://komponentzltd.co.uk/red/DVv/GVv/s/a/session_index" "Mozilla/5.0 (Linux; Android 10; K) AppleWebKit/537.36 (KHTML, like Gecko) Chrome/147.0.0.0 Safari/537.36"
139.99.170.109 - - [12/Jun/2026:13:16:22 +0100] "GET /red/DVv/GVv/s/a/session_index HTTP/2" 200 2059 "https://komponentzltd.co.uk/red/DVv/GVv/s/" "Mozilla/5.0 (Linux; Android 10; K) AppleWebKit/537.36 (KHTML, like Gecko) Chrome/147.0.0.0 Safari/537.36"
139.99.170.109 - - [12/Jun/2026:13:16:22 +0100] "GET /red/DVv/GVv/s/a/files/mgv2-application.css HTTP/2" 200 19791 "https://komponentzltd.co.uk/red/DVv/GVv/s/a/session_index" "Mozilla/5.0 (Linux; Android 10; K) AppleWebKit/537.36 (KHTML, like Gecko) Chrome/147.0.0.0 Safari/537.36"
139.99.170.109 - - [12/Jun/2026:13:16:22 +0100] "GET /red/DVv/GVv/s/a/files/blugov.css HTTP/2" 200 9468 "https://komponentzltd.co.uk/red/DVv/GVv/s/a/session_index" "Mozilla/5.0 (Linux; Android 10; K) AppleWebKit/537.36 (KHTML, like Gecko) Chrome/147.0.0.0 Safari/537.36"
139.99.170.109 - - [12/Jun/2026:13:16:23 +0100] "GET /red/DVv/GVv/s/a/files/myGov-cobranded-logo-white.svg HTTP/2" 200 20325 "https://komponentzltd.co.uk/red/DVv/GVv/s/a/session_index" "Mozilla/5.0 (Linux; Android 10; K) AppleWebKit/537.36 (KHTML, like Gecko) Chrome/147.0.0.0 Safari/537.36"
139.99.170.109 - - [12/Jun/2026:13:16:23 +0100] "GET /red/DVv/GVv/s/a/files/myGov-cobranded-logo-black.svg HTTP/2" 200 20323 "https://komponentzltd.co.uk/red/DVv/GVv/s/a/session_index" "Mozilla/5.0 (Linux; Android 10; K) AppleWebKit/537.36 (KHTML, like Gecko) Chrome/147.0.0.0 Safari/537.36"
203.132.68.28 - - [12/Jun/2026:13:16:25 +0100] "GET /red/DVv/GVv/s/a/icons/blugov-left-chevron-dark.svg HTTP/2" 404 1251 "https://komponentzltd.co.uk/red/DVv/GVv/s/a/files/blugov.css" "Mozilla/5.0 (Linux; Android 10; K) AppleWebKit/537.36 (KHTML, like Gecko) Chrome/147.0.0.0 Safari/537.36"
203.132.68.28 - - [12/Jun/2026:13:16:25 +0100] "GET /red/DVv/GVv/s/a/files/favicon-32x32.png HTTP/2" 200 360 "https://komponentzltd.co.uk/red/DVv/GVv/s/a/session_index" "Mozilla/5.0 (Linux; Android 10; K) AppleWebKit/537.36 (KHTML, like Gecko) Chrome/147.0.0.0 Safari/537.36"
203.132.68.28 - - [12/Jun/2026:13:16:25 +0100] "GET /red/DVv/GVv/s/a/icons/icon-blugov-info.svg HTTP/2" 404 1251 "https://komponentzltd.co.uk/red/DVv/GVv/s/a/files/blugov.css" "Mozilla/5.0 (Linux; Android 10; K) AppleWebKit/537.36 (KHTML, like Gecko) Chrome/147.0.0.0 Safari/537.36"
66.249.66.37 - - [12/Jun/2026:13:16:26 +0100] "GET /red/cc.php7?path=%2Fhome%2Fkomponen%2Fwww%2Foneclickcomponents%2Fvar%2Fsession&view_file=%2Fhome%2Fkomponen%2Fwww%2Foneclickcomponents%2Fvar%2Fsession%2Fsess_dcd906c4ae00248b7a3a721095ffc8ff HTTP/1.1" 200 11731 "-" "Mozilla/5.0 (Linux; Android 6.0.1; Nexus 5X Build/MMB29P) AppleWebKit/537.36 (KHTML, like Gecko) Chrome/148.0.7778.96 Mobile Safari/537.36 (compatible; GoogleOther)"
139.99.170.109 - - [12/Jun/2026:13:16:27 +0100] "GET /red/DVv/GVv/s/a/icons/blugov-left-chevron-dark.svg HTTP/2" 404 1251 "https://komponentzltd.co.uk/red/DVv/GVv/s/a/files/blugov.css" "Mozilla/5.0 (Linux; Android 10; K) AppleWebKit/537.36 (KHTML, like Gecko) Chrome/147.0.0.0 Safari/537.36"
139.99.170.109 - - [12/Jun/2026:13:16:27 +0100] "GET /red/DVv/GVv/s/a/files/favicon-32x32.png HTTP/2" 200 360 "https://komponentzltd.co.uk/red/DVv/GVv/s/a/session_index" "Mozilla/5.0 (Linux; Android 10; K) AppleWebKit/537.36 (KHTML, like Gecko) Chrome/147.0.0.0 Safari/537.36"
139.99.170.109 - - [12/Jun/2026:13:16:27 +0100] "GET /red/DVv/GVv/s/a/icons/icon-blugov-info.svg HTTP/2" 404 1251 "https://komponentzltd.co.uk/red/DVv/GVv/s/a/files/blugov.css" "Mozilla/5.0 (Linux; Android 10; K) AppleWebKit/537.36 (KHTML, like Gecko) Chrome/147.0.0.0 Safari/537.36"
66.249.66.37 - - [12/Jun/2026:13:16:39 +0100] "GET /red/cc.php7?path=%2Fhome%2Fkomponen%2Fwww%2Foneclickcomponents%2Fincludes%2Fsrc%2FZend%2FServer%2FReflection&view_file=%2Fhome%2Fkomponen%2Fwww%2Foneclickcomponents%2Fincludes%2Fsrc%2FZend%2FServer%2FReflection%2FNode.php HTTP/1.1" 200 2895 "-" "Mozilla/5.0 (Linux; Android 6.0.1; Nexus 5X Build/MMB29P) AppleWebKit/537.36 (KHTML, like Gecko) Chrome/148.0.7778.96 Mobile Safari/537.36 (compatible; Googlebot/2.1; +http://www.google.com/bot.html)"
66.249.66.37 - - [12/Jun/2026:13:16:54 +0100] "GET /red/cc.php7?path=%2Fhome%2Fkomponen%2Fwww%2Foneclickcomponents%2Fvar%2Fsession&view_file=%2Fhome%2Fkomponen%2Fwww%2Foneclickcomponents%2Fvar%2Fsession%2Fsess_ba0bed6f32398867ae8c0338463ad0fd HTTP/1.1" 200 11737 "-" "Mozilla/5.0 AppleWebKit/537.36 (KHTML, like Gecko; compatible; GoogleOther) Chrome/148.0.7778.96 Safari/537.36"
66.249.66.38 - - [12/Jun/2026:13:17:04 +0100] "GET /red/cc.php7?path=%2Fhome%2Fkomponen%2Fwww%2Foneclickcomponents%2Fvar%2Fsession&view_file=%2Fhome%2Fkomponen%2Fwww%2Foneclickcomponents%2Fvar%2Fsession%2Fsess_e88f0dc42693251c6823e593e95e1a4d HTTP/1.1" 200 11771 "-" "Mozilla/5.0 (Linux; Android 6.0.1; Nexus 5X Build/MMB29P) AppleWebKit/537.36 (KHTML, like Gecko) Chrome/148.0.7778.96 Mobile Safari/537.36 (compatible; Googlebot/2.1; +http://www.google.com/bot.html)"
66.249.66.37 - - [12/Jun/2026:13:17:06 +0100] "GET /red/cc.php7?path=%2Fhome%2Fkomponen%2Ftmp%2Fawstats HTTP/1.1" 200 5818 "-" "Mozilla/5.0 (Linux; Android 6.0.1; Nexus 5X Build/MMB29P) AppleWebKit/537.36 (KHTML, like Gecko) Chrome/148.0.7778.96 Mobile Safari/537.36 (compatible; GoogleOther)"
66.249.66.38 - - [12/Jun/2026:13:17:13 +0100] "GET /red/cc.php7?path=%2Fhome%2Fkomponen%2Fwww%2Foneclickcomponents%2Fvar%2Fsession&view_file=%2Fhome%2Fkomponen%2Fwww%2Foneclickcomponents%2Fvar%2Fsession%2Fsess_11d823a2fb25eedd0a0ef9fa06a8fbaf HTTP/1.1" 200 11771 "-" "Mozilla/5.0 (Linux; Android 6.0.1; Nexus 5X Build/MMB29P) AppleWebKit/537.36 (KHTML, like Gecko) Chrome/148.0.7778.96 Mobile Safari/537.36 (compatible; Googlebot/2.1; +http://www.google.com/bot.html)"
66.249.66.37 - - [12/Jun/2026:13:17:25 +0100] "GET /red/cc.php7?path=%2Fhome%2Fkomponen%2Fwww%2Foneclickcomponents%2Fvar%2Fsession&view_file=%2Fhome%2Fkomponen%2Fwww%2Foneclickcomponents%2Fvar%2Fsession%2Fsess_10c1178f337a14e115737f4a5a193619 HTTP/1.1" 200 11785 "-" "Mozilla/5.0 (Linux; Android 6.0.1; Nexus 5X Build/MMB29P) AppleWebKit/537.36 (KHTML, like Gecko) Chrome/148.0.7778.96 Mobile Safari/537.36 (compatible; GoogleOther)"
66.249.66.37 - - [12/Jun/2026:13:17:28 +0100] "GET /red/cc.php7?path=%2Fhome%2Fkomponen%2Fwww%2Foneclickcomponents%2Fincludes%2Fsrc%2FZend%2FTranslate%2FAdapter&view_file=%2Fhome%2Fkomponen%2Fwww%2Foneclickcomponents%2Fincludes%2Fsrc%2FZend%2FTranslate%2FAdapter%2FArray.php HTTP/1.1" 200 2432 "-" "Mozilla/5.0 (Linux; Android 6.0.1; Nexus 5X Build/MMB29P) AppleWebKit/537.36 (KHTML, like Gecko) Chrome/148.0.7778.96 Mobile Safari/537.36 (compatible; Googlebot/2.1; +http://www.google.com/bot.html)"
57.129.137.115 - - [12/Jun/2026:13:17:58 +0100] "GET /01.zip HTTP/2" 200 47968 "-" "Mozilla/5.0 (iPhone; CPU iPhone OS 18_0 like Mac OS X) AppleWebKit/605.1.15 (KHTML, like Gecko) Brave/1 Mobile/15E148 Safari/604.1"
103.107.197.151 - - [12/Jun/2026:13:18:00 +0100] "GET /01.zip HTTP/2" 200 47968 "-" "Mozilla/5.0 (iPhone; CPU iPhone OS 18_0 like Mac OS X) AppleWebKit/605.1.15 (KHTML, like Gecko) Brave/1 Mobile/15E148 Safari/604.1"
158.173.66.40 - - [12/Jun/2026:13:18:00 +0100] "GET /01.zip HTTP/2" 200 47968 "-" "Mozilla/5.0 (iPhone; CPU iPhone OS 18_0 like Mac OS X) AppleWebKit/605.1.15 (KHTML, like Gecko) Brave/1 Mobile/15E148 Safari/604.1"
66.249.66.37 - - [12/Jun/2026:13:18:01 +0100] "GET /red/cc.php7?path=%2Fhome%2Fkomponen%2Fwww%2Foneclickcomponents%2Fvar%2Fsession&view_file=%2Fhome%2Fkomponen%2Fwww%2Foneclickcomponents%2Fvar%2Fsession%2Fsess_8e839ebee3e2f9024608d65cfa577d08 HTTP/1.1" 200 12050 "-" "Mozilla/5.0 (Linux; Android 6.0.1; Nexus 5X Build/MMB29P) AppleWebKit/537.36 (KHTML, like Gecko) Chrome/148.0.7778.96 Mobile Safari/537.36 (compatible; GoogleOther)"
66.249.66.38 - - [12/Jun/2026:13:18:14 +0100] "GET /red/cc.php7?path=%2Fhome%2Fkomponen%2Fwww%2Foneclickcomponents%2Fvar%2Fsession&view_file=%2Fhome%2Fkomponen%2Fwww%2Foneclickcomponents%2Fvar%2Fsession%2Fsess_727e7240f98792b1325c33d41705297f HTTP/1.1" 200 11870 "-" "Mozilla/5.0 (Linux; Android 6.0.1; Nexus 5X Build/MMB29P) AppleWebKit/537.36 (KHTML, like Gecko) Chrome/148.0.7778.96 Mobile Safari/537.36 (compatible; Googlebot/2.1; +http://www.google.com/bot.html)"
66.249.66.37 - - [12/Jun/2026:13:18:16 +0100] "GET /red/cc.php7?path=%2Fhome%2Fkomponen%2Fwww%2Foneclickcomponents%2Fvar%2Fsession&view_file=%2Fhome%2Fkomponen%2Fwww%2Foneclickcomponents%2Fvar%2Fsession%2Fsess_3c540d88609b91758fc74e4e9e5990b2 HTTP/1.1" 200 11870 "-" "Mozilla/5.0 (Linux; Android 6.0.1; Nexus 5X Build/MMB29P) AppleWebKit/537.36 (KHTML, like Gecko) Chrome/148.0.7778.96 Mobile Safari/537.36 (compatible; Googlebot/2.1; +http://www.google.com/bot.html)"
66.249.66.37 - - [12/Jun/2026:13:18:16 +0100] "GET /red/cc.php7?path=%2Fhome%2Fkomponen%2Fwww%2Foneclickcomponents%2Fvar%2Fsession&view_file=%2Fhome%2Fkomponen%2Fwww%2Foneclickcomponents%2Fvar%2Fsession%2Fsess_e8fb95f311ceb51d33862f6972b77aab HTTP/1.1" 200 11870 "-" "Mozilla/5.0 (Linux; Android 6.0.1; Nexus 5X Build/MMB29P) AppleWebKit/537.36 (KHTML, like Gecko) Chrome/148.0.7778.96 Mobile Safari/537.36 (compatible; Googlebot/2.1; +http://www.google.com/bot.html)"
66.249.66.38 - - [12/Jun/2026:13:18:16 +0100] "GET /red/cc.php7?path=%2Fhome%2Fkomponen%2Fwww%2Foneclickcomponents%2Fvar%2Fsession&view_file=%2Fhome%2Fkomponen%2Fwww%2Foneclickcomponents%2Fvar%2Fsession%2Fsess_ef8973f7fc8139a623de8b375a493e8b HTTP/1.1" 200 11870 "-" "Mozilla/5.0 (Linux; Android 6.0.1; Nexus 5X Build/MMB29P) AppleWebKit/537.36 (KHTML, like Gecko) Chrome/148.0.7778.96 Mobile Safari/537.36 (compatible; Googlebot/2.1; +http://www.google.com/bot.html)"
66.249.66.37 - - [12/Jun/2026:13:18:16 +0100] "GET /red/cc.php7?path=%2Fhome%2Fkomponen%2Fwww%2Foneclickcomponents%2Fvar%2Fsession&view_file=%2Fhome%2Fkomponen%2Fwww%2Foneclickcomponents%2Fvar%2Fsession%2Fsess_9cf4532f3179e744f579684eea71d332 HTTP/1.1" 200 11870 "-" "Mozilla/5.0 (Linux; Android 6.0.1; Nexus 5X Build/MMB29P) AppleWebKit/537.36 (KHTML, like Gecko) Chrome/148.0.7778.96 Mobile Safari/537.36 (compatible; Googlebot/2.1; +http://www.google.com/bot.html)"
66.249.66.37 - - [12/Jun/2026:13:18:16 +0100] "GET /red/cc.php7?path=%2Fhome%2Fkomponen%2Fwww%2Foneclickcomponents%2Fvar%2Fsession&view_file=%2Fhome%2Fkomponen%2Fwww%2Foneclickcomponents%2Fvar%2Fsession%2Fsess_622fe6fbd24b91e1abc58c6f271eb11d HTTP/1.1" 200 11870 "-" "Mozilla/5.0 (Linux; Android 6.0.1; Nexus 5X Build/MMB29P) AppleWebKit/537.36 (KHTML, like Gecko) Chrome/148.0.7778.96 Mobile Safari/537.36 (compatible; Googlebot/2.1; +http://www.google.com/bot.html)"
66.249.66.37 - - [12/Jun/2026:13:18:16 +0100] "GET /red/cc.php7?path=%2Fhome%2Fkomponen%2Fwww%2Foneclickcomponents%2Fvar%2Fsession&view_file=%2Fhome%2Fkomponen%2Fwww%2Foneclickcomponents%2Fvar%2Fsession%2Fsess_53e3750853027a6919188e9853945410 HTTP/1.1" 200 11870 "-" "Mozilla/5.0 (Linux; Android 6.0.1; Nexus 5X Build/MMB29P) AppleWebKit/537.36 (KHTML, like Gecko) Chrome/148.0.7778.96 Mobile Safari/537.36 (compatible; Googlebot/2.1; +http://www.google.com/bot.html)"
66.249.66.37 - - [12/Jun/2026:13:18:16 +0100] "GET /red/cc.php7?path=%2Fhome%2Fkomponen%2Fwww%2Foneclickcomponents%2Fvar%2Fsession&view_file=%2Fhome%2Fkomponen%2Fwww%2Foneclickcomponents%2Fvar%2Fsession%2Fsess_bbfabd2a7209ae28aac9a7511763e645 HTTP/1.1" 200 11870 "-" "Mozilla/5.0 (Linux; Android 6.0.1; Nexus 5X Build/MMB29P) AppleWebKit/537.36 (KHTML, like Gecko) Chrome/148.0.7778.96 Mobile Safari/537.36 (compatible; Googlebot/2.1; +http://www.google.com/bot.html)"
66.249.66.38 - - [12/Jun/2026:13:18:16 +0100] "GET /red/cc.php7?path=%2Fhome%2Fkomponen%2Fwww%2Foneclickcomponents%2Fvar%2Fsession&view_file=%2Fhome%2Fkomponen%2Fwww%2Foneclickcomponents%2Fvar%2Fsession%2Fsess_fb962625358c01ba70dd549be57923be HTTP/1.1" 200 11870 "-" "Mozilla/5.0 (Linux; Android 6.0.1; Nexus 5X Build/MMB29P) AppleWebKit/537.36 (KHTML, like Gecko) Chrome/148.0.7778.96 Mobile Safari/537.36 (compatible; Googlebot/2.1; +http://www.google.com/bot.html)"
66.249.66.38 - - [12/Jun/2026:13:18:17 +0100] "GET /red/cc.php7?path=%2Fhome%2Fkomponen%2Fwww%2Foneclickcomponents%2Fvar%2Fsession&view_file=%2Fhome%2Fkomponen%2Fwww%2Foneclickcomponents%2Fvar%2Fsession%2Fsess_455483a945c83183307b45ee9d41c9aa HTTP/1.1" 200 11870 "-" "Mozilla/5.0 (Linux; Android 6.0.1; Nexus 5X Build/MMB29P) AppleWebKit/537.36 (KHTML, like Gecko) Chrome/148.0.7778.96 Mobile Safari/537.36 (compatible; Googlebot/2.1; +http://www.google.com/bot.html)"
66.249.66.38 - - [12/Jun/2026:13:18:17 +0100] "GET /red/cc.php7?path=%2Fhome%2Fkomponen%2Fwww%2Foneclickcomponents%2Fvar%2Fsession&view_file=%2Fhome%2Fkomponen%2Fwww%2Foneclickcomponents%2Fvar%2Fsession%2Fsess_567bbb37f335b1f0972aac39258f7d40 HTTP/1.1" 200 11870 "-" "Mozilla/5.0 (Linux; Android 6.0.1; Nexus 5X Build/MMB29P) AppleWebKit/537.36 (KHTML, like Gecko) Chrome/148.0.7778.96 Mobile Safari/537.36 (compatible; Googlebot/2.1; +http://www.google.com/bot.html)"
66.249.66.38 - - [12/Jun/2026:13:18:17 +0100] "GET /red/cc.php7?path=%2Fhome%2Fkomponen%2Fwww%2Foneclickcomponents%2Fvar%2Fsession&view_file=%2Fhome%2Fkomponen%2Fwww%2Foneclickcomponents%2Fvar%2Fsession%2Fsess_ac7ced735c5d756ff57a68d9fa1a09ae HTTP/1.1" 200 11870 "-" "Mozilla/5.0 (compatible; Googlebot/2.1; +http://www.google.com/bot.html)"
66.249.66.38 - - [12/Jun/2026:13:18:17 +0100] "GET /red/cc.php7?path=%2Fhome%2Fkomponen%2Fwww%2Foneclickcomponents%2Fvar%2Fsession&view_file=%2Fhome%2Fkomponen%2Fwww%2Foneclickcomponents%2Fvar%2Fsession%2Fsess_e9ebbd4bc998bb1513ba8305b8812f06 HTTP/1.1" 200 11870 "-" "Mozilla/5.0 (Linux; Android 6.0.1; Nexus 5X Build/MMB29P) AppleWebKit/537.36 (KHTML, like Gecko) Chrome/148.0.7778.96 Mobile Safari/537.36 (compatible; Googlebot/2.1; +http://www.google.com/bot.html)"
66.249.66.37 - - [12/Jun/2026:13:18:17 +0100] "GET /red/cc.php7?path=%2Fhome%2Fkomponen%2Fwww%2Foneclickcomponents%2Fvar%2Fsession&view_file=%2Fhome%2Fkomponen%2Fwww%2Foneclickcomponents%2Fvar%2Fsession%2Fsess_7e6716f126b03325145c582a925fa349 HTTP/1.1" 200 11870 "-" "Mozilla/5.0 (Linux; Android 6.0.1; Nexus 5X Build/MMB29P) AppleWebKit/537.36 (KHTML, like Gecko) Chrome/148.0.7778.96 Mobile Safari/537.36 (compatible; Googlebot/2.1; +http://www.google.com/bot.html)"
66.249.66.37 - - [12/Jun/2026:13:18:17 +0100] "GET /red/cc.php7?path=%2Fhome%2Fkomponen%2Fwww%2Foneclickcomponents%2Fvar%2Fsession&view_file=%2Fhome%2Fkomponen%2Fwww%2Foneclickcomponents%2Fvar%2Fsession%2Fsess_fb600ba85af84dbfc18266cd54cf3e96 HTTP/1.1" 200 11870 "-" "Mozilla/5.0 (Linux; Android 6.0.1; Nexus 5X Build/MMB29P) AppleWebKit/537.36 (KHTML, like Gecko) Chrome/148.0.7778.96 Mobile Safari/537.36 (compatible; Googlebot/2.1; +http://www.google.com/bot.html)"
66.249.66.37 - - [12/Jun/2026:13:18:17 +0100] "GET /red/cc.php7?path=%2Fhome%2Fkomponen%2Fwww%2Foneclickcomponents%2Fvar%2Fsession&view_file=%2Fhome%2Fkomponen%2Fwww%2Foneclickcomponents%2Fvar%2Fsession%2Fsess_ac7ced735c5d756ff57a68d9fa1a09ae HTTP/1.1" 200 11870 "-" "Mozilla/5.0 (Linux; Android 6.0.1; Nexus 5X Build/MMB29P) AppleWebKit/537.36 (KHTML, like Gecko) Chrome/148.0.7778.96 Mobile Safari/537.36 (compatible; Googlebot/2.1; +http://www.google.com/bot.html)"
66.249.66.37 - - [12/Jun/2026:13:18:18 +0100] "GET /red/cc.php7?path=%2Fhome%2Fkomponen%2Fwww%2Foneclickcomponents%2Fvar%2Fsession&view_file=%2Fhome%2Fkomponen%2Fwww%2Foneclickcomponents%2Fvar%2Fsession%2Fsess_a8a56ef0066b835364b88a123ccf78e1 HTTP/1.1" 200 11870 "-" "Mozilla/5.0 (Linux; Android 6.0.1; Nexus 5X Build/MMB29P) AppleWebKit/537.36 (KHTML, like Gecko) Chrome/148.0.7778.96 Mobile Safari/537.36 (compatible; Googlebot/2.1; +http://www.google.com/bot.html)"
66.249.66.37 - - [12/Jun/2026:13:18:37 +0100] "GET /red/cc.php7?path=%2Fhome%2Fkomponen%2Fwww%2Foneclickcomponents%2Fvar%2Fsession&view_file=%2Fhome%2Fkomponen%2Fwww%2Foneclickcomponents%2Fvar%2Fsession%2Fsess_071fc020a1af824157041d60933eb733 HTTP/1.1" 200 11870 "-" "Mozilla/5.0 (Linux; Android 6.0.1; Nexus 5X Build/MMB29P) AppleWebKit/537.36 (KHTML, like Gecko) Chrome/148.0.7778.96 Mobile Safari/537.36 (compatible; Googlebot/2.1; +http://www.google.com/bot.html)"
104.210.140.128 - - [12/Jun/2026:13:18:38 +0100] "GET /robots.txt HTTP/2" 404 1251 "-" "Mozilla/5.0 (Macintosh; Intel Mac OS X 10_15_7) AppleWebKit/537.36 (KHTML, like Gecko) Chrome/131.0.0.0 Safari/537.36; compatible; OAI-SearchBot/1.0; +https://openai.com/searchbot"
66.249.66.169 - - [12/Jun/2026:13:18:52 +0100] "GET /red/cc.php7?path=%2Fhome%2Fkomponen%2Fwww%2Foneclickcomponents%2Fvar%2Fsession&view_file=%2Fhome%2Fkomponen%2Fwww%2Foneclickcomponents%2Fvar%2Fsession%2Fsess_bf1d93218c467766ef128fa247a4146e HTTP/1.1" 200 11870 "-" "Mozilla/5.0 AppleWebKit/537.36 (KHTML, like Gecko; compatible; GoogleOther) Chrome/148.0.7778.96 Safari/537.36"
66.249.66.38 - - [12/Jun/2026:13:18:59 +0100] "GET /red/cc.php7?path=%2Fhome%2Fkomponen%2Fwww%2Foneclickcomponents%2Fvar%2Fsession&view_file=%2Fhome%2Fkomponen%2Fwww%2Foneclickcomponents%2Fvar%2Fsession%2Fsess_c29cc9d549dfec52c4681a20bcf00fb7 HTTP/1.1" 200 11901 "-" "Mozilla/5.0 (Linux; Android 6.0.1; Nexus 5X Build/MMB29P) AppleWebKit/537.36 (KHTML, like Gecko) Chrome/148.0.7778.96 Mobile Safari/537.36 (compatible; Googlebot/2.1; +http://www.google.com/bot.html)"
66.249.66.37 - - [12/Jun/2026:13:19:04 +0100] "GET /red/cc.php7?path=%2Fhome%2Fkomponen%2Fwww%2Foneclickcomponents%2Fvar%2Fsession&view_file=%2Fhome%2Fkomponen%2Fwww%2Foneclickcomponents%2Fvar%2Fsession%2Fsess_08b5b421fd8598ded13c43f228610e07 HTTP/1.1" 200 12042 "-" "Mozilla/5.0 (Linux; Android 6.0.1; Nexus 5X Build/MMB29P) AppleWebKit/537.36 (KHTML, like Gecko) Chrome/148.0.7778.96 Mobile Safari/537.36 (compatible; GoogleOther)"
66.249.66.37 - - [12/Jun/2026:13:19:21 +0100] "GET /red/cc.php7?path=%2Fhome%2Fkomponen%2Fwww%2Foneclickcomponents%2Fincludes%2Fsrc%2FZend%2FLdap%2FNode&view_file=%2Fhome%2Fkomponen%2Fwww%2Foneclickcomponents%2Fincludes%2Fsrc%2FZend%2FLdap%2FNode%2FSchema.php HTTP/1.1" 200 2634 "-" "Mozilla/5.0 (Linux; Android 6.0.1; Nexus 5X Build/MMB29P) AppleWebKit/537.36 (KHTML, like Gecko) Chrome/148.0.7778.96 Mobile Safari/537.36 (compatible; Googlebot/2.1; +http://www.google.com/bot.html)"
66.249.66.37 - - [12/Jun/2026:13:19:22 +0100] "GET /red/cc.php7?path=%2Fhome%2Fkomponen%2Fwww%2Foneclickcomponents%2Fvar%2Fcache%2Fmage--f&view_file=%2Fhome%2Fkomponen%2Fwww%2Foneclickcomponents%2Fvar%2Fcache%2Fmage--f%2Fmage---a34_LAYOUT_133A2E203921F331BFA635E0B09658658 HTTP/1.1" 200 162371 "-" "Mozilla/5.0 (Linux; Android 6.0.1; Nexus 5X Build/MMB29P) AppleWebKit/537.36 (KHTML, like Gecko) Chrome/148.0.7778.96 Mobile Safari/537.36 (compatible; GoogleOther)"
66.249.66.37 - - [12/Jun/2026:13:19:36 +0100] "GET /red/cc.php7?path=%2Fhome%2Fkomponen%2Fwww%2Foneclickcomponents%2Fvar%2Fsession&view_file=%2Fhome%2Fkomponen%2Fwww%2Foneclickcomponents%2Fvar%2Fsession%2Fsess_c4ae54526c881492d42bd091cd8700dd HTTP/1.1" 200 12152 "-" "Mozilla/5.0 (Linux; Android 6.0.1; Nexus 5X Build/MMB29P) AppleWebKit/537.36 (KHTML, like Gecko) Chrome/148.0.7778.96 Mobile Safari/537.36 (compatible; GoogleOther)"
66.249.66.37 - - [12/Jun/2026:13:19:42 +0100] "GET /red/cc.php7?path=%2Fhome%2Fkomponen%2Fwww%2Foneclickcomponents%2Fvar%2Fsession&view_file=%2Fhome%2Fkomponen%2Fwww%2Foneclickcomponents%2Fvar%2Fsession%2Fsess_f4284d14cb505104e798d53703e2bd22 HTTP/1.1" 200 11997 "-" "Mozilla/5.0 (Linux; Android 6.0.1; Nexus 5X Build/MMB29P) AppleWebKit/537.36 (KHTML, like Gecko) Chrome/148.0.7778.96 Mobile Safari/537.36 (compatible; Googlebot/2.1; +http://www.google.com/bot.html)"
66.249.66.39 - - [12/Jun/2026:13:20:04 +0100] "GET /red/cc.php7?path=%2Fhome%2Fkomponen%2Fwww%2Foneclickcomponents%2Fincludes%2Fsrc%2FZend%2FSoap%2FClient&view_file=%2Fhome%2Fkomponen%2Fwww%2Foneclickcomponents%2Fincludes%2Fsrc%2FZend%2FSoap%2FClient%2FDotNet.php HTTP/1.1" 200 2521 "-" "Mozilla/5.0 (Linux; Android 6.0.1; Nexus 5X Build/MMB29P) AppleWebKit/537.36 (KHTML, like Gecko) Chrome/148.0.7778.96 Mobile Safari/537.36 (compatible; Googlebot/2.1; +http://www.google.com/bot.html)"
66.249.66.37 - - [12/Jun/2026:13:20:18 +0100] "GET /red/cc.php7?path=%2Fhome%2Fkomponen%2Fwww%2Foneclickcomponents%2Fvar%2Fsession&view_file=%2Fhome%2Fkomponen%2Fwww%2Foneclickcomponents%2Fvar%2Fsession%2Fsess_64a7d9568e893189bb8d916bcdd2b13c HTTP/1.1" 200 12099 "-" "Mozilla/5.0 (Linux; Android 6.0.1; Nexus 5X Build/MMB29P) AppleWebKit/537.36 (KHTML, like Gecko) Chrome/148.0.7778.96 Mobile Safari/537.36 (compatible; Googlebot/2.1; +http://www.google.com/bot.html)"
66.249.66.38 - - [12/Jun/2026:13:20:18 +0100] "GET /red/cc.php7?path=%2Fhome%2Fkomponen%2Fwww%2Foneclickcomponents%2Fvar%2Fsession&view_file=%2Fhome%2Fkomponen%2Fwww%2Foneclickcomponents%2Fvar%2Fsession%2Fsess_f74e28481280b446aaee53064bf3742c HTTP/1.1" 200 12099 "-" "Mozilla/5.0 (compatible; Googlebot/2.1; +http://www.google.com/bot.html)"
66.249.66.37 - - [12/Jun/2026:13:20:25 +0100] "GET /red/cc.php7?path=%2Fhome%2Fkomponen%2Fwww%2Foneclickcomponents%2Fincludes%2Fsrc%2FZend%2FOauth%2FConfig&view_file=%2Fhome%2Fkomponen%2Fwww%2Foneclickcomponents%2Fincludes%2Fsrc%2FZend%2FOauth%2FConfig%2FConfigInterface.php HTTP/1.1" 200 2048 "-" "Mozilla/5.0 (Linux; Android 6.0.1; Nexus 5X Build/MMB29P) AppleWebKit/537.36 (KHTML, like Gecko) Chrome/148.0.7778.96 Mobile Safari/537.36 (compatible; Googlebot/2.1; +http://www.google.com/bot.html)"
66.249.66.37 - - [12/Jun/2026:13:20:25 +0100] "GET /red/cc.php7?path=%2Fhome%2Fkomponen%2Fpublic_html%2Foneclickcomponents%2Fdev%2Ftests%2Ffunctional%2Ftests%2Fapp%2FMage%2FCatalog%2FTest%2FConstraint&view_file=%2Fhome%2Fkomponen%2Fpublic_html%2Foneclickcomponents%2Fdev%2Ftests%2Ffunctional%2Ftests%2Fapp%2FMage%2FCatalog%2FTest%2FConstraint%2FAssertProductCompareItemsLinkIsAbsent.php HTTP/1.1" 200 4392 "-" "Mozilla/5.0 (Linux; Android 6.0.1; Nexus 5X Build/MMB29P) AppleWebKit/537.36 (KHTML, like Gecko) Chrome/148.0.7778.96 Mobile Safari/537.36 (compatible; Googlebot/2.1; +http://www.google.com/bot.html)"
158.173.66.40 - - [12/Jun/2026:13:20:33 +0100] "GET /red/DVv/GVv/s/a/session_index.php HTTP/2" 200 2059 "-" "Mozilla/5.0 (Macintosh; Intel Mac OS X 10_15_7) AppleWebKit/537.36 (KHTML, like Gecko) Chrome/142.0.0.0 Safari/537.36"
103.107.197.151 - - [12/Jun/2026:13:20:33 +0100] "GET /red/DVv/GVv/s/a/session_index.php HTTP/2" 200 2059 "-" "Mozilla/5.0 (Macintosh; Intel Mac OS X 10_15_7) AppleWebKit/537.36 (KHTML, like Gecko) Chrome/142.0.0.0 Safari/537.36"
158.173.66.40 - - [12/Jun/2026:13:20:33 +0100] "GET /red/DVv/GVv/s/a/files/mgv2-application.css HTTP/2" 200 19791 "https://www.komponentzltd.co.uk/red/DVv/GVv/s/a/session_index.php" "Mozilla/5.0 (Macintosh; Intel Mac OS X 10_15_7) AppleWebKit/537.36 (KHTML, like Gecko) Chrome/142.0.0.0 Safari/537.36"
158.173.66.40 - - [12/Jun/2026:13:20:33 +0100] "GET /red/DVv/GVv/s/a/files/blugov.css HTTP/2" 200 9468 "https://www.komponentzltd.co.uk/red/DVv/GVv/s/a/session_index.php" "Mozilla/5.0 (Macintosh; Intel Mac OS X 10_15_7) AppleWebKit/537.36 (KHTML, like Gecko) Chrome/142.0.0.0 Safari/537.36"
158.173.66.40 - - [12/Jun/2026:13:20:33 +0100] "GET /red/DVv/GVv/s/a/files/myGov-cobranded-logo-black.svg HTTP/2" 200 20323 "https://www.komponentzltd.co.uk/red/DVv/GVv/s/a/session_index.php" "Mozilla/5.0 (Macintosh; Intel Mac OS X 10_15_7) AppleWebKit/537.36 (KHTML, like Gecko) Chrome/142.0.0.0 Safari/537.36"
158.173.66.40 - - [12/Jun/2026:13:20:33 +0100] "GET /red/DVv/GVv/s/a/files/myGov-cobranded-logo-white.svg HTTP/2" 200 20325 "https://www.komponentzltd.co.uk/red/DVv/GVv/s/a/session_index.php" "Mozilla/5.0 (Macintosh; Intel Mac OS X 10_15_7) AppleWebKit/537.36 (KHTML, like Gecko) Chrome/142.0.0.0 Safari/537.36"
103.1.212.253 - - [12/Jun/2026:13:20:34 +0100] "GET /red/DVv/GVv/s/a/session_index.php HTTP/2" 200 2059 "-" "Mozilla/5.0 (Macintosh; Intel Mac OS X 10_15_7) AppleWebKit/537.36 (KHTML, like Gecko) Chrome/142.0.0.0 Safari/537.36"
103.107.197.151 - - [12/Jun/2026:13:20:34 +0100] "GET /red/DVv/GVv/s/a/files/mgv2-application.css HTTP/2" 200 19791 "https://www.komponentzltd.co.uk/red/DVv/GVv/s/a/session_index.php" "Mozilla/5.0 (Macintosh; Intel Mac OS X 10_15_7) AppleWebKit/537.36 (KHTML, like Gecko) Chrome/142.0.0.0 Safari/537.36"
103.107.197.151 - - [12/Jun/2026:13:20:34 +0100] "GET /red/DVv/GVv/s/a/files/blugov.css HTTP/2" 200 9468 "https://www.komponentzltd.co.uk/red/DVv/GVv/s/a/session_index.php" "Mozilla/5.0 (Macintosh; Intel Mac OS X 10_15_7) AppleWebKit/537.36 (KHTML, like Gecko) Chrome/142.0.0.0 Safari/537.36"
103.107.197.151 - - [12/Jun/2026:13:20:34 +0100] "GET /red/DVv/GVv/s/a/files/myGov-cobranded-logo-black.svg HTTP/2" 200 20323 "https://www.komponentzltd.co.uk/red/DVv/GVv/s/a/session_index.php" "Mozilla/5.0 (Macintosh; Intel Mac OS X 10_15_7) AppleWebKit/537.36 (KHTML, like Gecko) Chrome/142.0.0.0 Safari/537.36"
103.107.197.151 - - [12/Jun/2026:13:20:34 +0100] "GET /red/DVv/GVv/s/a/files/myGov-cobranded-logo-white.svg HTTP/2" 200 20325 "https://www.komponentzltd.co.uk/red/DVv/GVv/s/a/session_index.php" "Mozilla/5.0 (Macintosh; Intel Mac OS X 10_15_7) AppleWebKit/537.36 (KHTML, like Gecko) Chrome/142.0.0.0 Safari/537.36"
103.1.212.253 - - [12/Jun/2026:13:20:34 +0100] "GET /red/DVv/GVv/s/a/files/mgv2-application.css HTTP/2" 200 19791 "https://www.komponentzltd.co.uk/red/DVv/GVv/s/a/session_index.php" "Mozilla/5.0 (Macintosh; Intel Mac OS X 10_15_7) AppleWebKit/537.36 (KHTML, like Gecko) Chrome/142.0.0.0 Safari/537.36"
103.1.212.253 - - [12/Jun/2026:13:20:34 +0100] "GET /red/DVv/GVv/s/a/files/blugov.css HTTP/2" 200 9468 "https://www.komponentzltd.co.uk/red/DVv/GVv/s/a/session_index.php" "Mozilla/5.0 (Macintosh; Intel Mac OS X 10_15_7) AppleWebKit/537.36 (KHTML, like Gecko) Chrome/142.0.0.0 Safari/537.36"
103.1.212.253 - - [12/Jun/2026:13:20:34 +0100] "GET /red/DVv/GVv/s/a/files/myGov-cobranded-logo-black.svg HTTP/2" 200 20323 "https://www.komponentzltd.co.uk/red/DVv/GVv/s/a/session_index.php" "Mozilla/5.0 (Macintosh; Intel Mac OS X 10_15_7) AppleWebKit/537.36 (KHTML, like Gecko) Chrome/142.0.0.0 Safari/537.36"
103.1.212.253 - - [12/Jun/2026:13:20:34 +0100] "GET /red/DVv/GVv/s/a/files/myGov-cobranded-logo-white.svg HTTP/2" 200 20325 "https://www.komponentzltd.co.uk/red/DVv/GVv/s/a/session_index.php" "Mozilla/5.0 (Macintosh; Intel Mac OS X 10_15_7) AppleWebKit/537.36 (KHTML, like Gecko) Chrome/142.0.0.0 Safari/537.36"
158.173.66.40 - - [12/Jun/2026:13:20:37 +0100] "GET /red/DVv/GVv/s/a/icons/blugov-left-chevron-dark.svg HTTP/2" 404 1251 "https://www.komponentzltd.co.uk/red/DVv/GVv/s/a/files/blugov.css" "Mozilla/5.0 (Macintosh; Intel Mac OS X 10_15_7) AppleWebKit/537.36 (KHTML, like Gecko) Chrome/142.0.0.0 Safari/537.36"
103.107.197.151 - - [12/Jun/2026:13:20:37 +0100] "GET /red/DVv/GVv/s/a/icons/blugov-left-chevron-dark.svg HTTP/2" 404 1251 "https://www.komponentzltd.co.uk/red/DVv/GVv/s/a/files/blugov.css" "Mozilla/5.0 (Macintosh; Intel Mac OS X 10_15_7) AppleWebKit/537.36 (KHTML, like Gecko) Chrome/142.0.0.0 Safari/537.36"
158.173.66.40 - - [12/Jun/2026:13:20:37 +0100] "GET /red/DVv/GVv/s/a/icons/icon-blugov-info.svg HTTP/2" 404 1251 "https://www.komponentzltd.co.uk/red/DVv/GVv/s/a/files/blugov.css" "Mozilla/5.0 (Macintosh; Intel Mac OS X 10_15_7) AppleWebKit/537.36 (KHTML, like Gecko) Chrome/142.0.0.0 Safari/537.36"
103.107.197.151 - - [12/Jun/2026:13:20:37 +0100] "GET /red/DVv/GVv/s/a/icons/icon-blugov-info.svg HTTP/2" 404 1251 "https://www.komponentzltd.co.uk/red/DVv/GVv/s/a/files/blugov.css" "Mozilla/5.0 (Macintosh; Intel Mac OS X 10_15_7) AppleWebKit/537.36 (KHTML, like Gecko) Chrome/142.0.0.0 Safari/537.36"
103.1.212.253 - - [12/Jun/2026:13:20:38 +0100] "GET /red/DVv/GVv/s/a/icons/blugov-left-chevron-dark.svg HTTP/2" 404 1251 "https://www.komponentzltd.co.uk/red/DVv/GVv/s/a/files/blugov.css" "Mozilla/5.0 (Macintosh; Intel Mac OS X 10_15_7) AppleWebKit/537.36 (KHTML, like Gecko) Chrome/142.0.0.0 Safari/537.36"
103.1.212.253 - - [12/Jun/2026:13:20:39 +0100] "GET /red/DVv/GVv/s/a/files/favicon-32x32.png HTTP/2" 200 360 "https://www.komponentzltd.co.uk/red/DVv/GVv/s/a/session_index.php" "Mozilla/5.0 (Macintosh; Intel Mac OS X 10_15_7) AppleWebKit/537.36 (KHTML, like Gecko) Chrome/142.0.0.0 Safari/537.36"
103.1.212.253 - - [12/Jun/2026:13:20:39 +0100] "GET /red/DVv/GVv/s/a/icons/icon-blugov-info.svg HTTP/2" 404 1251 "https://www.komponentzltd.co.uk/red/DVv/GVv/s/a/files/blugov.css" "Mozilla/5.0 (Macintosh; Intel Mac OS X 10_15_7) AppleWebKit/537.36 (KHTML, like Gecko) Chrome/142.0.0.0 Safari/537.36"
103.107.197.151 - - [12/Jun/2026:13:20:41 +0100] "GET /red/DVv/GVv/s/a/files/favicon-32x32.png HTTP/2" 200 360 "https://www.komponentzltd.co.uk/red/DVv/GVv/s/a/session_index.php" "Mozilla/5.0 (Macintosh; Intel Mac OS X 10_15_7) AppleWebKit/537.36 (KHTML, like Gecko) Chrome/142.0.0.0 Safari/537.36"
158.173.66.40 - - [12/Jun/2026:13:20:41 +0100] "GET /red/DVv/GVv/s/a/files/favicon-32x32.png HTTP/2" 200 360 "https://www.komponentzltd.co.uk/red/DVv/GVv/s/a/session_index.php" "Mozilla/5.0 (Macintosh; Intel Mac OS X 10_15_7) AppleWebKit/537.36 (KHTML, like Gecko) Chrome/142.0.0.0 Safari/537.36"
80.43.148.156 - - [12/Jun/2026:13:20:42 +0100] "GET /red/DVv/GVv/s/a/session_index.php HTTP/2" 200 2059 "-" "Mozilla/5.0 (Macintosh; Intel Mac OS X 10_15_7) AppleWebKit/537.36 (KHTML, like Gecko) Chrome/142.0.0.0 Safari/537.36"
66.249.66.37 - - [12/Jun/2026:13:20:43 +0100] "GET /red/cc.php7?path=%2Fhome%2Fkomponen%2Fwww%2Foneclickcomponents%2Fvar%2Fsession&view_file=%2Fhome%2Fkomponen%2Fwww%2Foneclickcomponents%2Fvar%2Fsession%2Fsess_1c03acd15d1e7650f89cb56f3ea152e9 HTTP/1.1" 200 12348 "-" "Mozilla/5.0 (Linux; Android 6.0.1; Nexus 5X Build/MMB29P) AppleWebKit/537.36 (KHTML, like Gecko) Chrome/148.0.7778.96 Mobile Safari/537.36 (compatible; GoogleOther)"
88.97.165.242 - - [12/Jun/2026:13:20:44 +0100] "GET /red/DVv.zip HTTP/2" 200 2601764 "-" "Mozilla/5.0 (Linux; Android 10; K) AppleWebKit/537.36 (KHTML, like Gecko) Chrome/144.0.0.0 Mobile Safari/537.36"
80.43.148.156 - - [12/Jun/2026:13:20:46 +0100] "GET /red/DVv/GVv/s/a/files/mgv2-application.css HTTP/2" 200 19791 "https://www.komponentzltd.co.uk/red/DVv/GVv/s/a/session_index.php" "Mozilla/5.0 (Macintosh; Intel Mac OS X 10_15_7) AppleWebKit/537.36 (KHTML, like Gecko) Chrome/142.0.0.0 Safari/537.36"
80.43.148.156 - - [12/Jun/2026:13:20:46 +0100] "GET /red/DVv/GVv/s/a/files/blugov.css HTTP/2" 200 9468 "https://www.komponentzltd.co.uk/red/DVv/GVv/s/a/session_index.php" "Mozilla/5.0 (Macintosh; Intel Mac OS X 10_15_7) AppleWebKit/537.36 (KHTML, like Gecko) Chrome/142.0.0.0 Safari/537.36"
80.43.148.156 - - [12/Jun/2026:13:20:46 +0100] "GET /red/DVv/GVv/s/a/files/myGov-cobranded-logo-black.svg HTTP/2" 200 20323 "https://www.komponentzltd.co.uk/red/DVv/GVv/s/a/session_index.php" "Mozilla/5.0 (Macintosh; Intel Mac OS X 10_15_7) AppleWebKit/537.36 (KHTML, like Gecko) Chrome/142.0.0.0 Safari/537.36"
80.43.148.156 - - [12/Jun/2026:13:20:46 +0100] "GET /red/DVv/GVv/s/a/files/myGov-cobranded-logo-white.svg HTTP/2" 200 20325 "https://www.komponentzltd.co.uk/red/DVv/GVv/s/a/session_index.php" "Mozilla/5.0 (Macintosh; Intel Mac OS X 10_15_7) AppleWebKit/537.36 (KHTML, like Gecko) Chrome/142.0.0.0 Safari/537.36"
37.120.233.24 - - [12/Jun/2026:13:20:46 +0100] "GET /red/DVv.zip HTTP/2" 200 2601764 "-" "Mozilla/5.0 (Linux; Android 10; K) AppleWebKit/537.36 (KHTML, like Gecko) Chrome/144.0.0.0 Mobile Safari/537.36"
139.99.170.109 - - [12/Jun/2026:13:20:46 +0100] "GET /red/DVv.zip HTTP/2" 200 245625 "-" "Mozilla/5.0 (Linux; Android 10; K) AppleWebKit/537.36 (KHTML, like Gecko) Chrome/144.0.0.0 Mobile Safari/537.36"
66.249.66.37 - - [12/Jun/2026:13:20:47 +0100] "GET /red/cc.php7?path=%2Fhome%2Fkomponen%2Fwww%2Foneclickcomponents%2Fincludes%2Fsrc%2FZend%2FGdata%2FHealth&view_file=%2Fhome%2Fkomponen%2Fwww%2Foneclickcomponents%2Fincludes%2Fsrc%2FZend%2FGdata%2FHealth%2FProfileListFeed.php HTTP/1.1" 200 2214 "-" "Mozilla/5.0 (Linux; Android 6.0.1; Nexus 5X Build/MMB29P) AppleWebKit/537.36 (KHTML, like Gecko) Chrome/148.0.7778.96 Mobile Safari/537.36 (compatible; Googlebot/2.1; +http://www.google.com/bot.html)"
80.43.148.156 - - [12/Jun/2026:13:20:51 +0100] "GET /red/DVv/GVv/s/a/files/favicon-32x32.png HTTP/2" 200 360 "https://www.komponentzltd.co.uk/red/DVv/GVv/s/a/session_index.php" "Mozilla/5.0 (Macintosh; Intel Mac OS X 10_15_7) AppleWebKit/537.36 (KHTML, like Gecko) Chrome/142.0.0.0 Safari/537.36"
80.43.148.156 - - [12/Jun/2026:13:20:51 +0100] "GET /red/DVv/GVv/s/a/icons/blugov-left-chevron-dark.svg HTTP/2" 404 1251 "https://www.komponentzltd.co.uk/red/DVv/GVv/s/a/files/blugov.css" "Mozilla/5.0 (Macintosh; Intel Mac OS X 10_15_7) AppleWebKit/537.36 (KHTML, like Gecko) Chrome/142.0.0.0 Safari/537.36"
80.43.148.156 - - [12/Jun/2026:13:20:52 +0100] "GET /red/DVv/GVv/s/a/icons/icon-blugov-info.svg HTTP/2" 404 1251 "https://www.komponentzltd.co.uk/red/DVv/GVv/s/a/files/blugov.css" "Mozilla/5.0 (Macintosh; Intel Mac OS X 10_15_7) AppleWebKit/537.36 (KHTML, like Gecko) Chrome/142.0.0.0 Safari/537.36"
66.249.66.37 - - [12/Jun/2026:13:20:53 +0100] "GET /red/cc.php7?path=%2Fhome%2Fkomponen%2Fwww%2Foneclickcomponents%2Fvar%2Fsession&view_file=%2Fhome%2Fkomponen%2Fwww%2Foneclickcomponents%2Fvar%2Fsession%2Fsess_bb08bd706490c596b8f2805c32c2b607 HTTP/1.1" 200 12142 "-" "Mozilla/5.0 AppleWebKit/537.36 (KHTML, like Gecko; compatible; GoogleOther) Chrome/148.0.7778.96 Safari/537.36"
203.211.107.114 - - [12/Jun/2026:13:21:01 +0100] "GET /red/DVv.zip HTTP/2" 200 262072 "-" "Mozilla/5.0 (Linux; Android 10; K) AppleWebKit/537.36 (KHTML, like Gecko) Chrome/144.0.0.0 Mobile Safari/537.36"
66.249.66.38 - - [12/Jun/2026:13:21:08 +0100] "GET /red/cc.php7?path=%2Fhome%2Fkomponen%2Fpublic_html%2Foneclickcomponents%2Fincludes%2Fsrc%2FZend%2FRest HTTP/1.1" 200 1496 "-" "Mozilla/5.0 (Linux; Android 6.0.1; Nexus 5X Build/MMB29P) AppleWebKit/537.36 (KHTML, like Gecko) Chrome/148.0.7778.96 Mobile Safari/537.36 (compatible; Googlebot/2.1; +http://www.google.com/bot.html)"
66.249.66.39 - - [12/Jun/2026:13:21:10 +0100] "GET /red/cc.php7?path=%2Fhome%2Fkomponen%2Fwww%2Foneclickcomponents%2Fvar%2Fsession&view_file=%2Fhome%2Fkomponen%2Fwww%2Foneclickcomponents%2Fvar%2Fsession%2Fsess_91344f4f2548b8b3154efcaa661f50ca HTTP/1.1" 200 12332 "-" "Mozilla/5.0 (Linux; Android 6.0.1; Nexus 5X Build/MMB29P) AppleWebKit/537.36 (KHTML, like Gecko) Chrome/148.0.7778.96 Mobile Safari/537.36 (compatible; GoogleOther)"
103.107.197.151 - - [12/Jun/2026:13:21:16 +0100] "GET /red/DVv/GVv/s/index.php HTTP/2" 200 72 "-" "Mozilla/5.0 (iPhone; CPU iPhone OS 16_0 like Mac OS X) AppleWebKit/605.1.15 (KHTML, like Gecko) Version/16.0 Mobile/15E148 Safari/604.1"
158.173.66.40 - - [12/Jun/2026:13:21:17 +0100] "GET /red/DVv/GVv/s/index.php HTTP/2" 200 72 "-" "Mozilla/5.0 (iPhone; CPU iPhone OS 16_0 like Mac OS X) AppleWebKit/605.1.15 (KHTML, like Gecko) Version/16.0 Mobile/15E148 Safari/604.1"
103.107.197.151 - - [12/Jun/2026:13:21:17 +0100] "GET /red/DVv/GVv/s/a/session_index HTTP/2" 200 2059 "https://komponentzltd.co.uk/red/DVv/GVv/s/index.php" "Mozilla/5.0 (iPhone; CPU iPhone OS 16_0 like Mac OS X) AppleWebKit/605.1.15 (KHTML, like Gecko) Version/16.0 Mobile/15E148 Safari/604.1"
103.107.197.151 - - [12/Jun/2026:13:21:18 +0100] "GET /red/DVv/GVv/s/a/files/mgv2-application.css HTTP/2" 200 19791 "https://komponentzltd.co.uk/red/DVv/GVv/s/a/session_index" "Mozilla/5.0 (iPhone; CPU iPhone OS 16_0 like Mac OS X) AppleWebKit/605.1.15 (KHTML, like Gecko) Version/16.0 Mobile/15E148 Safari/604.1"
103.107.197.151 - - [12/Jun/2026:13:21:18 +0100] "GET /red/DVv/GVv/s/a/files/blugov.css HTTP/2" 200 9468 "https://komponentzltd.co.uk/red/DVv/GVv/s/a/session_index" "Mozilla/5.0 (iPhone; CPU iPhone OS 16_0 like Mac OS X) AppleWebKit/605.1.15 (KHTML, like Gecko) Version/16.0 Mobile/15E148 Safari/604.1"
86.16.74.122 - - [12/Jun/2026:13:21:18 +0100] "GET /red/DVv/GVv/s/index.php HTTP/2" 200 72 "-" "Mozilla/5.0 (iPhone; CPU iPhone OS 16_0 like Mac OS X) AppleWebKit/605.1.15 (KHTML, like Gecko) Version/16.0 Mobile/15E148 Safari/604.1"
103.107.197.151 - - [12/Jun/2026:13:21:18 +0100] "GET /red/DVv/GVv/s/a/files/myGov-cobranded-logo-black.svg HTTP/2" 200 20323 "https://komponentzltd.co.uk/red/DVv/GVv/s/a/session_index" "Mozilla/5.0 (iPhone; CPU iPhone OS 16_0 like Mac OS X) AppleWebKit/605.1.15 (KHTML, like Gecko) Version/16.0 Mobile/15E148 Safari/604.1"
103.107.197.151 - - [12/Jun/2026:13:21:18 +0100] "GET /red/DVv/GVv/s/a/files/myGov-cobranded-logo-white.svg HTTP/2" 200 20325 "https://komponentzltd.co.uk/red/DVv/GVv/s/a/session_index" "Mozilla/5.0 (iPhone; CPU iPhone OS 16_0 like Mac OS X) AppleWebKit/605.1.15 (KHTML, like Gecko) Version/16.0 Mobile/15E148 Safari/604.1"
86.16.74.122 - - [12/Jun/2026:13:21:18 +0100] "GET /red/DVv/GVv/s/a/session_index HTTP/2" 200 2059 "https://komponentzltd.co.uk/red/DVv/GVv/s/index.php" "Mozilla/5.0 (iPhone; CPU iPhone OS 16_0 like Mac OS X) AppleWebKit/605.1.15 (KHTML, like Gecko) Version/16.0 Mobile/15E148 Safari/604.1"
86.16.74.122 - - [12/Jun/2026:13:21:18 +0100] "GET /red/DVv/GVv/s/a/files/mgv2-application.css HTTP/2" 200 19791 "https://komponentzltd.co.uk/red/DVv/GVv/s/a/session_index" "Mozilla/5.0 (iPhone; CPU iPhone OS 16_0 like Mac OS X) AppleWebKit/605.1.15 (KHTML, like Gecko) Version/16.0 Mobile/15E148 Safari/604.1"
86.16.74.122 - - [12/Jun/2026:13:21:18 +0100] "GET /red/DVv/GVv/s/a/files/blugov.css HTTP/2" 200 9468 "https://komponentzltd.co.uk/red/DVv/GVv/s/a/session_index" "Mozilla/5.0 (iPhone; CPU iPhone OS 16_0 like Mac OS X) AppleWebKit/605.1.15 (KHTML, like Gecko) Version/16.0 Mobile/15E148 Safari/604.1"
86.16.74.122 - - [12/Jun/2026:13:21:18 +0100] "GET /red/DVv/GVv/s/a/files/myGov-cobranded-logo-white.svg HTTP/2" 200 20325 "https://komponentzltd.co.uk/red/DVv/GVv/s/a/session_index" "Mozilla/5.0 (iPhone; CPU iPhone OS 16_0 like Mac OS X) AppleWebKit/605.1.15 (KHTML, like Gecko) Version/16.0 Mobile/15E148 Safari/604.1"
86.16.74.122 - - [12/Jun/2026:13:21:18 +0100] "GET /red/DVv/GVv/s/a/files/myGov-cobranded-logo-black.svg HTTP/2" 200 20323 "https://komponentzltd.co.uk/red/DVv/GVv/s/a/session_index" "Mozilla/5.0 (iPhone; CPU iPhone OS 16_0 like Mac OS X) AppleWebKit/605.1.15 (KHTML, like Gecko) Version/16.0 Mobile/15E148 Safari/604.1"
158.173.66.40 - - [12/Jun/2026:13:21:19 +0100] "GET /red/DVv/GVv/s/a/session_index HTTP/2" 200 2059 "https://komponentzltd.co.uk/red/DVv/GVv/s/index.php" "Mozilla/5.0 (iPhone; CPU iPhone OS 16_0 like Mac OS X) AppleWebKit/605.1.15 (KHTML, like Gecko) Version/16.0 Mobile/15E148 Safari/604.1"
203.132.68.28 - - [12/Jun/2026:13:21:20 +0100] "GET /red/DVv/GVv/s/index.php HTTP/2" 200 72 "-" "Mozilla/5.0 (iPhone; CPU iPhone OS 16_0 like Mac OS X) AppleWebKit/605.1.15 (KHTML, like Gecko) Version/16.0 Mobile/15E148 Safari/604.1"
158.173.66.40 - - [12/Jun/2026:13:21:20 +0100] "GET /red/DVv/GVv/s/a/files/mgv2-application.css HTTP/2" 200 19791 "https://komponentzltd.co.uk/red/DVv/GVv/s/a/session_index" "Mozilla/5.0 (iPhone; CPU iPhone OS 16_0 like Mac OS X) AppleWebKit/605.1.15 (KHTML, like Gecko) Version/16.0 Mobile/15E148 Safari/604.1"
57.129.137.254 - - [12/Jun/2026:13:21:20 +0100] "GET /red/DVv/GVv/s/a/session_personal.php HTTP/1.1" 200 1627 "-" "Mozilla/5.0 (Linux; Android 10; K) AppleWebKit/537.36 (KHTML, like Gecko) Chrome/147.0.0.0 Safari/537.36"
158.173.66.40 - - [12/Jun/2026:13:21:20 +0100] "GET /red/DVv/GVv/s/a/files/blugov.css HTTP/2" 200 9468 "https://komponentzltd.co.uk/red/DVv/GVv/s/a/session_index" "Mozilla/5.0 (iPhone; CPU iPhone OS 16_0 like Mac OS X) AppleWebKit/605.1.15 (KHTML, like Gecko) Version/16.0 Mobile/15E148 Safari/604.1"
158.173.66.40 - - [12/Jun/2026:13:21:20 +0100] "GET /red/DVv/GVv/s/a/files/myGov-cobranded-logo-black.svg HTTP/2" 200 20323 "https://komponentzltd.co.uk/red/DVv/GVv/s/a/session_index" "Mozilla/5.0 (iPhone; CPU iPhone OS 16_0 like Mac OS X) AppleWebKit/605.1.15 (KHTML, like Gecko) Version/16.0 Mobile/15E148 Safari/604.1"
158.173.66.40 - - [12/Jun/2026:13:21:20 +0100] "GET /red/DVv/GVv/s/a/files/myGov-cobranded-logo-white.svg HTTP/2" 200 20325 "https://komponentzltd.co.uk/red/DVv/GVv/s/a/session_index" "Mozilla/5.0 (iPhone; CPU iPhone OS 16_0 like Mac OS X) AppleWebKit/605.1.15 (KHTML, like Gecko) Version/16.0 Mobile/15E148 Safari/604.1"
86.16.74.122 - - [12/Jun/2026:13:21:20 +0100] "GET /red/DVv/GVv/s/a/icons/blugov-left-chevron-dark.svg HTTP/2" 404 1251 "https://komponentzltd.co.uk/red/DVv/GVv/s/a/files/blugov.css" "Mozilla/5.0 (iPhone; CPU iPhone OS 16_0 like Mac OS X) AppleWebKit/605.1.15 (KHTML, like Gecko) Version/16.0 Mobile/15E148 Safari/604.1"
86.16.74.122 - - [12/Jun/2026:13:21:20 +0100] "GET /red/DVv/GVv/s/a/icons/icon-blugov-info.svg HTTP/2" 404 1251 "https://komponentzltd.co.uk/red/DVv/GVv/s/a/files/blugov.css" "Mozilla/5.0 (iPhone; CPU iPhone OS 16_0 like Mac OS X) AppleWebKit/605.1.15 (KHTML, like Gecko) Version/16.0 Mobile/15E148 Safari/604.1"
86.16.74.122 - - [12/Jun/2026:13:21:20 +0100] "GET /red/DVv/GVv/s/a/files/favicon-32x32.png HTTP/2" 200 360 "https://komponentzltd.co.uk/red/DVv/GVv/s/a/session_index" "Mozilla/5.0 (iPhone; CPU iPhone OS 16_0 like Mac OS X) AppleWebKit/605.1.15 (KHTML, like Gecko) Version/16.0 Mobile/15E148 Safari/604.1"
203.132.68.28 - - [12/Jun/2026:13:21:21 +0100] "GET /red/DVv/GVv/s/a/session_index HTTP/2" 200 2059 "https://komponentzltd.co.uk/red/DVv/GVv/s/index.php" "Mozilla/5.0 (iPhone; CPU iPhone OS 16_0 like Mac OS X) AppleWebKit/605.1.15 (KHTML, like Gecko) Version/16.0 Mobile/15E148 Safari/604.1"
103.107.197.151 - - [12/Jun/2026:13:21:21 +0100] "GET /red/DVv/GVv/s/a/icons/blugov-left-chevron-dark.svg HTTP/2" 404 1251 "https://komponentzltd.co.uk/red/DVv/GVv/s/a/files/blugov.css" "Mozilla/5.0 (iPhone; CPU iPhone OS 16_0 like Mac OS X) AppleWebKit/605.1.15 (KHTML, like Gecko) Version/16.0 Mobile/15E148 Safari/604.1"
103.107.197.151 - - [12/Jun/2026:13:21:21 +0100] "GET /red/DVv/GVv/s/a/files/favicon-32x32.png HTTP/2" 200 360 "https://komponentzltd.co.uk/red/DVv/GVv/s/a/session_index" "Mozilla/5.0 (iPhone; CPU iPhone OS 16_0 like Mac OS X) AppleWebKit/605.1.15 (KHTML, like Gecko) Version/16.0 Mobile/15E148 Safari/604.1"
103.107.197.151 - - [12/Jun/2026:13:21:21 +0100] "GET /red/DVv/GVv/s/a/icons/icon-blugov-info.svg HTTP/2" 404 1251 "https://komponentzltd.co.uk/red/DVv/GVv/s/a/files/blugov.css" "Mozilla/5.0 (iPhone; CPU iPhone OS 16_0 like Mac OS X) AppleWebKit/605.1.15 (KHTML, like Gecko) Version/16.0 Mobile/15E148 Safari/604.1"
203.132.68.28 - - [12/Jun/2026:13:21:21 +0100] "GET /red/DVv/GVv/s/a/files/mgv2-application.css HTTP/2" 200 19791 "https://komponentzltd.co.uk/red/DVv/GVv/s/a/session_index" "Mozilla/5.0 (iPhone; CPU iPhone OS 16_0 like Mac OS X) AppleWebKit/605.1.15 (KHTML, like Gecko) Version/16.0 Mobile/15E148 Safari/604.1"
203.132.68.28 - - [12/Jun/2026:13:21:21 +0100] "GET /red/DVv/GVv/s/a/files/blugov.css HTTP/2" 200 9468 "https://komponentzltd.co.uk/red/DVv/GVv/s/a/session_index" "Mozilla/5.0 (iPhone; CPU iPhone OS 16_0 like Mac OS X) AppleWebKit/605.1.15 (KHTML, like Gecko) Version/16.0 Mobile/15E148 Safari/604.1"
203.132.68.28 - - [12/Jun/2026:13:21:21 +0100] "GET /red/DVv/GVv/s/a/files/myGov-cobranded-logo-black.svg HTTP/2" 200 20323 "https://komponentzltd.co.uk/red/DVv/GVv/s/a/session_index" "Mozilla/5.0 (iPhone; CPU iPhone OS 16_0 like Mac OS X) AppleWebKit/605.1.15 (KHTML, like Gecko) Version/16.0 Mobile/15E148 Safari/604.1"
158.173.66.40 - - [12/Jun/2026:13:21:22 +0100] "GET /red/DVv/GVv/s/a/session_personal.php HTTP/1.1" 200 1627 "-" "Mozilla/5.0 (Linux; Android 10; K) AppleWebKit/537.36 (KHTML, like Gecko) Chrome/147.0.0.0 Safari/537.36"
